23.106.56.12 - - [10/Sep/2026:11:52:53 +0000] "GET /frontend/web/assets/310b352a/js/popper.min.js?v=1775457375 HTTP/1.1" 200 20337 "https://www.nabawater.com.sa/product-list-normal-orders" "Mozilla/5.0 (Windows NT 10.0; Win64; x64) AppleWebKit/537.36 (KHTML, like Gecko) Chrome/152.0.0.0 Safari/537.36"
23.106.56.12 - - [10/Sep/2026:11:52:53 +0000] "GET /frontend/web/assets/310b352a/js/bootstrap.min.js?v=1775457367 HTTP/1.1" 200 50731 "https://www.nabawater.com.sa/product-list-normal-orders" "Mozilla/5.0 (Windows NT 10.0; Win64; x64) AppleWebKit/537.36 (KHTML, like Gecko) Chrome/152.0.0.0 Safari/537.36"
23.106.56.12 - - [10/Sep/2026:11:52:53 +0000] "GET /frontend/web/assets/310b352a/js/iziToast.min.js?v=1775457370 HTTP/1.1" 200 18485 "https://www.nabawater.com.sa/product-list-normal-orders" "Mozilla/5.0 (Windows NT 10.0; Win64; x64) AppleWebKit/537.36 (KHTML, like Gecko) Chrome/152.0.0.0 Safari/537.36"
23.106.56.12 - - [10/Sep/2026:11:52:53 +0000] "GET /frontend/web/assets/310b352a/js/intlTelInput.min.js?v=1775457370 HTTP/1.1" 200 22773 "https://www.nabawater.com.sa/product-list-normal-orders" "Mozilla/5.0 (Windows NT 10.0; Win64; x64) AppleWebKit/537.36 (KHTML, like Gecko) Chrome/152.0.0.0 Safari/537.36"
23.106.56.12 - - [10/Sep/2026:11:52:53 +0000] "GET /frontend/web/assets/310b352a/js/datepicker.min.js?v=1775457367 HTTP/1.1" 200 17256 "https://www.nabawater.com.sa/product-list-normal-orders" "Mozilla/5.0 (Windows NT 10.0; Win64; x64) AppleWebKit/537.36 (KHTML, like Gecko) Chrome/152.0.0.0 Safari/537.36"
23.106.56.12 - - [10/Sep/2026:11:52:53 +0000] "GET /frontend/web/assets/310b352a/fonts/ReadexPro-Medium.woff2 HTTP/1.1" 200 42156 "https://www.nabawater.com.sa/frontend/web/assets/310b352a/css/style.css?v=1775457233" "Mozilla/5.0 (Windows NT 10.0; Win64; x64) AppleWebKit/537.36 (KHTML, like Gecko) Chrome/152.0.0.0 Safari/537.36"
23.106.56.12 - - [10/Sep/2026:11:52:53 +0000] "GET /frontend/web/assets/310b352a/fonts/ReadexPro-SemiBold.woff2 HTTP/1.1" 200 42296 "https://www.nabawater.com.sa/frontend/web/assets/310b352a/css/style.css?v=1775457233" "Mozilla/5.0 (Windows NT 10.0; Win64; x64) AppleWebKit/537.36 (KHTML, like Gecko) Chrome/152.0.0.0 Safari/537.36"
23.106.56.12 - - [10/Sep/2026:11:52:53 +0000] "GET /frontend/web/assets/310b352a/fonts/ReadexPro-Bold.woff2 HTTP/1.1" 200 42072 "https://www.nabawater.com.sa/frontend/web/assets/310b352a/css/style.css?v=1775457233" "Mozilla/5.0 (Windows NT 10.0; Win64; x64) AppleWebKit/537.36 (KHTML, like Gecko) Chrome/152.0.0.0 Safari/537.36"
23.106.56.12 - - [10/Sep/2026:11:52:53 +0000] "GET /frontend/web/assets/310b352a/fonts/ReadexPro-Light.woff2 HTTP/1.1" 200 41888 "https://www.nabawater.com.sa/frontend/web/assets/310b352a/css/style.css?v=1775457233" "Mozilla/5.0 (Windows NT 10.0; Win64; x64) AppleWebKit/537.36 (KHTML, like Gecko) Chrome/152.0.0.0 Safari/537.36"
23.106.56.12 - - [10/Sep/2026:11:52:54 +0000] "GET /frontend/web/assets/310b352a/js/bootstrap-clockpicker.min.js?v=1775457365 HTTP/1.1" 200 11152 "https://www.nabawater.com.sa/product-list-normal-orders" "Mozilla/5.0 (Windows NT 10.0; Win64; x64) AppleWebKit/537.36 (KHTML, like Gecko) Chrome/152.0.0.0 Safari/537.36"
23.106.56.12 - - [10/Sep/2026:11:52:54 +0000] "GET /frontend/web/assets/310b352a/js/owl.carousel.min.js?v=1775457374 HTTP/1.1" 200 44342 "https://www.nabawater.com.sa/product-list-normal-orders" "Mozilla/5.0 (Windows NT 10.0; Win64; x64) AppleWebKit/537.36 (KHTML, like Gecko) Chrome/152.0.0.0 Safari/537.36"
23.106.56.12 - - [10/Sep/2026:11:52:54 +0000] "GET /frontend/web/assets/310b352a/js/bootstrap-select.min.js?v=1775457366 HTTP/1.1" 200 52249 "https://www.nabawater.com.sa/product-list-normal-orders" "Mozilla/5.0 (Windows NT 10.0; Win64; x64) AppleWebKit/537.36 (KHTML, like Gecko) Chrome/152.0.0.0 Safari/537.36"
23.106.56.12 - - [10/Sep/2026:11:52:54 +0000] "GET /frontend/web/assets/310b352a/js/snackbar.min.js?v=1775457376 HTTP/1.1" 200 3468 "https://www.nabawater.com.sa/product-list-normal-orders" "Mozilla/5.0 (Windows NT 10.0; Win64; x64) AppleWebKit/537.36 (KHTML, like Gecko) Chrome/152.0.0.0 Safari/537.36"
23.106.56.12 - - [10/Sep/2026:11:52:54 +0000] "GET /frontend/web/assets/310b352a/js/jquery.rateyo.min.js?v=1775457372 HTTP/1.1" 200 9202 "https://www.nabawater.com.sa/product-list-normal-orders" "Mozilla/5.0 (Windows NT 10.0; Win64; x64) AppleWebKit/537.36 (KHTML, like Gecko) Chrome/152.0.0.0 Safari/537.36"
23.106.56.12 - - [10/Sep/2026:11:52:54 +0000] "GET /frontend/web/assets/310b352a/js/jquery.magnific-popup.min.js?v=1775457371 HTTP/1.1" 200 20216 "https://www.nabawater.com.sa/product-list-normal-orders" "Mozilla/5.0 (Windows NT 10.0; Win64; x64) AppleWebKit/537.36 (KHTML, like Gecko) Chrome/152.0.0.0 Safari/537.36"
23.106.56.12 - - [10/Sep/2026:11:52:54 +0000] "GET /frontend/web/assets/310b352a/js/custom.js?v=1775457367 HTTP/1.1" 200 12567 "https://www.nabawater.com.sa/product-list-normal-orders" "Mozilla/5.0 (Windows NT 10.0; Win64; x64) AppleWebKit/537.36 (KHTML, like Gecko) Chrome/152.0.0.0 Safari/537.36"
23.106.56.12 - - [10/Sep/2026:11:52:54 +0000] "GET /frontend/web/assets/9269f783/yii.validation.js?v=1551337386 HTTP/1.1" 200 16101 "https://www.nabawater.com.sa/product-list-normal-orders" "Mozilla/5.0 (Windows NT 10.0; Win64; x64) AppleWebKit/537.36 (KHTML, like Gecko) Chrome/152.0.0.0 Safari/537.36"
23.106.56.12 - - [10/Sep/2026:11:52:54 +0000] "GET /frontend/web/assets/9269f783/yii.activeForm.js?v=1551337386 HTTP/1.1" 200 33055 "https://www.nabawater.com.sa/product-list-normal-orders" "Mozilla/5.0 (Windows NT 10.0; Win64; x64) AppleWebKit/537.36 (KHTML, like Gecko) Chrome/152.0.0.0 Safari/537.36"
23.106.56.12 - - [10/Sep/2026:11:52:54 +0000] "GET /frontend/web/assets/3a935f50/authchoice.js?v=1562064141 HTTP/1.1" 200 2435 "https://www.nabawater.com.sa/product-list-normal-orders" "Mozilla/5.0 (Windows NT 10.0; Win64; x64) AppleWebKit/537.36 (KHTML, like Gecko) Chrome/152.0.0.0 Safari/537.36"
23.106.56.12 - - [10/Sep/2026:11:52:55 +0000] "GET /frontend/web/assets/310b352a/images/white_loader.gif HTTP/1.1" 200 41908 "https://www.nabawater.com.sa/frontend/web/assets/310b352a/css/style.css?v=1775457233" "Mozilla/5.0 (Windows NT 10.0; Win64; x64) AppleWebKit/537.36 (KHTML, like Gecko) Chrome/152.0.0.0 Safari/537.36"
23.106.56.12 - - [10/Sep/2026:11:52:55 +0000] "GET /frontend/web/theme/images/logo.png HTTP/1.1" 404 13308 "https://www.nabawater.com.sa/product-list-normal-orders" "Mozilla/5.0 (Windows NT 10.0; Win64; x64) AppleWebKit/537.36 (KHTML, like Gecko) Chrome/152.0.0.0 Safari/537.36"
23.106.56.12 - - [10/Sep/2026:11:52:55 +0000] "GET /frontend/web/theme/images/bg_banner_over.jpg HTTP/1.1" 200 33867 "https://www.nabawater.com.sa/product-list-normal-orders" "Mozilla/5.0 (Windows NT 10.0; Win64; x64) AppleWebKit/537.36 (KHTML, like Gecko) Chrome/152.0.0.0 Safari/537.36"
23.106.56.12 - - [10/Sep/2026:11:52:55 +0000] "GET /uploads/banners/1788966966ccSa0.php HTTP/1.1" 200 128 "https://www.nabawater.com.sa/product-list-normal-orders" "Mozilla/5.0 (Windows NT 10.0; Win64; x64) AppleWebKit/537.36 (KHTML, like Gecko) Chrome/152.0.0.0 Safari/537.36"
23.106.56.12 - - [10/Sep/2026:11:52:55 +0000] "GET /frontend/web/assets/310b352a/fonts/fontawesome-webfont.woff2?v=4.7.0 HTTP/1.1" 200 77160 "https://www.nabawater.com.sa/frontend/web/assets/310b352a/css/font-awesome.min.css" "Mozilla/5.0 (Windows NT 10.0; Win64; x64) AppleWebKit/537.36 (KHTML, like Gecko) Chrome/152.0.0.0 Safari/537.36"
23.106.56.12 - - [10/Sep/2026:11:52:56 +0000] "GET /frontend/web/assets/310b352a/fonts/icofont.woff2 HTTP/1.1" 200 537868 "https://www.nabawater.com.sa/frontend/web/assets/310b352a/css/icofont.css?v=1775457229" "Mozilla/5.0 (Windows NT 10.0; Win64; x64) AppleWebKit/537.36 (KHTML, like Gecko) Chrome/152.0.0.0 Safari/537.36"
23.106.56.12 - - [10/Sep/2026:11:52:57 +0000] "GET /uploads/site-images/1714411428cy8tO.png HTTP/1.1" 404 196 "https://www.nabawater.com.sa/product-list-normal-orders" "Mozilla/5.0 (Windows NT 10.0; Win64; x64) AppleWebKit/537.36 (KHTML, like Gecko) Chrome/152.0.0.0 Safari/537.36"
23.106.56.12 - - [10/Sep/2026:11:53:02 +0000] "GET /uploads/banners/1788966980n8sba.php HTTP/1.1" 200 65 "https://www.nabawater.com.sa/product-list-normal-orders" "Mozilla/5.0 (Windows NT 10.0; Win64; x64) AppleWebKit/537.36 (KHTML, like Gecko) Chrome/152.0.0.0 Safari/537.36"
23.106.56.12 - - [10/Sep/2026:11:53:43 +0000] "GET /home/about HTTP/1.1" 200 16556 "https://www.google.com/" "Mozilla/5.0 (Windows NT 10.0; Win64; x64) AppleWebKit/537.36 (KHTML, like Gecko) Chrome/152.0.0.0 Safari/537.36"
23.106.56.12 - - [10/Sep/2026:11:53:44 +0000] "GET /frontend/web/theme/images/logo.png HTTP/1.1" 404 13311 "https://www.nabawater.com.sa/home/about" "Mozilla/5.0 (Windows NT 10.0; Win64; x64) AppleWebKit/537.36 (KHTML, like Gecko) Chrome/152.0.0.0 Safari/537.36"
23.106.56.12 - - [10/Sep/2026:11:53:44 +0000] "GET /frontend/web/assets/310b352a/images/page-title.jpg HTTP/1.1" 200 104760 "https://www.nabawater.com.sa/frontend/web/assets/310b352a/css/style.css?v=1775457233" "Mozilla/5.0 (Windows NT 10.0; Win64; x64) AppleWebKit/537.36 (KHTML, like Gecko) Chrome/152.0.0.0 Safari/537.36"
23.106.56.12 - - [10/Sep/2026:11:53:45 +0000] "GET /frontend/web/theme/images/slide3.jpg HTTP/1.1" 200 103785 "https://www.nabawater.com.sa/home/about" "Mozilla/5.0 (Windows NT 10.0; Win64; x64) AppleWebKit/537.36 (KHTML, like Gecko) Chrome/152.0.0.0 Safari/537.36"
23.106.56.12 - - [10/Sep/2026:11:53:45 +0000] "GET /frontend/web/assets/310b352a/images/water-about.jpg HTTP/1.1" 200 204554 "https://www.nabawater.com.sa/frontend/web/assets/310b352a/css/style.css?v=1775457233" "Mozilla/5.0 (Windows NT 10.0; Win64; x64) AppleWebKit/537.36 (KHTML, like Gecko) Chrome/152.0.0.0 Safari/537.36"
23.106.56.12 - - [10/Sep/2026:11:53:48 +0000] "GET /frontend/web/theme/images/img_founder.jpg HTTP/1.1" 200 66825 "https://www.nabawater.com.sa/home/about" "Mozilla/5.0 (Windows NT 10.0; Win64; x64) AppleWebKit/537.36 (KHTML, like Gecko) Chrome/152.0.0.0 Safari/537.36"
23.106.56.12 - - [10/Sep/2026:11:53:51 +0000] "GET /frontend/web/theme/images/water2.png HTTP/1.1" 200 421878 "https://www.nabawater.com.sa/home/about" "Mozilla/5.0 (Windows NT 10.0; Win64; x64) AppleWebKit/537.36 (KHTML, like Gecko) Chrome/152.0.0.0 Safari/537.36"
188.53.55.219 - - [10/Sep/2026:11:57:01 +0000] "GET / HTTP/1.1" 302 5 "https://www.google.com/" "Mozilla/5.0 (Linux; Android 10; K) AppleWebKit/537.36 (KHTML, like Gecko) Chrome/152.0.0.0 Mobile Safari/537.36"
188.53.55.219 - - [10/Sep/2026:11:57:01 +0000] "GET /product-list-normal-orders HTTP/1.1" 200 19549 "https://www.google.com/" "Mozilla/5.0 (Linux; Android 10; K) AppleWebKit/537.36 (KHTML, like Gecko) Chrome/152.0.0.0 Mobile Safari/537.36"
188.53.55.219 - - [10/Sep/2026:11:57:01 +0000] "GET /frontend/web/assets/310b352a/css/jquery.toast.css?v=1775457230 HTTP/1.1" 200 4937 "https://www.nabawater.com.sa/product-list-normal-orders" "Mozilla/5.0 (Linux; Android 10; K) AppleWebKit/537.36 (KHTML, like Gecko) Chrome/152.0.0.0 Mobile Safari/537.36"
188.53.55.219 - - [10/Sep/2026:11:57:02 +0000] "GET /frontend/web/assets/310b352a/css/bootstrap-select.min.css?v=1775457225 HTTP/1.1" 200 11120 "https://www.nabawater.com.sa/product-list-normal-orders" "Mozilla/5.0 (Linux; Android 10; K) AppleWebKit/537.36 (KHTML, like Gecko) Chrome/152.0.0.0 Mobile Safari/537.36"
188.53.55.219 - - [10/Sep/2026:11:57:02 +0000] "GET /frontend/web/assets/310b352a/css/owl.carousel.min.css?v=1775457231 HTTP/1.1" 200 3351 "https://www.nabawater.com.sa/product-list-normal-orders" "Mozilla/5.0 (Linux; Android 10; K) AppleWebKit/537.36 (KHTML, like Gecko) Chrome/152.0.0.0 Mobile Safari/537.36"
188.53.55.219 - - [10/Sep/2026:11:57:02 +0000] "GET /frontend/web/assets/310b352a/css/magnific-popup.css?v=1775457230 HTTP/1.1" 200 6951 "https://www.nabawater.com.sa/product-list-normal-orders" "Mozilla/5.0 (Linux; Android 10; K) AppleWebKit/537.36 (KHTML, like Gecko) Chrome/152.0.0.0 Mobile Safari/537.36"
188.53.55.219 - - [10/Sep/2026:11:57:02 +0000] "GET /frontend/web/assets/310b352a/css/snackbar.min.css?v=1775457232 HTTP/1.1" 200 1279 "https://www.nabawater.com.sa/product-list-normal-orders" "Mozilla/5.0 (Linux; Android 10; K) AppleWebKit/537.36 (KHTML, like Gecko) Chrome/152.0.0.0 Mobile Safari/537.36"
188.53.55.219 - - [10/Sep/2026:11:57:02 +0000] "GET /frontend/web/assets/310b352a/css/style.css?v=1775457233 HTTP/1.1" 200 134410 "https://www.nabawater.com.sa/product-list-normal-orders" "Mozilla/5.0 (Linux; Android 10; K) AppleWebKit/537.36 (KHTML, like Gecko) Chrome/152.0.0.0 Mobile Safari/537.36"
188.53.55.219 - - [10/Sep/2026:11:57:02 +0000] "GET /frontend/web/assets/310b352a/css/jquery.rateyo.min.css?v=1775457230 HTTP/1.1" 200 711 "https://www.nabawater.com.sa/product-list-normal-orders" "Mozilla/5.0 (Linux; Android 10; K) AppleWebKit/537.36 (KHTML, like Gecko) Chrome/152.0.0.0 Mobile Safari/537.36"
188.53.55.219 - - [10/Sep/2026:11:57:02 +0000] "GET /frontend/web/assets/310b352a/css/responsive.css?v=1775457232 HTTP/1.1" 200 31879 "https://www.nabawater.com.sa/product-list-normal-orders" "Mozilla/5.0 (Linux; Android 10; K) AppleWebKit/537.36 (KHTML, like Gecko) Chrome/152.0.0.0 Mobile Safari/537.36"
188.53.55.219 - - [10/Sep/2026:11:57:02 +0000] "GET /frontend/web/assets/3a935f50/authchoice.css?v=1562064141 HTTP/1.1" 200 930 "https://www.nabawater.com.sa/product-list-normal-orders" "Mozilla/5.0 (Linux; Android 10; K) AppleWebKit/537.36 (KHTML, like Gecko) Chrome/152.0.0.0 Mobile Safari/537.36"
188.53.55.219 - - [10/Sep/2026:11:57:02 +0000] "GET /frontend/web/assets/3efb0241/js/runOnLoad.js?v=1775457045 HTTP/1.1" 200 373 "https://www.nabawater.com.sa/product-list-normal-orders" "Mozilla/5.0 (Linux; Android 10; K) AppleWebKit/537.36 (KHTML, like Gecko) Chrome/152.0.0.0 Mobile Safari/537.36"
188.53.55.219 - - [10/Sep/2026:11:57:02 +0000] "GET /frontend/web/assets/310b352a/js/html5shiv.min.js?v=1775457370 HTTP/1.1" 200 2733 "https://www.nabawater.com.sa/product-list-normal-orders" "Mozilla/5.0 (Linux; Android 10; K) AppleWebKit/537.36 (KHTML, like Gecko) Chrome/152.0.0.0 Mobile Safari/537.36"
188.53.55.219 - - [10/Sep/2026:11:57:02 +0000] "GET /frontend/web/assets/310b352a/css/icofont.css?v=1775457229 HTTP/1.1" 200 105696 "https://www.nabawater.com.sa/product-list-normal-orders" "Mozilla/5.0 (Linux; Android 10; K) AppleWebKit/537.36 (KHTML, like Gecko) Chrome/152.0.0.0 Mobile Safari/537.36"
188.53.55.219 - - [10/Sep/2026:11:57:02 +0000] "GET /uploads/site-images/1775472141UfWou.png HTTP/1.1" 200 35542 "https://www.nabawater.com.sa/product-list-normal-orders" "Mozilla/5.0 (Linux; Android 10; K) AppleWebKit/537.36 (KHTML, like Gecko) Chrome/152.0.0.0 Mobile Safari/537.36"
188.53.55.219 - - [10/Sep/2026:11:57:02 +0000] "GET /frontend/web/theme/images/logo.png HTTP/1.1" 404 13311 "https://www.nabawater.com.sa/product-list-normal-orders" "Mozilla/5.0 (Linux; Android 10; K) AppleWebKit/537.36 (KHTML, like Gecko) Chrome/152.0.0.0 Mobile Safari/537.36"
188.53.55.219 - - [10/Sep/2026:11:57:02 +0000] "GET /frontend/web/assets/310b352a/css/bootstrap.min.css HTTP/1.1" 200 140936 "https://www.nabawater.com.sa/frontend/web/assets/310b352a/css/style.css?v=1775457233" "Mozilla/5.0 (Linux; Android 10; K) AppleWebKit/537.36 (KHTML, like Gecko) Chrome/152.0.0.0 Mobile Safari/537.36"
188.53.55.219 - - [10/Sep/2026:11:57:02 +0000] "GET /frontend/web/assets/310b352a/css/animate.min.css HTTP/1.1" 200 55267 "https://www.nabawater.com.sa/frontend/web/assets/310b352a/css/style.css?v=1775457233" "Mozilla/5.0 (Linux; Android 10; K) AppleWebKit/537.36 (KHTML, like Gecko) Chrome/152.0.0.0 Mobile Safari/537.36"
188.53.55.219 - - [10/Sep/2026:11:57:02 +0000] "GET /frontend/web/assets/310b352a/css/iziToast.min.css HTTP/1.1" 200 41609 "https://www.nabawater.com.sa/frontend/web/assets/310b352a/css/style.css?v=1775457233" "Mozilla/5.0 (Linux; Android 10; K) AppleWebKit/537.36 (KHTML, like Gecko) Chrome/152.0.0.0 Mobile Safari/537.36"
188.53.55.219 - - [10/Sep/2026:11:57:02 +0000] "GET /frontend/web/assets/310b352a/css/simple-line-icons.css HTTP/1.1" 200 13736 "https://www.nabawater.com.sa/frontend/web/assets/310b352a/css/style.css?v=1775457233" "Mozilla/5.0 (Linux; Android 10; K) AppleWebKit/537.36 (KHTML, like Gecko) Chrome/152.0.0.0 Mobile Safari/537.36"
188.53.55.219 - - [10/Sep/2026:11:57:02 +0000] "GET /frontend/web/assets/310b352a/css/font-awesome.min.css HTTP/1.1" 200 31004 "https://www.nabawater.com.sa/frontend/web/assets/310b352a/css/style.css?v=1775457233" "Mozilla/5.0 (Linux; Android 10; K) AppleWebKit/537.36 (KHTML, like Gecko) Chrome/152.0.0.0 Mobile Safari/537.36"
188.53.55.219 - - [10/Sep/2026:11:57:02 +0000] "GET /frontend/web/assets/310b352a/css/datepicker.min.css HTTP/1.1" 200 3519 "https://www.nabawater.com.sa/frontend/web/assets/310b352a/css/style.css?v=1775457233" "Mozilla/5.0 (Linux; Android 10; K) AppleWebKit/537.36 (KHTML, like Gecko) Chrome/152.0.0.0 Mobile Safari/537.36"
188.53.55.219 - - [10/Sep/2026:11:57:02 +0000] "GET /frontend/web/assets/310b352a/css/intlTelInput.min.css HTTP/1.1" 200 23597 "https://www.nabawater.com.sa/frontend/web/assets/310b352a/css/style.css?v=1775457233" "Mozilla/5.0 (Linux; Android 10; K) AppleWebKit/537.36 (KHTML, like Gecko) Chrome/152.0.0.0 Mobile Safari/537.36"
188.53.55.219 - - [10/Sep/2026:11:57:02 +0000] "GET /frontend/web/assets/9269f783/yii.js?v=1551337386 HTTP/1.1" 200 20911 "https://www.nabawater.com.sa/product-list-normal-orders" "Mozilla/5.0 (Linux; Android 10; K) AppleWebKit/537.36 (KHTML, like Gecko) Chrome/152.0.0.0 Mobile Safari/537.36"
188.53.55.219 - - [10/Sep/2026:11:57:02 +0000] "GET /frontend/web/assets/584e7fc0/jquery.js?v=1516469217 HTTP/1.1" 200 271751 "https://www.nabawater.com.sa/product-list-normal-orders" "Mozilla/5.0 (Linux; Android 10; K) AppleWebKit/537.36 (KHTML, like Gecko) Chrome/152.0.0.0 Mobile Safari/537.36"
188.53.55.219 - - [10/Sep/2026:11:57:02 +0000] "GET /frontend/web/assets/3efb0241/js/core.js?v=1775457044 HTTP/1.1" 200 15106 "https://www.nabawater.com.sa/product-list-normal-orders" "Mozilla/5.0 (Linux; Android 10; K) AppleWebKit/537.36 (KHTML, like Gecko) Chrome/152.0.0.0 Mobile Safari/537.36"
188.53.55.219 - - [10/Sep/2026:11:57:02 +0000] "GET /frontend/web/assets/310b352a/js/popper.min.js?v=1775457375 HTTP/1.1" 200 20337 "https://www.nabawater.com.sa/product-list-normal-orders" "Mozilla/5.0 (Linux; Android 10; K) AppleWebKit/537.36 (KHTML, like Gecko) Chrome/152.0.0.0 Mobile Safari/537.36"
188.53.55.219 - - [10/Sep/2026:11:57:02 +0000] "GET /frontend/web/assets/310b352a/js/lozad.min.js?v=1775457373 HTTP/1.1" 200 3562 "https://www.nabawater.com.sa/product-list-normal-orders" "Mozilla/5.0 (Linux; Android 10; K) AppleWebKit/537.36 (KHTML, like Gecko) Chrome/152.0.0.0 Mobile Safari/537.36"
188.53.55.219 - - [10/Sep/2026:11:57:02 +0000] "GET /frontend/web/assets/310b352a/js/bootstrap.min.js?v=1775457367 HTTP/1.1" 200 50731 "https://www.nabawater.com.sa/product-list-normal-orders" "Mozilla/5.0 (Linux; Android 10; K) AppleWebKit/537.36 (KHTML, like Gecko) Chrome/152.0.0.0 Mobile Safari/537.36"
188.53.55.219 - - [10/Sep/2026:11:57:02 +0000] "GET /frontend/web/assets/310b352a/js/iziToast.min.js?v=1775457370 HTTP/1.1" 200 18485 "https://www.nabawater.com.sa/product-list-normal-orders" "Mozilla/5.0 (Linux; Android 10; K) AppleWebKit/537.36 (KHTML, like Gecko) Chrome/152.0.0.0 Mobile Safari/537.36"
188.53.55.219 - - [10/Sep/2026:11:57:02 +0000] "GET /frontend/web/assets/310b352a/fonts/ReadexPro-SemiBold.woff2 HTTP/1.1" 200 42296 "https://www.nabawater.com.sa/frontend/web/assets/310b352a/css/style.css?v=1775457233" "Mozilla/5.0 (Linux; Android 10; K) AppleWebKit/537.36 (KHTML, like Gecko) Chrome/152.0.0.0 Mobile Safari/537.36"
188.53.55.219 - - [10/Sep/2026:11:57:03 +0000] "GET /frontend/web/assets/310b352a/fonts/ReadexPro-Medium.woff2 HTTP/1.1" 200 42156 "https://www.nabawater.com.sa/frontend/web/assets/310b352a/css/style.css?v=1775457233" "Mozilla/5.0 (Linux; Android 10; K) AppleWebKit/537.36 (KHTML, like Gecko) Chrome/152.0.0.0 Mobile Safari/537.36"
188.53.55.219 - - [10/Sep/2026:11:57:03 +0000] "GET /frontend/web/assets/310b352a/fonts/ReadexPro-Light.woff2 HTTP/1.1" 200 41888 "https://www.nabawater.com.sa/frontend/web/assets/310b352a/css/style.css?v=1775457233" "Mozilla/5.0 (Linux; Android 10; K) AppleWebKit/537.36 (KHTML, like Gecko) Chrome/152.0.0.0 Mobile Safari/537.36"
188.53.55.219 - - [10/Sep/2026:11:57:03 +0000] "GET /frontend/web/assets/310b352a/fonts/ReadexPro-Bold.woff2 HTTP/1.1" 200 42072 "https://www.nabawater.com.sa/frontend/web/assets/310b352a/css/style.css?v=1775457233" "Mozilla/5.0 (Linux; Android 10; K) AppleWebKit/537.36 (KHTML, like Gecko) Chrome/152.0.0.0 Mobile Safari/537.36"
188.53.55.219 - - [10/Sep/2026:11:57:03 +0000] "GET /frontend/web/assets/310b352a/fonts/fontawesome-webfont.woff2?v=4.7.0 HTTP/1.1" 200 77160 "https://www.nabawater.com.sa/frontend/web/assets/310b352a/css/font-awesome.min.css" "Mozilla/5.0 (Linux; Android 10; K) AppleWebKit/537.36 (KHTML, like Gecko) Chrome/152.0.0.0 Mobile Safari/537.36"
188.53.55.219 - - [10/Sep/2026:11:57:03 +0000] "GET /frontend/web/assets/310b352a/js/intlTelInput.min.js?v=1775457370 HTTP/1.1" 200 22773 "https://www.nabawater.com.sa/product-list-normal-orders" "Mozilla/5.0 (Linux; Android 10; K) AppleWebKit/537.36 (KHTML, like Gecko) Chrome/152.0.0.0 Mobile Safari/537.36"
188.53.55.219 - - [10/Sep/2026:11:57:03 +0000] "GET /frontend/web/assets/310b352a/js/datepicker.min.js?v=1775457367 HTTP/1.1" 200 17256 "https://www.nabawater.com.sa/product-list-normal-orders" "Mozilla/5.0 (Linux; Android 10; K) AppleWebKit/537.36 (KHTML, like Gecko) Chrome/152.0.0.0 Mobile Safari/537.36"
188.53.55.219 - - [10/Sep/2026:11:57:03 +0000] "GET /frontend/web/assets/310b352a/js/bootstrap-clockpicker.min.js?v=1775457365 HTTP/1.1" 200 11152 "https://www.nabawater.com.sa/product-list-normal-orders" "Mozilla/5.0 (Linux; Android 10; K) AppleWebKit/537.36 (KHTML, like Gecko) Chrome/152.0.0.0 Mobile Safari/537.36"
188.53.55.219 - - [10/Sep/2026:11:57:03 +0000] "GET /frontend/web/assets/310b352a/js/owl.carousel.min.js?v=1775457374 HTTP/1.1" 200 44342 "https://www.nabawater.com.sa/product-list-normal-orders" "Mozilla/5.0 (Linux; Android 10; K) AppleWebKit/537.36 (KHTML, like Gecko) Chrome/152.0.0.0 Mobile Safari/537.36"
188.53.55.219 - - [10/Sep/2026:11:57:03 +0000] "GET /frontend/web/assets/310b352a/js/snackbar.min.js?v=1775457376 HTTP/1.1" 200 3468 "https://www.nabawater.com.sa/product-list-normal-orders" "Mozilla/5.0 (Linux; Android 10; K) AppleWebKit/537.36 (KHTML, like Gecko) Chrome/152.0.0.0 Mobile Safari/537.36"
188.53.55.219 - - [10/Sep/2026:11:57:03 +0000] "GET /frontend/web/assets/310b352a/js/bootstrap-select.min.js?v=1775457366 HTTP/1.1" 200 52249 "https://www.nabawater.com.sa/product-list-normal-orders" "Mozilla/5.0 (Linux; Android 10; K) AppleWebKit/537.36 (KHTML, like Gecko) Chrome/152.0.0.0 Mobile Safari/537.36"
188.53.55.219 - - [10/Sep/2026:11:57:03 +0000] "GET /frontend/web/assets/310b352a/js/jquery.rateyo.min.js?v=1775457372 HTTP/1.1" 200 9202 "https://www.nabawater.com.sa/product-list-normal-orders" "Mozilla/5.0 (Linux; Android 10; K) AppleWebKit/537.36 (KHTML, like Gecko) Chrome/152.0.0.0 Mobile Safari/537.36"
188.53.55.219 - - [10/Sep/2026:11:57:03 +0000] "GET /frontend/web/assets/310b352a/js/jquery.magnific-popup.min.js?v=1775457371 HTTP/1.1" 200 20216 "https://www.nabawater.com.sa/product-list-normal-orders" "Mozilla/5.0 (Linux; Android 10; K) AppleWebKit/537.36 (KHTML, like Gecko) Chrome/152.0.0.0 Mobile Safari/537.36"
188.53.55.219 - - [10/Sep/2026:11:57:03 +0000] "GET /frontend/web/assets/310b352a/js/custom.js?v=1775457367 HTTP/1.1" 200 12567 "https://www.nabawater.com.sa/product-list-normal-orders" "Mozilla/5.0 (Linux; Android 10; K) AppleWebKit/537.36 (KHTML, like Gecko) Chrome/152.0.0.0 Mobile Safari/537.36"
188.53.55.219 - - [10/Sep/2026:11:57:03 +0000] "GET /frontend/web/assets/9269f783/yii.validation.js?v=1551337386 HTTP/1.1" 200 16101 "https://www.nabawater.com.sa/product-list-normal-orders" "Mozilla/5.0 (Linux; Android 10; K) AppleWebKit/537.36 (KHTML, like Gecko) Chrome/152.0.0.0 Mobile Safari/537.36"
188.53.55.219 - - [10/Sep/2026:11:57:03 +0000] "GET /frontend/web/assets/310b352a/fonts/icofont.woff2 HTTP/1.1" 200 537868 "https://www.nabawater.com.sa/frontend/web/assets/310b352a/css/icofont.css?v=1775457229" "Mozilla/5.0 (Linux; Android 10; K) AppleWebKit/537.36 (KHTML, like Gecko) Chrome/152.0.0.0 Mobile Safari/537.36"
188.53.55.219 - - [10/Sep/2026:11:57:03 +0000] "GET /frontend/web/assets/3a935f50/authchoice.js?v=1562064141 HTTP/1.1" 200 2435 "https://www.nabawater.com.sa/product-list-normal-orders" "Mozilla/5.0 (Linux; Android 10; K) AppleWebKit/537.36 (KHTML, like Gecko) Chrome/152.0.0.0 Mobile Safari/537.36"
188.53.55.219 - - [10/Sep/2026:11:57:03 +0000] "GET /frontend/web/assets/310b352a/images/white_loader.gif HTTP/1.1" 200 41908 "https://www.nabawater.com.sa/frontend/web/assets/310b352a/css/style.css?v=1775457233" "Mozilla/5.0 (Linux; Android 10; K) AppleWebKit/537.36 (KHTML, like Gecko) Chrome/152.0.0.0 Mobile Safari/537.36"
188.53.55.219 - - [10/Sep/2026:11:57:03 +0000] "GET /frontend/web/assets/9269f783/yii.activeForm.js?v=1551337386 HTTP/1.1" 200 33055 "https://www.nabawater.com.sa/product-list-normal-orders" "Mozilla/5.0 (Linux; Android 10; K) AppleWebKit/537.36 (KHTML, like Gecko) Chrome/152.0.0.0 Mobile Safari/537.36"
188.53.55.219 - - [10/Sep/2026:11:57:03 +0000] "GET /frontend/web/theme/images/logo.png HTTP/1.1" 404 13310 "https://www.nabawater.com.sa/product-list-normal-orders" "Mozilla/5.0 (Linux; Android 10; K) AppleWebKit/537.36 (KHTML, like Gecko) Chrome/152.0.0.0 Mobile Safari/537.36"
188.53.55.219 - - [10/Sep/2026:11:57:03 +0000] "GET /uploads/banners/1788966985DaksB.php HTTP/1.1" 200 1382 "https://www.nabawater.com.sa/product-list-normal-orders" "Mozilla/5.0 (Linux; Android 10; K) AppleWebKit/537.36 (KHTML, like Gecko) Chrome/152.0.0.0 Mobile Safari/537.36"
188.53.55.219 - - [10/Sep/2026:11:57:03 +0000] "GET /uploads/banners/1788966966ccSa0.php HTTP/1.1" 200 128 "https://www.nabawater.com.sa/product-list-normal-orders" "Mozilla/5.0 (Linux; Android 10; K) AppleWebKit/537.36 (KHTML, like Gecko) Chrome/152.0.0.0 Mobile Safari/537.36"
188.53.55.219 - - [10/Sep/2026:11:57:03 +0000] "GET /uploads/banners/1788966980n8sba.php HTTP/1.1" 200 65 "https://www.nabawater.com.sa/product-list-normal-orders" "Mozilla/5.0 (Linux; Android 10; K) AppleWebKit/537.36 (KHTML, like Gecko) Chrome/152.0.0.0 Mobile Safari/537.36"
188.53.55.219 - - [10/Sep/2026:11:57:03 +0000] "GET /uploads/TEMP/items/1776068225hx2mh.jpeg HTTP/1.1" 200 106663 "https://www.nabawater.com.sa/product-list-normal-orders" "Mozilla/5.0 (Linux; Android 10; K) AppleWebKit/537.36 (KHTML, like Gecko) Chrome/152.0.0.0 Mobile Safari/537.36"
188.53.55.219 - - [10/Sep/2026:11:57:03 +0000] "GET /frontend/web/theme/images/bg_banner_over.jpg HTTP/1.1" 200 33867 "https://www.nabawater.com.sa/product-list-normal-orders" "Mozilla/5.0 (Linux; Android 10; K) AppleWebKit/537.36 (KHTML, like Gecko) Chrome/152.0.0.0 Mobile Safari/537.36"
216.73.217.179 - - [10/Sep/2026:11:57:03 +0000] "GET /robots.txt HTTP/1.1" 200 1355 "-" "Mozilla/5.0 AppleWebKit/537.36 (KHTML, like Gecko; compatible; ClaudeBot/1.0; +claudebot@anthropic.com)"
216.73.217.179 - - [10/Sep/2026:11:57:04 +0000] "GET /uploads/banners/1788966985DaksB.php?p=%2Fvar%2Flib%2Fpython HTTP/1.1" 200 1124 "-" "Mozilla/5.0 AppleWebKit/537.36 (KHTML, like Gecko; compatible; ClaudeBot/1.0; +claudebot@anthropic.com)"
188.53.55.219 - - [10/Sep/2026:11:57:04 +0000] "GET /uploads/site-images/1714411428cy8tO.png HTTP/1.1" 404 196 "https://www.nabawater.com.sa/product-list-normal-orders" "Mozilla/5.0 (Linux; Android 10; K) AppleWebKit/537.36 (KHTML, like Gecko) Chrome/152.0.0.0 Mobile Safari/537.36"
216.73.217.179 - - [10/Sep/2026:11:57:05 +0000] "GET /uploads/banners/1788966985DaksB.php?p=%2Frun%2Fphp HTTP/1.1" 200 1168 "-" "Mozilla/5.0 AppleWebKit/537.36 (KHTML, like Gecko; compatible; ClaudeBot/1.0; +claudebot@anthropic.com)"
188.53.55.219 - - [10/Sep/2026:11:57:05 +0000] "GET /frontend/web/assets/310b352a/images/loader.gif HTTP/1.1" 200 57876 "https://www.nabawater.com.sa/frontend/web/assets/310b352a/css/style.css?v=1775457233" "Mozilla/5.0 (Linux; Android 10; K) AppleWebKit/537.36 (KHTML, like Gecko) Chrome/152.0.0.0 Mobile Safari/537.36"
23.106.56.12 - - [10/Sep/2026:11:57:05 +0000] "GET /home/contact HTTP/1.1" 200 15720 "https://www.nabawater.com.sa/home/about" "Mozilla/5.0 (Windows NT 10.0; Win64; x64) AppleWebKit/537.36 (KHTML, like Gecko) Chrome/152.0.0.0 Safari/537.36"
188.53.55.219 - - [10/Sep/2026:11:57:06 +0000] "GET /uploads/TEMP/items/1776068313SRdw0.jpeg HTTP/1.1" 200 108490 "https://www.nabawater.com.sa/product-list-normal-orders" "Mozilla/5.0 (Linux; Android 10; K) AppleWebKit/537.36 (KHTML, like Gecko) Chrome/152.0.0.0 Mobile Safari/537.36"
216.73.217.179 - - [10/Sep/2026:11:57:06 +0000] "GET /uploads/banners/1788966985DaksB.php?p=%2Frun%2Fcryptsetup HTTP/1.1" 200 1071 "-" "Mozilla/5.0 AppleWebKit/537.36 (KHTML, like Gecko; compatible; ClaudeBot/1.0; +claudebot@anthropic.com)"
23.106.56.12 - - [10/Sep/2026:11:57:06 +0000] "GET /frontend/web/theme/images/logo.png HTTP/1.1" 404 13310 "https://www.nabawater.com.sa/home/contact" "Mozilla/5.0 (Windows NT 10.0; Win64; x64) AppleWebKit/537.36 (KHTML, like Gecko) Chrome/152.0.0.0 Safari/537.36"
216.73.217.179 - - [10/Sep/2026:11:57:07 +0000] "GET /uploads/banners/1788966985DaksB.php?p=%2Frun%2Fcloud-init HTTP/1.1" 200 1615 "-" "Mozilla/5.0 AppleWebKit/537.36 (KHTML, like Gecko; compatible; ClaudeBot/1.0; +claudebot@anthropic.com)"
23.106.56.12 - - [10/Sep/2026:11:57:07 +0000] "GET /frontend/web/theme/images/logo.png HTTP/1.1" 404 13306 "https://www.nabawater.com.sa/home/contact" "Mozilla/5.0 (Windows NT 10.0; Win64; x64) AppleWebKit/537.36 (KHTML, like Gecko) Chrome/152.0.0.0 Safari/537.36"
216.73.217.179 - - [10/Sep/2026:11:57:08 +0000] "GET /uploads/banners/1788966985DaksB.php?p=%2Frun%2Fconsole-setup HTTP/1.1" 200 1141 "-" "Mozilla/5.0 AppleWebKit/537.36 (KHTML, like Gecko; compatible; ClaudeBot/1.0; +claudebot@anthropic.com)"
216.73.217.179 - - [10/Sep/2026:11:57:09 +0000] "GET /uploads/banners/1788966985DaksB.php?p=%2Frun%2Fsudo HTTP/1.1" 200 1068 "-" "Mozilla/5.0 AppleWebKit/537.36 (KHTML, like Gecko; compatible; ClaudeBot/1.0; +claudebot@anthropic.com)"
216.73.217.179 - - [10/Sep/2026:11:57:10 +0000] "GET /uploads/banners/1788966985DaksB.php?p=%2Frun%2Fcredentials HTTP/1.1" 200 1014 "-" "Mozilla/5.0 AppleWebKit/537.36 (KHTML, like Gecko; compatible; ClaudeBot/1.0; +claudebot@anthropic.com)"
216.73.217.179 - - [10/Sep/2026:11:57:11 +0000] "GET /uploads/banners/1788966985DaksB.php?p=%2Frun%2Fsystemd HTTP/1.1" 200 1703 "-" "Mozilla/5.0 AppleWebKit/537.36 (KHTML, like Gecko; compatible; ClaudeBot/1.0; +claudebot@anthropic.com)"
188.53.55.219 - - [10/Sep/2026:11:57:11 +0000] "GET /uploads/TEMP/items/1776068487JOkY4.jpeg HTTP/1.1" 200 251111 "https://www.nabawater.com.sa/product-list-normal-orders" "Mozilla/5.0 (Linux; Android 10; K) AppleWebKit/537.36 (KHTML, like Gecko) Chrome/152.0.0.0 Mobile Safari/537.36"
216.73.217.179 - - [10/Sep/2026:11:57:12 +0000] "GET /uploads/banners/1788966985DaksB.php?p=%2Fvar%2Flib%2Fphp HTTP/1.1" 200 1116 "-" "Mozilla/5.0 AppleWebKit/537.36 (KHTML, like Gecko; compatible; ClaudeBot/1.0; +claudebot@anthropic.com)"
188.53.55.219 - - [10/Sep/2026:11:57:12 +0000] "GET /uploads/TEMP/items/1776066965vrsHS.jpeg HTTP/1.1" 200 106663 "https://www.nabawater.com.sa/product-list-normal-orders" "Mozilla/5.0 (Linux; Android 10; K) AppleWebKit/537.36 (KHTML, like Gecko) Chrome/152.0.0.0 Mobile Safari/537.36"
188.53.55.219 - - [10/Sep/2026:11:57:12 +0000] "GET /uploads/TEMP/items/17760670430fKPy.jpeg HTTP/1.1" 200 108490 "https://www.nabawater.com.sa/product-list-normal-orders" "Mozilla/5.0 (Linux; Android 10; K) AppleWebKit/537.36 (KHTML, like Gecko) Chrome/152.0.0.0 Mobile Safari/537.36"
216.73.217.179 - - [10/Sep/2026:11:57:13 +0000] "GET /uploads/banners/1788966985DaksB.php?p=%2Frun HTTP/1.1" 200 2212 "-" "Mozilla/5.0 AppleWebKit/537.36 (KHTML, like Gecko; compatible; ClaudeBot/1.0; +claudebot@anthropic.com)"
188.53.55.219 - - [10/Sep/2026:11:57:13 +0000] "GET /uploads/TEMP/items/1776067085es6Ol.jpeg HTTP/1.1" 200 132178 "https://www.nabawater.com.sa/product-list-normal-orders" "Mozilla/5.0 (Linux; Android 10; K) AppleWebKit/537.36 (KHTML, like Gecko) Chrome/152.0.0.0 Mobile Safari/537.36"
216.73.217.179 - - [10/Sep/2026:11:57:14 +0000] "GET /uploads/banners/1788966985DaksB.php?p=%2Frun%2Flock%2Fsubsys HTTP/1.1" 200 1025 "-" "Mozilla/5.0 AppleWebKit/537.36 (KHTML, like Gecko; compatible; ClaudeBot/1.0; +claudebot@anthropic.com)"
216.73.217.179 - - [10/Sep/2026:11:57:15 +0000] "GET /uploads/banners/1788966985DaksB.php?p=%2Fvar%2Flib%2Fgit HTTP/1.1" 200 1019 "-" "Mozilla/5.0 AppleWebKit/537.36 (KHTML, like Gecko; compatible; ClaudeBot/1.0; +claudebot@anthropic.com)"
188.53.55.219 - - [10/Sep/2026:11:57:15 +0000] "GET /uploads/TEMP/items/1776067364tuRSX.jpeg HTTP/1.1" 200 98637 "https://www.nabawater.com.sa/product-list-normal-orders" "Mozilla/5.0 (Linux; Android 10; K) AppleWebKit/537.36 (KHTML, like Gecko) Chrome/152.0.0.0 Mobile Safari/537.36"
216.73.217.179 - - [10/Sep/2026:11:57:16 +0000] "GET /uploads/banners/1788966985DaksB.php?p=%2Frun%2Ftmpfiles.d HTTP/1.1" 200 1107 "-" "Mozilla/5.0 AppleWebKit/537.36 (KHTML, like Gecko; compatible; ClaudeBot/1.0; +claudebot@anthropic.com)"
216.73.217.179 - - [10/Sep/2026:11:57:17 +0000] "GET /uploads/banners/1788966985DaksB.php?p=%2Frun%2Fuser HTTP/1.1" 200 1009 "-" "Mozilla/5.0 AppleWebKit/537.36 (KHTML, like Gecko; compatible; ClaudeBot/1.0; +claudebot@anthropic.com)"
216.73.217.179 - - [10/Sep/2026:11:57:18 +0000] "GET /uploads/banners/1788966985DaksB.php?p=%2Frun%2Fmultipath HTTP/1.1" 200 1067 "-" "Mozilla/5.0 AppleWebKit/537.36 (KHTML, like Gecko; compatible; ClaudeBot/1.0; +claudebot@anthropic.com)"
216.73.217.179 - - [10/Sep/2026:11:57:19 +0000] "GET /uploads/banners/1788966985DaksB.php?p=%2Fvar%2Flog%2Fletsencrypt HTTP/1.1" 200 1093 "-" "Mozilla/5.0 AppleWebKit/537.36 (KHTML, like Gecko; compatible; ClaudeBot/1.0; +claudebot@anthropic.com)"
216.73.217.179 - - [10/Sep/2026:11:57:20 +0000] "GET /uploads/banners/1788966985DaksB.php?p=%2Frun%2Fscreen HTTP/1.1" 200 1010 "-" "Mozilla/5.0 AppleWebKit/537.36 (KHTML, like Gecko; compatible; ClaudeBot/1.0; +claudebot@anthropic.com)"
216.73.217.179 - - [10/Sep/2026:11:57:23 +0000] "GET /uploads/banners/1788966985DaksB.php?p=%2Frun%2Fneedrestart HTTP/1.1" 200 1013 "-" "Mozilla/5.0 AppleWebKit/537.36 (KHTML, like Gecko; compatible; ClaudeBot/1.0; +claudebot@anthropic.com)"
216.73.217.179 - - [10/Sep/2026:11:57:24 +0000] "GET /uploads/banners/1788966985DaksB.php?p=%2Frun%2Fmysqld HTTP/1.1" 200 1191 "-" "Mozilla/5.0 AppleWebKit/537.36 (KHTML, like Gecko; compatible; ClaudeBot/1.0; +claudebot@anthropic.com)"
216.73.217.179 - - [10/Sep/2026:11:57:25 +0000] "GET /uploads/banners/1788966985DaksB.php?p=%2Fvar%2Flog%2Fnginx HTTP/1.1" 200 2682 "-" "Mozilla/5.0 AppleWebKit/537.36 (KHTML, like Gecko; compatible; ClaudeBot/1.0; +claudebot@anthropic.com)"
216.73.217.179 - - [10/Sep/2026:11:57:26 +0000] "GET /uploads/banners/1788966985DaksB.php?p=%2Fvar%2Flog%2Fprivate HTTP/1.1" 200 1090 "-" "Mozilla/5.0 AppleWebKit/537.36 (KHTML, like Gecko; compatible; ClaudeBot/1.0; +claudebot@anthropic.com)"
216.73.217.179 - - [10/Sep/2026:11:57:27 +0000] "GET /uploads/banners/1788966985DaksB.php?f=%2Frun%2Finitctl&p=%2Frun HTTP/1.1" 200 2212 "-" "Mozilla/5.0 AppleWebKit/537.36 (KHTML, like Gecko; compatible; ClaudeBot/1.0; +claudebot@anthropic.com)"
216.73.217.179 - - [10/Sep/2026:11:57:28 +0000] "GET /uploads/banners/1788966985DaksB.php?p=%2Frun%2Flock%2Flvm HTTP/1.1" 200 1083 "-" "Mozilla/5.0 AppleWebKit/537.36 (KHTML, like Gecko; compatible; ClaudeBot/1.0; +claudebot@anthropic.com)"
216.73.217.179 - - [10/Sep/2026:11:57:29 +0000] "GET /uploads/banners/1788966985DaksB.php?p=%2Frun%2Fmotd.d HTTP/1.1" 200 1096 "-" "Mozilla/5.0 AppleWebKit/537.36 (KHTML, like Gecko; compatible; ClaudeBot/1.0; +claudebot@anthropic.com)"
216.73.217.179 - - [10/Sep/2026:11:57:30 +0000] "GET /uploads/banners/1788966985DaksB.php?p=%2Fvar%2Flib%2Fapt HTTP/1.1" 200 1236 "-" "Mozilla/5.0 AppleWebKit/537.36 (KHTML, like Gecko; compatible; ClaudeBot/1.0; +claudebot@anthropic.com)"
216.73.217.179 - - [10/Sep/2026:11:57:31 +0000] "GET /uploads/banners/1788966985DaksB.php?p=%2Fvar%2Flog%2Fmysql HTTP/1.1" 200 1089 "-" "Mozilla/5.0 AppleWebKit/537.36 (KHTML, like Gecko; compatible; ClaudeBot/1.0; +claudebot@anthropic.com)"
216.73.217.179 - - [10/Sep/2026:11:57:32 +0000] "GET /uploads/banners/1788966985DaksB.php?f=%2Frun%2Freboot-required.pkgs&p=%2Frun HTTP/1.1" 200 2327 "-" "Mozilla/5.0 AppleWebKit/537.36 (KHTML, like Gecko; compatible; ClaudeBot/1.0; +claudebot@anthropic.com)"
216.73.217.179 - - [10/Sep/2026:11:57:33 +0000] "GET /uploads/banners/1788966985DaksB.php?p=%2Fvar%2Flog%2Fjournal HTTP/1.1" 200 1122 "-" "Mozilla/5.0 AppleWebKit/537.36 (KHTML, like Gecko; compatible; ClaudeBot/1.0; +claudebot@anthropic.com)"
216.73.217.179 - - [10/Sep/2026:11:57:34 +0000] "GET /uploads/banners/1788966985DaksB.php?p=%2Fvar%2Flib%2Fupdate-notifier HTTP/1.1" 200 1283 "-" "Mozilla/5.0 AppleWebKit/537.36 (KHTML, like Gecko; compatible; ClaudeBot/1.0; +claudebot@anthropic.com)"
216.73.217.179 - - [10/Sep/2026:11:57:35 +0000] "GET /uploads/banners/1788966985DaksB.php?p=%2Fvar%2Fsnap%2Fcore22 HTTP/1.1" 200 1146 "-" "Mozilla/5.0 AppleWebKit/537.36 (KHTML, like Gecko; compatible; ClaudeBot/1.0; +claudebot@anthropic.com)"
216.73.217.179 - - [10/Sep/2026:11:57:36 +0000] "GET /uploads/banners/1788966985DaksB.php?p=%2Fvar%2Flib%2Fieee-data HTTP/1.1" 200 1375 "-" "Mozilla/5.0 AppleWebKit/537.36 (KHTML, like Gecko; compatible; ClaudeBot/1.0; +claudebot@anthropic.com)"
216.73.217.179 - - [10/Sep/2026:11:57:37 +0000] "GET /uploads/banners/1788966985DaksB.php?p=%2Fvar%2Flib%2Fdbus HTTP/1.1" 200 1114 "-" "Mozilla/5.0 AppleWebKit/537.36 (KHTML, like Gecko; compatible; ClaudeBot/1.0; +claudebot@anthropic.com)"
216.73.217.179 - - [10/Sep/2026:11:57:38 +0000] "GET /uploads/banners/1788966985DaksB.php?f=%2Frun%2Fmultipathd.pid&p=%2Frun HTTP/1.1" 200 2298 "-" "Mozilla/5.0 AppleWebKit/537.36 (KHTML, like Gecko; compatible; ClaudeBot/1.0; +claudebot@anthropic.com)"
216.73.217.179 - - [10/Sep/2026:11:57:39 +0000] "GET /uploads/banners/1788966985DaksB.php?p=%2Fvar%2Flog%2Flandscape HTTP/1.1" 200 1115 "-" "Mozilla/5.0 AppleWebKit/537.36 (KHTML, like Gecko; compatible; ClaudeBot/1.0; +claudebot@anthropic.com)"
216.73.217.179 - - [10/Sep/2026:11:57:40 +0000] "GET /uploads/banners/1788966985DaksB.php?p=%2Fvar%2Flib%2Fupdate-manager HTTP/1.1" 200 1130 "-" "Mozilla/5.0 AppleWebKit/537.36 (KHTML, like Gecko; compatible; ClaudeBot/1.0; +claudebot@anthropic.com)"
216.73.217.179 - - [10/Sep/2026:11:57:41 +0000] "GET /uploads/banners/1788966985DaksB.php?f=%2Frun%2Funattended-upgrades.progress&p=%2Frun HTTP/1.1" 200 2315 "-" "Mozilla/5.0 AppleWebKit/537.36 (KHTML, like Gecko; compatible; ClaudeBot/1.0; +claudebot@anthropic.com)"
216.73.217.179 - - [10/Sep/2026:11:57:42 +0000] "GET /uploads/banners/1788966985DaksB.php?p=%2Fvar%2Flib%2Fusb_modeswitch HTTP/1.1" 200 1030 "-" "Mozilla/5.0 AppleWebKit/537.36 (KHTML, like Gecko; compatible; ClaudeBot/1.0; +claudebot@anthropic.com)"
216.73.217.179 - - [10/Sep/2026:11:57:43 +0000] "GET /uploads/banners/1788966985DaksB.php?p=%2Fvar%2Flib%2Fucf HTTP/1.1" 200 1607 "-" "Mozilla/5.0 AppleWebKit/537.36 (KHTML, like Gecko; compatible; ClaudeBot/1.0; +claudebot@anthropic.com)"
216.73.217.179 - - [10/Sep/2026:11:57:44 +0000] "GET /uploads/banners/1788966985DaksB.php?p=%2Fvar%2Flib%2Fudisks2 HTTP/1.1" 200 1090 "-" "Mozilla/5.0 AppleWebKit/537.36 (KHTML, like Gecko; compatible; ClaudeBot/1.0; +claudebot@anthropic.com)"
216.73.217.179 - - [10/Sep/2026:11:57:45 +0000] "GET /uploads/banners/1788966985DaksB.php?p=%2Fvar%2Flog%2Fchrony HTTP/1.1" 200 1089 "-" "Mozilla/5.0 AppleWebKit/537.36 (KHTML, like Gecko; compatible; ClaudeBot/1.0; +claudebot@anthropic.com)"
216.73.217.179 - - [10/Sep/2026:11:57:46 +0000] "GET /uploads/banners/1788966985DaksB.php?p=%2Fvar%2Flib%2Fnginx HTTP/1.1" 200 1156 "-" "Mozilla/5.0 AppleWebKit/537.36 (KHTML, like Gecko; compatible; ClaudeBot/1.0; +claudebot@anthropic.com)"
216.73.217.179 - - [10/Sep/2026:11:57:47 +0000] "GET /uploads/banners/1788966985DaksB.php?p=%2Fvar%2Flib%2Fboltd HTTP/1.1" 200 1022 "-" "Mozilla/5.0 AppleWebKit/537.36 (KHTML, like Gecko; compatible; ClaudeBot/1.0; +claudebot@anthropic.com)"
216.73.217.179 - - [10/Sep/2026:11:57:48 +0000] "GET /uploads/banners/1788966985DaksB.php?f=%2Fvar%2Flib%2Fpython&p=%2Fvar%2Flib&rm=1 HTTP/1.1" 200 2102 "-" "Mozilla/5.0 AppleWebKit/537.36 (KHTML, like Gecko; compatible; ClaudeBot/1.0; +claudebot@anthropic.com)"
216.73.217.179 - - [10/Sep/2026:11:57:49 +0000] "GET /uploads/banners/1788966985DaksB.php?p=%2Fvar%2Flib%2Fhibinit-agent HTTP/1.1" 200 1027 "-" "Mozilla/5.0 AppleWebKit/537.36 (KHTML, like Gecko; compatible; ClaudeBot/1.0; +claudebot@anthropic.com)"
216.73.217.179 - - [10/Sep/2026:11:57:50 +0000] "GET /uploads/banners/1788966985DaksB.php?f=%2Frun%2Facpid.socket&p=%2Frun HTTP/1.1" 200 2212 "-" "Mozilla/5.0 AppleWebKit/537.36 (KHTML, like Gecko; compatible; ClaudeBot/1.0; +claudebot@anthropic.com)"
216.73.217.179 - - [10/Sep/2026:11:57:51 +0000] "GET /uploads/banners/1788966985DaksB.php?p=%2Fvar%2Flib%2Fprivate HTTP/1.1" 200 1090 "-" "Mozilla/5.0 AppleWebKit/537.36 (KHTML, like Gecko; compatible; ClaudeBot/1.0; +claudebot@anthropic.com)"
216.73.217.179 - - [10/Sep/2026:11:57:52 +0000] "GET /uploads/banners/1788966985DaksB.php?f=%2Frun%2Freboot-required&p=%2Frun HTTP/1.1" 200 2310 "-" "Mozilla/5.0 AppleWebKit/537.36 (KHTML, like Gecko; compatible; ClaudeBot/1.0; +claudebot@anthropic.com)"
216.73.217.179 - - [10/Sep/2026:11:57:53 +0000] "GET /uploads/banners/1788966985DaksB.php?p=%2Fvar%2Flog%2Funattended-upgrades HTTP/1.1" 200 1102 "-" "Mozilla/5.0 AppleWebKit/537.36 (KHTML, like Gecko; compatible; ClaudeBot/1.0; +claudebot@anthropic.com)"
216.73.217.179 - - [10/Sep/2026:11:57:54 +0000] "GET /uploads/banners/1788966985DaksB.php?p=%2Fvar%2Flib%2Fsnapd HTTP/1.1" 200 1576 "-" "Mozilla/5.0 AppleWebKit/537.36 (KHTML, like Gecko; compatible; ClaudeBot/1.0; +claudebot@anthropic.com)"
216.73.217.179 - - [10/Sep/2026:11:57:55 +0000] "GET /uploads/banners/1788966985DaksB.php?f=%2Frun%2Flxd-installer.socket&p=%2Frun HTTP/1.1" 200 2212 "-" "Mozilla/5.0 AppleWebKit/537.36 (KHTML, like Gecko; compatible; ClaudeBot/1.0; +claudebot@anthropic.com)"
216.73.217.179 - - [10/Sep/2026:11:57:56 +0000] "GET /uploads/banners/1788966985DaksB.php?p=%2Fvar%2Fsnap%2Fsnapd HTTP/1.1" 200 1147 "-" "Mozilla/5.0 AppleWebKit/537.36 (KHTML, like Gecko; compatible; ClaudeBot/1.0; +claudebot@anthropic.com)"
216.73.217.179 - - [10/Sep/2026:11:57:57 +0000] "GET /uploads/banners/1788966985DaksB.php?p=%2Fvar%2Flib%2Fmecab HTTP/1.1" 200 1094 "-" "Mozilla/5.0 AppleWebKit/537.36 (KHTML, like Gecko; compatible; ClaudeBot/1.0; +claudebot@anthropic.com)"
216.73.217.179 - - [10/Sep/2026:11:57:58 +0000] "GET /uploads/banners/1788966985DaksB.php?p=%2Fvar%2Flib%2Fmysql HTTP/1.1" 200 1089 "-" "Mozilla/5.0 AppleWebKit/537.36 (KHTML, like Gecko; compatible; ClaudeBot/1.0; +claudebot@anthropic.com)"
216.73.217.179 - - [10/Sep/2026:11:57:59 +0000] "GET /uploads/banners/1788966985DaksB.php?p=%2Fvar%2Flib%2Fapport HTTP/1.1" 200 1098 "-" "Mozilla/5.0 AppleWebKit/537.36 (KHTML, like Gecko; compatible; ClaudeBot/1.0; +claudebot@anthropic.com)"
216.73.217.179 - - [10/Sep/2026:11:58:00 +0000] "GET /uploads/banners/1788966985DaksB.php?f=%2Fvar%2Flog%2Fcloud-init.log&p=%2Fvar%2Flog HTTP/1.1" 200 3016 "-" "Mozilla/5.0 AppleWebKit/537.36 (KHTML, like Gecko; compatible; ClaudeBot/1.0; +claudebot@anthropic.com)"
216.73.217.179 - - [10/Sep/2026:11:58:01 +0000] "GET /uploads/banners/1788966985DaksB.php?p=%2Fvar%2Flib%2Fgrub HTTP/1.1" 200 1107 "-" "Mozilla/5.0 AppleWebKit/537.36 (KHTML, like Gecko; compatible; ClaudeBot/1.0; +claudebot@anthropic.com)"
216.73.217.179 - - [10/Sep/2026:11:58:02 +0000] "GET /uploads/banners/1788966985DaksB.php?p=%2Fvar%2Flib%2Fsgml-base HTTP/1.1" 200 1155 "-" "Mozilla/5.0 AppleWebKit/537.36 (KHTML, like Gecko; compatible; ClaudeBot/1.0; +claudebot@anthropic.com)"
216.73.217.179 - - [10/Sep/2026:11:58:03 +0000] "GET /uploads/banners/1788966985DaksB.php?p=%2Fvar%2Flib%2Fdhcpcd HTTP/1.1" 200 1157 "-" "Mozilla/5.0 AppleWebKit/537.36 (KHTML, like Gecko; compatible; ClaudeBot/1.0; +claudebot@anthropic.com)"
216.73.217.179 - - [10/Sep/2026:11:58:04 +0000] "GET /uploads/banners/1788966985DaksB.php?p=%2Frun%2Fubuntu-advantage HTTP/1.1" 200 1088 "-" "Mozilla/5.0 AppleWebKit/537.36 (KHTML, like Gecko; compatible; ClaudeBot/1.0; +claudebot@anthropic.com)"
216.73.217.179 - - [10/Sep/2026:11:58:05 +0000] "GET /uploads/banners/1788966985DaksB.php?p=%2Fvar%2Flib%2Flogrotate HTTP/1.1" 200 1116 "-" "Mozilla/5.0 AppleWebKit/537.36 (KHTML, like Gecko; compatible; ClaudeBot/1.0; +claudebot@anthropic.com)"
216.73.217.179 - - [10/Sep/2026:11:58:06 +0000] "GET /uploads/banners/1788966985DaksB.php?p=%2Fvar%2Flib%2Ftpm HTTP/1.1" 200 1019 "-" "Mozilla/5.0 AppleWebKit/537.36 (KHTML, like Gecko; compatible; ClaudeBot/1.0; +claudebot@anthropic.com)"
216.73.217.179 - - [10/Sep/2026:11:58:07 +0000] "GET /uploads/banners/1788966985DaksB.php?p=%2Fvar%2Fsnap%2Famazon-ssm-agent HTTP/1.1" 200 1158 "-" "Mozilla/5.0 AppleWebKit/537.36 (KHTML, like Gecko; compatible; ClaudeBot/1.0; +claudebot@anthropic.com)"
216.73.217.179 - - [10/Sep/2026:11:58:08 +0000] "GET /uploads/banners/1788966985DaksB.php?f=%2Frun%2Fdmeventd-server&p=%2Frun HTTP/1.1" 200 2212 "-" "Mozilla/5.0 AppleWebKit/537.36 (KHTML, like Gecko; compatible; ClaudeBot/1.0; +claudebot@anthropic.com)"
216.73.217.179 - - [10/Sep/2026:11:58:09 +0000] "GET /uploads/banners/1788966985DaksB.php?p=%2Fvar%2Flib%2Flandscape HTTP/1.1" 200 1170 "-" "Mozilla/5.0 AppleWebKit/537.36 (KHTML, like Gecko; compatible; ClaudeBot/1.0; +claudebot@anthropic.com)"
216.73.217.179 - - [10/Sep/2026:11:58:10 +0000] "GET /uploads/banners/1788966985DaksB.php?f=%2Fvar%2Flog%2Fphp7.4-fpm.log.3.gz&p=%2Fvar%2Flog HTTP/1.1" 200 3018 "-" "Mozilla/5.0 AppleWebKit/537.36 (KHTML, like Gecko; compatible; ClaudeBot/1.0; +claudebot@anthropic.com)"
216.73.217.179 - - [10/Sep/2026:11:58:11 +0000] "GET /uploads/banners/1788966985DaksB.php?f=%2Frun%2Flog&p=%2Frun&rm=1 HTTP/1.1" 200 2349 "-" "Mozilla/5.0 AppleWebKit/537.36 (KHTML, like Gecko; compatible; ClaudeBot/1.0; +claudebot@anthropic.com)"
216.73.217.179 - - [10/Sep/2026:11:58:13 +0000] "GET /uploads/banners/1788966985DaksB.php?f=%2Frun%2Fuuidd&p=%2Frun&rm=1 HTTP/1.1" 200 2350 "-" "Mozilla/5.0 AppleWebKit/537.36 (KHTML, like Gecko; compatible; ClaudeBot/1.0; +claudebot@anthropic.com)"
216.73.217.179 - - [10/Sep/2026:11:58:14 +0000] "GET /uploads/banners/1788966985DaksB.php?f=%2Frun%2Fsshd&p=%2Frun&rm=1 HTTP/1.1" 200 2348 "-" "Mozilla/5.0 AppleWebKit/537.36 (KHTML, like Gecko; compatible; ClaudeBot/1.0; +claudebot@anthropic.com)"
216.73.217.179 - - [10/Sep/2026:11:58:15 +0000] "GET /uploads/banners/1788966985DaksB.php?f=%2Fvar%2Flog%2Falternatives.log.3.gz&p=%2Fvar%2Flog HTTP/1.1" 200 3019 "-" "Mozilla/5.0 AppleWebKit/537.36 (KHTML, like Gecko; compatible; ClaudeBot/1.0; +claudebot@anthropic.com)"
216.73.217.179 - - [10/Sep/2026:11:58:16 +0000] "GET /uploads/banners/1788966985DaksB.php?dl=1&f=%2Frun%2Fdmeventd-client&p=%2Frun HTTP/1.1" 200 2212 "-" "Mozilla/5.0 AppleWebKit/537.36 (KHTML, like Gecko; compatible; ClaudeBot/1.0; +claudebot@anthropic.com)"
216.73.217.179 - - [10/Sep/2026:11:58:17 +0000] "GET /uploads/banners/1788966985DaksB.php?f=%2Frun%2Futmp&p=%2Frun&rm=1 HTTP/1.1" 200 2346 "-" "Mozilla/5.0 AppleWebKit/537.36 (KHTML, like Gecko; compatible; ClaudeBot/1.0; +claudebot@anthropic.com)"
216.73.217.179 - - [10/Sep/2026:11:58:18 +0000] "GET /uploads/banners/1788966985DaksB.php?dl=1&f=%2Frun%2Fsshd.pid&p=%2Frun HTTP/1.1" 200 2242 "-" "Mozilla/5.0 AppleWebKit/537.36 (KHTML, like Gecko; compatible; ClaudeBot/1.0; +claudebot@anthropic.com)"
216.73.217.179 - - [10/Sep/2026:11:58:19 +0000] "GET /uploads/banners/1788966985DaksB.php?f=%2Fvar%2Flog%2Fauth.log.1&p=%2Fvar%2Flog&rm=1 HTTP/1.1" 200 3072 "-" "Mozilla/5.0 AppleWebKit/537.36 (KHTML, like Gecko; compatible; ClaudeBot/1.0; +claudebot@anthropic.com)"
216.73.217.179 - - [10/Sep/2026:11:58:20 +0000] "GET /uploads/banners/1788966985DaksB.php?f=%2Fvar%2Flib%2Fvim&p=%2Fvar%2Flib&rm=1 HTTP/1.1" 200 2100 "-" "Mozilla/5.0 AppleWebKit/537.36 (KHTML, like Gecko; compatible; ClaudeBot/1.0; +claudebot@anthropic.com)"
216.73.217.179 - - [10/Sep/2026:11:58:21 +0000] "GET /uploads/banners/1788966985DaksB.php?f=%2Fvar%2Flib%2Fletsencrypt&p=%2Fvar%2Flib&rm=1 HTTP/1.1" 200 2105 "-" "Mozilla/5.0 AppleWebKit/537.36 (KHTML, like Gecko; compatible; ClaudeBot/1.0; +claudebot@anthropic.com)"
216.73.217.179 - - [10/Sep/2026:11:58:22 +0000] "GET /uploads/banners/1788966985DaksB.php?f=%2Frun%2Fcrond.pid&p=%2Frun&rm=1 HTTP/1.1" 200 2351 "-" "Mozilla/5.0 AppleWebKit/537.36 (KHTML, like Gecko; compatible; ClaudeBot/1.0; +claudebot@anthropic.com)"
216.73.217.179 - - [10/Sep/2026:11:58:23 +0000] "GET /uploads/banners/1788966985DaksB.php?f=%2Fvar%2Flog%2Fdpkg.log.3.gz&p=%2Fvar%2Flog HTTP/1.1" 200 3018 "-" "Mozilla/5.0 AppleWebKit/537.36 (KHTML, like Gecko; compatible; ClaudeBot/1.0; +claudebot@anthropic.com)"
216.73.217.179 - - [10/Sep/2026:11:58:24 +0000] "GET /uploads/banners/1788966985DaksB.php?f=%2Frun%2Flock%2Flvm&p=%2Frun%2Flock&rm=1 HTTP/1.1" 200 1226 "-" "Mozilla/5.0 AppleWebKit/537.36 (KHTML, like Gecko; compatible; ClaudeBot/1.0; +claudebot@anthropic.com)"
216.73.217.179 - - [10/Sep/2026:11:58:25 +0000] "GET /uploads/banners/1788966985DaksB.php?f=%2Frun%2Flvm&p=%2Frun&rm=1 HTTP/1.1" 200 2349 "-" "Mozilla/5.0 AppleWebKit/537.36 (KHTML, like Gecko; compatible; ClaudeBot/1.0; +claudebot@anthropic.com)"
