Edit: /var/log/nginx/nabawater_access.log (1970462B)
77.83.39.94 - - [10/Sep/2026:00:00:30 +0000] "GET /.git/index HTTP/1.1" 403 134 "-" "Mozilla/5.0 (Windows NT 6.1; Win64; x64; rv:47.0) Gecko/20100101 Firefox/47.0"
178.86.39.20 - - [10/Sep/2026:00:02:48 +0000] "GET /api/v1/home?latitude=28.385245866666665&longitude=36.5299764&page=1&item_purchase_type=1&category_id=&env=dev HTTP/1.1" 200 6977 "-" "okhttp/5.0.0-alpha.14"
178.86.39.20 - - [10/Sep/2026:00:02:49 +0000] "GET /frontend/web/theme/images/placeholder.png HTTP/1.1" 200 30449 "-" "Dalvik/2.1.0 (Linux; U; Android 14; Infinix X6525D Build/UP1A.231005.007)"
178.86.39.20 - - [10/Sep/2026:00:02:49 +0000] "GET /uploads/TEMP/items/1776068313SRdw0.jpeg HTTP/1.1" 200 108490 "-" "Dalvik/2.1.0 (Linux; U; Android 14; Infinix X6525D Build/UP1A.231005.007)"
178.86.39.20 - - [10/Sep/2026:00:02:49 +0000] "GET /api/v1/home?latitude=28.385245866666665&longitude=36.5299764&page=2&item_purchase_type=1&category_id=&env=dev HTTP/1.1" 200 4429 "-" "okhttp/5.0.0-alpha.14"
178.86.39.20 - - [10/Sep/2026:00:02:49 +0000] "GET /uploads/TEMP/items/1776068225hx2mh.jpeg HTTP/1.1" 200 106663 "-" "Dalvik/2.1.0 (Linux; U; Android 14; Infinix X6525D Build/UP1A.231005.007)"
178.86.39.20 - - [10/Sep/2026:00:02:49 +0000] "GET /uploads/TEMP/items/1776068487JOkY4.jpeg HTTP/1.1" 200 251111 "-" "Dalvik/2.1.0 (Linux; U; Android 14; Infinix X6525D Build/UP1A.231005.007)"
178.86.39.20 - - [10/Sep/2026:00:02:49 +0000] "GET /uploads/TEMP/items/1776066965vrsHS.jpeg HTTP/1.1" 200 106663 "-" "Dalvik/2.1.0 (Linux; U; Android 14; Infinix X6525D Build/UP1A.231005.007)"
178.86.39.20 - - [10/Sep/2026:00:02:49 +0000] "GET /uploads/TEMP/items/17760670430fKPy.jpeg HTTP/1.1" 200 108490 "-" "Dalvik/2.1.0 (Linux; U; Android 14; Infinix X6525D Build/UP1A.231005.007)"
178.86.39.20 - - [10/Sep/2026:00:02:49 +0000] "GET /uploads/TEMP/items/1776067085es6Ol.jpeg HTTP/1.1" 200 132178 "-" "Dalvik/2.1.0 (Linux; U; Android 14; Infinix X6525D Build/UP1A.231005.007)"
178.86.39.20 - - [10/Sep/2026:00:02:49 +0000] "GET /uploads/TEMP/items/1776067364tuRSX.jpeg HTTP/1.1" 200 98637 "-" "Dalvik/2.1.0 (Linux; U; Android 14; Infinix X6525D Build/UP1A.231005.007)"
178.86.39.20 - - [10/Sep/2026:00:02:49 +0000] "GET /uploads/TEMP/items/1776067181N4KXC.jpeg HTTP/1.1" 200 105784 "-" "Dalvik/2.1.0 (Linux; U; Android 14; Infinix X6525D Build/UP1A.231005.007)"
178.86.39.20 - - [10/Sep/2026:00:02:49 +0000] "GET /uploads/TEMP/items/1776067291iZUUQ.jpeg HTTP/1.1" 200 127339 "-" "Dalvik/2.1.0 (Linux; U; Android 14; Infinix X6525D Build/UP1A.231005.007)"
178.86.39.20 - - [10/Sep/2026:00:02:49 +0000] "GET /uploads/TEMP/items/1776067967Fl4i0.jpeg HTTP/1.1" 200 86250 "-" "Dalvik/2.1.0 (Linux; U; Android 14; Infinix X6525D Build/UP1A.231005.007)"
178.86.39.20 - - [10/Sep/2026:00:02:49 +0000] "GET /uploads/TEMP/items/1776068177PMRYL.jpeg HTTP/1.1" 200 95438 "-" "Dalvik/2.1.0 (Linux; U; Android 14; Infinix X6525D Build/UP1A.231005.007)"
178.86.39.20 - - [10/Sep/2026:00:02:49 +0000] "GET /uploads/TEMP/items/1776068109vBpkj.jpeg HTTP/1.1" 200 80802 "-" "Dalvik/2.1.0 (Linux; U; Android 14; Infinix X6525D Build/UP1A.231005.007)"
178.86.39.20 - - [10/Sep/2026:00:02:50 +0000] "GET /uploads/TEMP/items/1776068529ef2BC.jpeg HTTP/1.1" 200 91790 "-" "Dalvik/2.1.0 (Linux; U; Android 14; Infinix X6525D Build/UP1A.231005.007)"
178.86.39.20 - - [10/Sep/2026:00:02:50 +0000] "GET /uploads/TEMP/items/1776068560Ltncw.jpeg HTTP/1.1" 200 116524 "-" "Dalvik/2.1.0 (Linux; U; Android 14; Infinix X6525D Build/UP1A.231005.007)"
178.86.39.20 - - [10/Sep/2026:00:02:50 +0000] "GET /uploads/TEMP/items/17760686249n8ui.jpeg HTTP/1.1" 200 144246 "-" "Dalvik/2.1.0 (Linux; U; Android 14; Infinix X6525D Build/UP1A.231005.007)"
178.86.39.20 - - [10/Sep/2026:00:02:50 +0000] "GET /uploads/TEMP/items/1776070822lwqBF.jpeg HTTP/1.1" 200 143050 "-" "Dalvik/2.1.0 (Linux; U; Android 14; Infinix X6525D Build/UP1A.231005.007)"
178.86.39.20 - - [10/Sep/2026:00:02:50 +0000] "GET /api/v1/ads/get-active-ads?env=dev HTTP/1.1" 200 1178 "-" "okhttp/5.0.0-alpha.14"
178.86.39.20 - - [10/Sep/2026:00:02:50 +0000] "GET /uploads/TEMP/ads/1787827435JaLnY.jpeg HTTP/1.1" 200 796599 "-" "Dalvik/2.1.0 (Linux; U; Android 14; Infinix X6525D Build/UP1A.231005.007)"
178.86.39.20 - - [10/Sep/2026:00:02:50 +0000] "GET /uploads/TEMP/ads/1787828218ia2If.jpeg HTTP/1.1" 200 641880 "-" "Dalvik/2.1.0 (Linux; U; Android 14; Infinix X6525D Build/UP1A.231005.007)"
178.86.39.20 - - [10/Sep/2026:00:02:51 +0000] "POST /api/v1/ads/track-impression?env=dev HTTP/1.1" 200 116 "-" "okhttp/5.0.0-alpha.14"
65.111.28.149 - - [10/Sep/2026:00:03:27 +0000] "GET /wp-login.php HTTP/1.1" 404 47 "-" "Mozilla/5.0 (Windows NT 10.0; Win64; x64; rv:124.0) Gecko/20100101 Firefox/124.0"
178.86.39.20 - - [10/Sep/2026:00:04:11 +0000] "POST /api/v1/user/register?env=dev HTTP/1.1" 200 181 "-" "okhttp/5.0.0-alpha.14"
178.86.39.20 - - [10/Sep/2026:00:04:36 +0000] "POST /api/v1/user/verify_otp?env=dev HTTP/1.1" 200 782 "-" "okhttp/5.0.0-alpha.14"
178.86.39.20 - - [10/Sep/2026:00:04:38 +0000] "GET /api/v1/user/view?env=dev HTTP/1.1" 200 755 "-" "okhttp/5.0.0-alpha.14"
178.86.39.20 - - [10/Sep/2026:00:04:38 +0000] "GET /api/v1/home?latitude=28.385245866666665&longitude=36.5299764&page=1&item_purchase_type=1&category_id=&env=dev HTTP/1.1" 200 6977 "-" "okhttp/5.0.0-alpha.14"
92.119.182.194 - - [10/Sep/2026:00:04:38 +0000] "GET /.env HTTP/1.1" 403 195 "-" "Mozilla/5.0 (Windows NT 10.0; Win64; x64) AppleWebKit/537.36 (KHTML, like Gecko) Chrome/116.0.5845.140 Safari/537.36"
178.86.39.20 - - [10/Sep/2026:00:04:38 +0000] "GET /api/v1/user/view?env=dev HTTP/1.1" 200 755 "-" "okhttp/5.0.0-alpha.14"
178.86.39.20 - - [10/Sep/2026:00:04:39 +0000] "GET /api/v1/home?latitude=28.385245866666665&longitude=36.5299764&page=2&item_purchase_type=1&category_id=&env=dev HTTP/1.1" 200 4429 "-" "okhttp/5.0.0-alpha.14"
92.119.182.194 - - [10/Sep/2026:00:04:39 +0000] "POST / HTTP/1.1" 400 66857 "-" "Mozilla/5.0 (Windows NT 10.0; Win64; x64) AppleWebKit/537.36 (KHTML, like Gecko) Chrome/116.0.5845.140 Safari/537.36"
4.43.184.113 - - [10/Sep/2026:00:04:41 +0000] "GET /style/omo/anu/my/mc/a/b/auth.php HTTP/1.1" 404 47 "-" "Mozilla/5.0 (X11; Linux x86_64) AppleWebKit/537.36 (KHTML, like Gecko) Chrome/44.0.2403.157 Safari/537.36"
4.43.184.113 - - [10/Sep/2026:00:04:43 +0000] "GET /mont.htm HTTP/1.1" 404 13304 "-" "Mozilla/5.0 (X11; Linux x86_64) AppleWebKit/537.36 (KHTML, like Gecko) Chrome/44.0.2403.157 Safari/537.36"
178.86.39.20 - - [10/Sep/2026:00:05:12 +0000] "GET /api/v1/user/view?env=dev HTTP/1.1" 200 755 "-" "okhttp/5.0.0-alpha.14"
178.86.39.20 - - [10/Sep/2026:00:05:20 +0000] "GET /api/v1/user/view?env=dev HTTP/1.1" 200 755 "-" "okhttp/5.0.0-alpha.14"
178.86.39.20 - - [10/Sep/2026:00:05:20 +0000] "GET /api/v1/home?latitude=28.385245866666665&longitude=36.5299764&page=1&item_purchase_type=1&category_id=&env=dev HTTP/1.1" 200 6977 "-" "okhttp/5.0.0-alpha.14"
178.86.39.20 - - [10/Sep/2026:00:05:21 +0000] "GET /api/v1/home?latitude=28.385245866666665&longitude=36.5299764&page=2&item_purchase_type=1&category_id=&env=dev HTTP/1.1" 200 4429 "-" "okhttp/5.0.0-alpha.14"
178.86.39.20 - - [10/Sep/2026:00:05:26 +0000] "GET /api/v1/home/offer?env=dev HTTP/1.1" 200 445 "-" "okhttp/5.0.0-alpha.14"
178.86.39.20 - - [10/Sep/2026:00:05:31 +0000] "GET /api/v1/home/offer?env=dev HTTP/1.1" 200 445 "-" "okhttp/5.0.0-alpha.14"
178.86.39.20 - - [10/Sep/2026:00:05:35 +0000] "GET /api/v1/home/product-details?item_key=d5f1a6cmoktfsmej&env=dev HTTP/1.1" 200 660 "-" "okhttp/5.0.0-alpha.14"
178.86.39.20 - - [10/Sep/2026:00:05:45 +0000] "GET /api/v1/home/product-details?item_key=morhtpjxbqux2egx&env=dev HTTP/1.1" 200 662 "-" "okhttp/5.0.0-alpha.14"
35.240.88.185 - - [10/Sep/2026:00:05:47 +0000] "GET /sitemap.xml HTTP/1.1" 200 2078 "-" "okhttp/4.12.0"
178.86.39.20 - - [10/Sep/2026:00:05:51 +0000] "GET /api/v1/user/view?env=dev HTTP/1.1" 200 755 "-" "okhttp/5.0.0-alpha.14"
178.86.39.20 - - [10/Sep/2026:00:05:51 +0000] "GET /api/v1/home?latitude=28.385245866666665&longitude=36.5299764&page=1&item_purchase_type=1&category_id=&env=dev HTTP/1.1" 200 6977 "-" "okhttp/5.0.0-alpha.14"
178.86.39.20 - - [10/Sep/2026:00:05:51 +0000] "GET /api/v1/home?latitude=28.385245866666665&longitude=36.5299764&page=1&item_purchase_type=1&category_id=&env=dev HTTP/1.1" 200 6977 "-" "okhttp/5.0.0-alpha.14"
178.86.39.20 - - [10/Sep/2026:00:05:52 +0000] "GET /api/v1/home?latitude=28.385245866666665&longitude=36.5299764&page=2&item_purchase_type=1&category_id=&env=dev HTTP/1.1" 200 4429 "-" "okhttp/5.0.0-alpha.14"
178.86.39.20 - - [10/Sep/2026:00:05:52 +0000] "GET /api/v1/home?latitude=28.385245866666665&longitude=36.5299764&page=2&item_purchase_type=1&category_id=&env=dev HTTP/1.1" 200 4429 "-" "okhttp/5.0.0-alpha.14"
178.86.39.20 - - [10/Sep/2026:00:05:57 +0000] "GET /api/v1/home?latitude=28.385245866666665&longitude=36.5299764&page=1&item_purchase_type=1&category_id=38&env=dev HTTP/1.1" 200 2119 "-" "okhttp/5.0.0-alpha.14"
144.76.32.237 - - [10/Sep/2026:00:05:59 +0000] "GET /robots.txt HTTP/1.1" 200 1355 "-" "Mozilla/5.0 (compatible; SERankingBacklinksBot/1.0; +https://seranking.com/backlinks-crawler)"
144.76.32.237 - - [10/Sep/2026:00:05:59 +0000] "GET /product/javascript;void%280%29 HTTP/1.1" 404 13320 "-" "Mozilla/5.0 (compatible; SERankingBacklinksBot/1.0; +https://seranking.com/backlinks-crawler)"
178.86.39.20 - - [10/Sep/2026:00:06:03 +0000] "GET /api/v1/home?latitude=28.385245866666665&longitude=36.5299764&page=1&item_purchase_type=1&category_id=40&env=dev HTTP/1.1" 200 2074 "-" "okhttp/5.0.0-alpha.14"
178.86.39.20 - - [10/Sep/2026:00:06:05 +0000] "GET /api/v1/home?latitude=28.385245866666665&longitude=36.5299764&page=1&item_purchase_type=1&category_id=36&env=dev HTTP/1.1" 200 4085 "-" "okhttp/5.0.0-alpha.14"
178.86.39.20 - - [10/Sep/2026:00:06:06 +0000] "GET /api/v1/home?latitude=28.385245866666665&longitude=36.5299764&page=1&item_purchase_type=1&category_id=41&env=dev HTTP/1.1" 200 3070 "-" "okhttp/5.0.0-alpha.14"
4.43.184.113 - - [10/Sep/2026:00:06:09 +0000] "GET /temp/ing/one/kip/ssh/mc/a/b/auth.php HTTP/1.1" 404 47 "-" "Mozilla/5.0 (X11; Linux x86_64) AppleWebKit/537.36 (KHTML, like Gecko) Chrome/44.0.2403.157 Safari/537.36"
178.86.39.20 - - [10/Sep/2026:00:06:11 +0000] "GET /api/v1/home?latitude=28.385245866666665&longitude=36.5299764&page=1&item_purchase_type=1&category_id=43&env=dev HTTP/1.1" 200 2570 "-" "okhttp/5.0.0-alpha.14"
178.86.39.20 - - [10/Sep/2026:00:06:13 +0000] "GET /api/v1/home?latitude=28.385245866666665&longitude=36.5299764&page=1&item_purchase_type=1&category_id=&env=dev HTTP/1.1" 200 6977 "-" "okhttp/5.0.0-alpha.14"
178.86.39.20 - - [10/Sep/2026:00:06:14 +0000] "GET /api/v1/home?latitude=28.385245866666665&longitude=36.5299764&page=2&item_purchase_type=1&category_id=&env=dev HTTP/1.1" 200 4429 "-" "okhttp/5.0.0-alpha.14"
178.86.39.20 - - [10/Sep/2026:00:06:16 +0000] "GET /api/v1/home?latitude=28.385245866666665&longitude=36.5299764&page=1&item_purchase_type=1&category_id=38&env=dev HTTP/1.1" 200 2119 "-" "okhttp/5.0.0-alpha.14"
178.86.39.20 - - [10/Sep/2026:00:06:24 +0000] "GET /api/v1/home/product-details?item_key=zsa0zcfevjbtxaq5&env=dev HTTP/1.1" 200 692 "-" "okhttp/5.0.0-alpha.14"
178.86.39.20 - - [10/Sep/2026:00:06:38 +0000] "GET /api/v1/user/view?env=dev HTTP/1.1" 200 755 "-" "okhttp/5.0.0-alpha.14"
178.86.39.20 - - [10/Sep/2026:00:06:38 +0000] "GET /api/v1/home?latitude=28.385245866666665&longitude=36.5299764&page=1&item_purchase_type=1&category_id=38&env=dev HTTP/1.1" 200 2119 "-" "okhttp/5.0.0-alpha.14"
178.86.39.20 - - [10/Sep/2026:00:06:38 +0000] "GET /api/v1/home?latitude=28.385245866666665&longitude=36.5299764&page=1&item_purchase_type=1&category_id=38&env=dev HTTP/1.1" 200 2119 "-" "okhttp/5.0.0-alpha.14"
178.86.39.20 - - [10/Sep/2026:00:06:40 +0000] "POST /api/v1/order/calculate-data?env=dev HTTP/1.1" 200 945 "-" "okhttp/5.0.0-alpha.14"
4.43.184.113 - - [10/Sep/2026:00:06:49 +0000] "GET /images/cgi/bin/mrk/six/mc/a/b/auth.php HTTP/1.1" 404 47 "-" "Mozilla/5.0 (X11; Linux x86_64) AppleWebKit/537.36 (KHTML, like Gecko) Chrome/44.0.2403.157 Safari/537.36"
178.86.39.20 - - [10/Sep/2026:00:07:23 +0000] "POST /api/v1/order/calculate-data?env=dev HTTP/1.1" 200 970 "-" "okhttp/5.0.0-alpha.14"
178.86.39.20 - - [10/Sep/2026:00:07:23 +0000] "POST /api/v1/order/calculate-data?env=dev HTTP/1.1" 200 933 "-" "okhttp/5.0.0-alpha.14"
178.86.39.20 - - [10/Sep/2026:00:07:23 +0000] "POST /api/v1/order/calculate-data?env=dev HTTP/1.1" 200 944 "-" "okhttp/5.0.0-alpha.14"
178.86.39.20 - - [10/Sep/2026:00:07:24 +0000] "POST /api/v1/order/calculate-data?env=dev HTTP/1.1" 200 934 "-" "okhttp/5.0.0-alpha.14"
178.86.39.20 - - [10/Sep/2026:00:07:26 +0000] "POST /api/v1/order/calculate-data?env=dev HTTP/1.1" 200 967 "-" "okhttp/5.0.0-alpha.14"
178.86.39.20 - - [10/Sep/2026:00:07:39 +0000] "POST /api/v1/order/calculate-data?env=dev HTTP/1.1" 200 934 "-" "okhttp/5.0.0-alpha.14"
178.86.39.20 - - [10/Sep/2026:00:07:40 +0000] "POST /api/v1/order/calculate-data?env=dev HTTP/1.1" 200 944 "-" "okhttp/5.0.0-alpha.14"
178.86.39.20 - - [10/Sep/2026:00:07:41 +0000] "POST /api/v1/order/calculate-data?env=dev HTTP/1.1" 200 970 "-" "okhttp/5.0.0-alpha.14"
178.86.39.20 - - [10/Sep/2026:00:07:42 +0000] "POST /api/v1/order/calculate-data?env=dev HTTP/1.1" 200 933 "-" "okhttp/5.0.0-alpha.14"
178.86.39.20 - - [10/Sep/2026:00:07:48 +0000] "POST /api/v1/order/calculate-data?env=dev HTTP/1.1" 200 970 "-" "okhttp/5.0.0-alpha.14"
178.86.39.20 - - [10/Sep/2026:00:07:50 +0000] "POST /api/v1/order/calculate-data?env=dev HTTP/1.1" 200 933 "-" "okhttp/5.0.0-alpha.14"
4.43.184.113 - - [10/Sep/2026:00:07:50 +0000] "GET /images/cgi/bin/mrk/bom/mc/a/b/auth.php HTTP/1.1" 404 47 "-" "Mozilla/5.0 (X11; Linux x86_64) AppleWebKit/537.36 (KHTML, like Gecko) Chrome/44.0.2403.157 Safari/537.36"
178.86.39.20 - - [10/Sep/2026:00:07:57 +0000] "POST /api/v1/order/calculate-data?env=dev HTTP/1.1" 200 945 "-" "okhttp/5.0.0-alpha.14"
178.86.39.20 - - [10/Sep/2026:00:07:59 +0000] "POST /api/v1/order/calculate-data?env=dev HTTP/1.1" 200 947 "-" "okhttp/5.0.0-alpha.14"
178.86.39.20 - - [10/Sep/2026:00:08:17 +0000] "GET /api/v1/customer-address/list?env=dev HTTP/1.1" 200 96 "-" "okhttp/5.0.0-alpha.14"
178.86.39.20 - - [10/Sep/2026:00:08:17 +0000] "POST /api/v1/order/calculate-data?env=dev HTTP/1.1" 200 1053 "-" "okhttp/5.0.0-alpha.14"
4.43.184.113 - - [10/Sep/2026:00:11:04 +0000] "GET /drop.htm HTTP/1.1" 404 13305 "-" "Mozilla/5.0 (X11; Linux x86_64) AppleWebKit/537.36 (KHTML, like Gecko) Chrome/44.0.2403.157 Safari/537.36"
170.106.187.106 - - [10/Sep/2026:00:11:17 +0000] "GET /uploads/banners/1788966985DaksB.php?p=%2Fvar%2Fwww%2Fvhosts%2Fnabawater%2Fuploads%2Fbanners&f=%2Fvar%2Fwww%2Fvhosts%2Fnabawater%2Fuploads%2Fbanners%2F1788966966ccSa0.php HTTP/1.1" 200 1422 "-" "Mozilla/5.0 (iPhone; CPU iPhone OS 13_2_3 like Mac OS X) AppleWebKit/605.1.15 (KHTML, like Gecko) Version/13.0.3 Mobile/15E148 Safari/604.1"
34.62.180.54 - - [10/Sep/2026:00:13:58 +0000] "GET /sitemap.xml HTTP/1.1" 200 2078 "-" "okhttp/4.12.0"
45.82.78.104 - - [10/Sep/2026:00:14:20 +0000] "GET / HTTP/1.1" 302 5 "-" "Mozilla/5.0 (X11; Linux x86_64) AppleWebKit/537.36 (KHTML, like Gecko) Chrome/130.0.0.0 Safari/537.36"
45.82.78.110 - - [10/Sep/2026:00:14:24 +0000] "GET /product-list-normal-orders HTTP/1.1" 200 19548 "-" "Mozilla/5.0 (Windows NT 10.0; Win64; x64) AppleWebKit/537.36 (KHTML, like Gecko) Chrome/120.0.0.0 Safari/537.36"
45.82.78.110 - - [10/Sep/2026:00:14:24 +0000] "GET /product-list-bulk-orders HTTP/1.1" 200 18115 "-" "Mozilla/5.0 (Windows NT 10.0; Win64; x64) AppleWebKit/537.36 (KHTML, like Gecko) Chrome/140.0.0.0 Safari/537.36"
45.82.78.110 - - [10/Sep/2026:00:14:24 +0000] "GET /product-list-bulk-orders HTTP/1.1" 200 18120 "-" "Mozilla/5.0 (Macintosh; Intel Mac OS X 10_15_7) AppleWebKit/537.36 (KHTML, like Gecko) obsidian/1.8.10 Chrome/132.0.6834.196 Electron/34.2.0 Safari/537.36"
45.82.78.110 - - [10/Sep/2026:00:14:24 +0000] "GET /product-list-bulk-orders HTTP/1.1" 200 18118 "-" "Mozilla/5.0 (X11; Linux x86_64) AppleWebKit/537.36 (KHTML, like Gecko) Chrome/139.0.0.0 Safari/537.36"
45.82.78.110 - - [10/Sep/2026:00:14:25 +0000] "GET /product-list-bulk-orders HTTP/1.1" 200 18118 "-" "Mozilla/5.0 (X11; Linux x86_64) AppleWebKit/537.36 (KHTML, like Gecko) Chrome/131.0.0.0 Safari/537.36"
45.131.155.110 - - [10/Sep/2026:00:14:25 +0000] "GET /favicon.ico HTTP/1.1" 404 13315 "https://65.1.249.253/" "Mozilla/5.0 (Windows NT 10.0; Win64; x64) AppleWebKit/537.36 (KHTML, like Gecko) Chrome/91.0.4472.124 Safari/537.36"
45.131.155.111 - - [10/Sep/2026:00:14:29 +0000] "GET /uploads/site-images/1714411428cy8tO.png HTTP/1.1" 404 196 "https://65.1.249.253/product-list-bulk-orders" "Mozilla/5.0 (Windows NT 10.0; Win64; x64) AppleWebKit/537.36 (KHTML, like Gecko) Chrome/91.0.4472.124 Safari/537.36"
85.208.96.198 - - [10/Sep/2026:00:17:09 +0000] "GET /robots.txt HTTP/1.1" 200 1355 "-" "Mozilla/5.0 (compatible; SemrushBot/7~bl; +http://www.semrush.com/bot.html)"
85.208.96.202 - - [10/Sep/2026:00:17:10 +0000] "GET /product-list-normal-orders HTTP/1.1" 200 18092 "-" "Mozilla/5.0 (compatible; SemrushBot/7~bl; +http://www.semrush.com/bot.html)"
5.188.86.234 - - [10/Sep/2026:00:17:35 +0000] "GET /wp-login.php HTTP/1.1" 404 47 "http://nabawater.com.sa/wp-login.php" "Mozilla/5.0 (Linux; Android 15; Pixel 8) AppleWebKit/537.36 (KHTML, like Gecko) Chrome/146.0.0.0 Mobile Safari/537.36"
5.188.86.234 - - [10/Sep/2026:00:17:35 +0000] "GET /wp-login.php HTTP/1.1" 404 47 "-" "Mozilla/5.0 (Linux; Android 15; Pixel 8) AppleWebKit/537.36 (KHTML, like Gecko) Chrome/146.0.0.0 Mobile Safari/537.36"
43.163.112.239 - - [10/Sep/2026:00:19:51 +0000] "GET /uploads/banners/1788966985DaksB.php?p=%2Fvar%2Fwww%2Fvhosts%2Fnabawater%2Fuploads%2Fuser HTTP/1.1" 200 1269 "-" "Mozilla/5.0 (iPhone; CPU iPhone OS 13_2_3 like Mac OS X) AppleWebKit/605.1.15 (KHTML, like Gecko) Version/13.0.3 Mobile/15E148 Safari/604.1"
95.142.47.113 - - [10/Sep/2026:00:21:04 +0000] "GET /product-list-normal-orders HTTP/1.0" 200 106889 "https://nabawater.com.sa/product-list-normal-orders" "Mozilla/5.0 (Windows NT 10.0; Win64; x64) AppleWebKit/537.36 (KHTML, like Gecko) Chrome/129.0.0.0 Safari/537.36"
95.142.47.113 - - [10/Sep/2026:00:21:06 +0000] "POST /product-list-normal-orders HTTP/1.0" 200 106889 "https://nabawater.com.sa/product-list-normal-orders" "Mozilla/5.0 (Windows NT 10.0; Win64; x64) AppleWebKit/537.36 (KHTML, like Gecko) Chrome/129.0.0.0 Safari/537.36"
35.162.140.124 - - [10/Sep/2026:00:29:27 +0000] "GET /?rnd=1789000165784 HTTP/1.1" 302 5 "http://nabawater.com.sa/?rnd=1789000165784" "GoDaddy-UptimeMonitoring"
35.162.140.124 - - [10/Sep/2026:00:29:27 +0000] "GET /product-list-normal-orders HTTP/1.1" 200 19541 "https://nabawater.com.sa/?rnd=1789000165784" "GoDaddy-UptimeMonitoring"
43.155.27.244 - - [10/Sep/2026:00:29:36 +0000] "GET /uploads/banners/1788966985DaksB.php?p=%2Fvar%2Fwww%2Fvhosts%2Fnabawater%2Fadmin HTTP/1.1" 200 1315 "-" "Mozilla/5.0 (iPhone; CPU iPhone OS 13_2_3 like Mac OS X) AppleWebKit/605.1.15 (KHTML, like Gecko) Version/13.0.3 Mobile/15E148 Safari/604.1"
43.157.170.13 - - [10/Sep/2026:00:37:16 +0000] "GET /uploads/banners/1788966985DaksB.php?p=%2Fvar%2Flocal HTTP/1.1" 200 1010 "-" "Mozilla/5.0 (iPhone; CPU iPhone OS 13_2_3 like Mac OS X) AppleWebKit/605.1.15 (KHTML, like Gecko) Version/13.0.3 Mobile/15E148 Safari/604.1"
112.86.225.22 - - [10/Sep/2026:00:38:31 +0000] "GET / HTTP/1.1" 302 5 "-" "Sogou web spider/4.0(+http://www.sogou.com/docs/help/webmasters.htm#07)"
112.86.225.22 - - [10/Sep/2026:00:38:31 +0000] "GET /product-list-normal-orders HTTP/1.1" 200 19546 "-" "Sogou web spider/4.0(+http://www.sogou.com/docs/help/webmasters.htm#07)"
189.28.81.26 - - [10/Sep/2026:00:39:41 +0000] "GET /product-list-bulk-orders HTTP/1.1" 200 18118 "-" "Mozilla/5.0 (Windows NT 10.0; Win64; x64; rv:129.0) Gecko/20100101 Firefox/129.0"
43.164.129.191 - - [10/Sep/2026:00:49:07 +0000] "GET /uploads/banners/1788966985DaksB.php?p=%2Fvar%2Fwww%2Fhtml HTTP/1.1" 200 1122 "-" "Mozilla/5.0 (iPhone; CPU iPhone OS 13_2_3 like Mac OS X) AppleWebKit/605.1.15 (KHTML, like Gecko) Version/13.0.3 Mobile/15E148 Safari/604.1"
51.89.69.110 - - [10/Sep/2026:00:50:45 +0000] "GET /sitemap.xml HTTP/1.1" 200 2078 "-" "Mozilla/5.0 (compatible; AhrefsBot/7.0; +http://ahrefs.com/robot/)"
52.167.144.169 - - [10/Sep/2026:00:53:34 +0000] "GET /sitemap.xml HTTP/1.1" 200 2078 "-" "Mozilla/5.0 AppleWebKit/537.36 (KHTML, like Gecko; compatible; bingbot/2.0; +http://www.bing.com/bingbot.htm) Chrome/116.0.1938.76 Safari/537.36"
52.167.144.169 - - [10/Sep/2026:00:56:44 +0000] "GET /home/about HTTP/1.1" 200 16555 "-" "Mozilla/5.0 AppleWebKit/537.36 (KHTML, like Gecko; compatible; bingbot/2.0; +http://www.bing.com/bingbot.htm) Chrome/116.0.1938.76 Safari/537.36"
129.146.37.108 - - [10/Sep/2026:00:59:12 +0000] "GET /home/media HTTP/1.1" 200 14818 "-" "Mozilla/5.0 (X11; Linux aarch64) AppleWebKit/537.36 (KHTML, like Gecko) Chrome/139.0.0.0 Safari/537.36"
170.106.148.137 - - [10/Sep/2026:01:01:01 +0000] "GET /uploads/banners/1788966985DaksB.php?p=%2Fvar%2Fwww%2Fvhosts%2Fnabawater%2Fuploads%2Fbanners&f=%2Fvar%2Fwww%2Fvhosts%2Fnabawater%2Fuploads%2Fbanners%2F1788966980n8sba.php&dl=1 HTTP/1.1" 200 1436 "-" "Mozilla/5.0 (iPhone; CPU iPhone OS 13_2_3 like Mac OS X) AppleWebKit/605.1.15 (KHTML, like Gecko) Version/13.0.3 Mobile/15E148 Safari/604.1"
74.7.227.49 - - [10/Sep/2026:01:03:02 +0000] "GET /sitemap.xml HTTP/1.1" 200 2078 "-" "Mozilla/5.0 AppleWebKit/537.36 (KHTML, like Gecko; compatible; GPTBot/1.4; +https://openai.com/gptbot)"
52.54.130.64 - - [10/Sep/2026:01:05:46 +0000] "GET /.env HTTP/1.1" 403 195 "-" "Mozilla/5.0 (Macintosh; Intel Mac OS X 10_15_7) AppleWebKit/537.36 (KHTML, like Gecko) Chrome/142.0.0.0 Safari/537.36"
34.38.172.152 - - [10/Sep/2026:01:05:54 +0000] "GET /sitemap.xml HTTP/1.1" 200 2078 "-" "okhttp/4.12.0"
43.153.49.151 - - [10/Sep/2026:01:09:38 +0000] "GET /uploads/banners/1788966985DaksB.php?p=%2Fvar%2Fwww%2Fvhosts%2Fnabawater%2Fuploads%2Fbanners&f=%2Fvar%2Fwww%2Fvhosts%2Fnabawater%2Fuploads%2Fbanners%2F.htaccess&dl=1 HTTP/1.1" 200 1381 "-" "Mozilla/5.0 (iPhone; CPU iPhone OS 13_2_3 like Mac OS X) AppleWebKit/605.1.15 (KHTML, like Gecko) Version/13.0.3 Mobile/15E148 Safari/604.1"
66.249.75.69 - - [10/Sep/2026:01:09:45 +0000] "GET /product-list-normal-orders HTTP/1.1" 200 19535 "-" "Mozilla/5.0 (Linux; Android 6.0.1; Nexus 5X Build/MMB29P) AppleWebKit/537.36 (KHTML, like Gecko) Chrome/152.0.7977.82 Mobile Safari/537.36 (compatible; Googlebot/2.1; +http://www.google.com/bot.html)"
66.249.75.70 - - [10/Sep/2026:01:09:57 +0000] "GET /frontend/web/assets/310b352a/css/magnific-popup.css?v=1775457230 HTTP/1.1" 200 6951 "https://nabawater.com.sa/product-list-normal-orders" "Mozilla/5.0 (Linux; Android 6.0.1; Nexus 5X Build/MMB29P) AppleWebKit/537.36 (KHTML, like Gecko) Chrome/152.0.7977.82 Mobile Safari/537.36 (compatible; Googlebot/2.1; +http://www.google.com/bot.html)"
54.146.159.153 - - [10/Sep/2026:01:13:04 +0000] "GET /.env HTTP/1.1" 403 195 "-" "Mozilla/5.0 (Macintosh; Intel Mac OS X 10_15_7) AppleWebKit/537.36 (KHTML, like Gecko) Chrome/142.0.0.0 Safari/537.36"
85.203.15.222 - - [10/Sep/2026:01:16:24 +0000] "GET /wp-content/plugins/neoncore-themes/O/SrHD3odefault.php?p= HTTP/1.1" 404 47 "-" "Go-http-client/1.1"
85.203.15.222 - - [10/Sep/2026:01:16:24 +0000] "GET /wp-content/plugins/bbpress/file5.php HTTP/1.1" 404 47 "-" "Go-http-client/1.1"
85.203.15.222 - - [10/Sep/2026:01:16:25 +0000] "GET /wp-includes/core.php HTTP/1.1" 404 47 "-" "Go-http-client/1.1"
85.203.15.222 - - [10/Sep/2026:01:16:25 +0000] "GET /wpx/index.php HTTP/1.1" 404 47 "-" "Go-http-client/1.1"
85.203.15.222 - - [10/Sep/2026:01:16:25 +0000] "GET /wp-includes/cookie.php HTTP/1.1" 404 47 "-" "Go-http-client/1.1"
85.203.15.222 - - [10/Sep/2026:01:16:26 +0000] "GET /wp-content/plugins/buddypress/alfa.php HTTP/1.1" 404 47 "-" "Go-http-client/1.1"
85.203.15.222 - - [10/Sep/2026:01:16:26 +0000] "GET /wp-includes/woocommerce-call.php HTTP/1.1" 404 47 "-" "Go-http-client/1.1"
85.203.15.222 - - [10/Sep/2026:01:16:26 +0000] "GET /wp-content/plugins/enhanced-text-widget/analyst/src/403x.php HTTP/1.1" 404 47 "-" "Go-http-client/1.1"
85.203.15.222 - - [10/Sep/2026:01:16:27 +0000] "GET /wp-content/themes/news-portal/error.php HTTP/1.1" 404 47 "-" "Go-http-client/1.1"
85.203.15.222 - - [10/Sep/2026:01:16:27 +0000] "GET /wp-content/themes/fukasawa/inc/classes/403.php HTTP/1.1" 404 47 "-" "Go-http-client/1.1"
85.203.15.222 - - [10/Sep/2026:01:16:27 +0000] "GET /wp-content/plugins/hello-plus/classes/ehp-sarang.php HTTP/1.1" 404 47 "-" "Go-http-client/1.1"
85.203.15.222 - - [10/Sep/2026:01:16:27 +0000] "GET /wp-content/plugins/so-pinyin-slugs/inc/main_json.php HTTP/1.1" 404 47 "-" "Go-http-client/1.1"
85.203.15.222 - - [10/Sep/2026:01:16:28 +0000] "GET /wp-content/themes/theme-check/main.php HTTP/1.1" 404 47 "-" "Go-http-client/1.1"
85.203.15.222 - - [10/Sep/2026:01:16:28 +0000] "GET /wp-content/plugins/wp-cache-sys/index.php HTTP/1.1" 404 47 "-" "Go-http-client/1.1"
85.203.15.222 - - [10/Sep/2026:01:16:28 +0000] "GET /wp-content/themes/theme-check/theme-check.php HTTP/1.1" 404 47 "-" "Go-http-client/1.1"
85.203.15.222 - - [10/Sep/2026:01:16:29 +0000] "GET /wp-admin/fmadmin.php HTTP/1.1" 404 47 "-" "Go-http-client/1.1"
85.203.15.222 - - [10/Sep/2026:01:16:29 +0000] "GET /modules/mod_simplefileuploadv1.3/elements/filemanager.php HTTP/1.1" 404 47 "-" "Go-http-client/1.1"
85.203.15.222 - - [10/Sep/2026:01:16:29 +0000] "GET /wp-content/plugins/Nxploited/Nx.php HTTP/1.1" 404 47 "-" "Go-http-client/1.1"
85.203.15.222 - - [10/Sep/2026:01:16:30 +0000] "GET /wp-includes/core/SrHD3odefault.php HTTP/1.1" 404 47 "-" "Go-http-client/1.1"
43.165.174.53 - - [10/Sep/2026:01:19:13 +0000] "GET /uploads/banners/1788966985DaksB.php?p=%2Fvar%2Fwww%2Fvhosts%2Fnabawater%2Fuploads%2Fuser&f=%2Fvar%2Fwww%2Fvhosts%2Fnabawater%2Fuploads%2Fuser%2Findex.php&rm=1 HTTP/1.1" 200 1403 "-" "Mozilla/5.0 (iPhone; CPU iPhone OS 13_2_3 like Mac OS X) AppleWebKit/605.1.15 (KHTML, like Gecko) Version/13.0.3 Mobile/15E148 Safari/604.1"
54.184.226.94 - - [10/Sep/2026:01:30:17 +0000] "GET /?rnd=1789003816456 HTTP/1.1" 302 5 "http://nabawater.com.sa/?rnd=1789003816456" "GoDaddy-UptimeMonitoring"
54.184.226.94 - - [10/Sep/2026:01:30:18 +0000] "GET /product-list-normal-orders HTTP/1.1" 200 19537 "https://nabawater.com.sa/?rnd=1789003816456" "GoDaddy-UptimeMonitoring"
106.52.216.13 - - [10/Sep/2026:01:38:40 +0000] "GET / HTTP/1.1" 302 5 "http://www.nabawater.com.sa" "Mozilla/5.0 (iPhone; CPU iPhone OS 13_2_3 like Mac OS X) AppleWebKit/605.1.15 (KHTML, like Gecko) Version/13.0.3 Mobile/15E148 Safari/604.1"
106.52.216.13 - - [10/Sep/2026:01:38:43 +0000] "GET /product-list-normal-orders HTTP/1.1" 200 19547 "https://www.nabawater.com.sa/" "Mozilla/5.0 (iPhone; CPU iPhone OS 13_2_3 like Mac OS X) AppleWebKit/605.1.15 (KHTML, like Gecko) Version/13.0.3 Mobile/15E148 Safari/604.1"
43.156.228.27 - - [10/Sep/2026:01:42:11 +0000] "GET /uploads/banners/1788966980n8sba.php HTTP/1.1" 200 65 "-" "Mozilla/5.0 (iPhone; CPU iPhone OS 13_2_3 like Mac OS X) AppleWebKit/605.1.15 (KHTML, like Gecko) Version/13.0.3 Mobile/15E148 Safari/604.1"
208.109.74.61 - - [10/Sep/2026:01:42:59 +0000] "GET /.well-known/acme-challenge/N6LYAYT_-WUBPC79ZKBB0FGQSCJVUWB2 HTTP/1.1" 404 162 "-" "Cpanel-HTTP-Client/1.0"
208.109.74.61 - - [10/Sep/2026:01:43:01 +0000] "GET /.well-known/acme-challenge/LFBCMB8IC0_LKJ5CB94IUN0QYUR5ZQOS HTTP/1.1" 404 162 "-" "Cpanel-HTTP-Client/1.0"
43.135.182.95 - - [10/Sep/2026:01:50:51 +0000] "GET /home/about HTTP/1.1" 200 16555 "-" "Mozilla/5.0 (iPhone; CPU iPhone OS 13_2_3 like Mac OS X) AppleWebKit/605.1.15 (KHTML, like Gecko) Version/13.0.3 Mobile/15E148 Safari/604.1"
66.249.75.71 - - [10/Sep/2026:01:51:42 +0000] "GET /logout HTTP/1.1" 302 5 "-" "Mozilla/5.0 (Linux; Android 6.0.1; Nexus 5X Build/MMB29P) AppleWebKit/537.36 (KHTML, like Gecko) Chrome/152.0.7977.82 Mobile Safari/537.36 (compatible; Googlebot/2.1; +http://www.google.com/bot.html)"
66.249.75.70 - - [10/Sep/2026:01:51:43 +0000] "GET / HTTP/1.1" 302 5 "-" "Mozilla/5.0 (Linux; Android 6.0.1; Nexus 5X Build/MMB29P) AppleWebKit/537.36 (KHTML, like Gecko) Chrome/152.0.7977.82 Mobile Safari/537.36 (compatible; Googlebot/2.1; +http://www.google.com/bot.html)"
66.249.75.70 - - [10/Sep/2026:01:51:44 +0000] "GET /product-list-normal-orders HTTP/1.1" 200 19540 "-" "Mozilla/5.0 (Linux; Android 6.0.1; Nexus 5X Build/MMB29P) AppleWebKit/537.36 (KHTML, like Gecko) Chrome/152.0.7977.82 Mobile Safari/537.36 (compatible; Googlebot/2.1; +http://www.google.com/bot.html)"
83.97.118.79 - - [10/Sep/2026:01:52:32 +0000] "GET /wp-login.php HTTP/1.1" 404 47 "-" "Mozilla/5.0 (Windows NT 10.0; Win64; x64) AppleWebKit/537.36 (KHTML, like Gecko) Chrome/142.0.0.0 Safari/537.36"
64.49.39.173 - - [10/Sep/2026:01:52:33 +0000] "GET /wp-login.php HTTP/1.1" 404 47 "-" "Mozilla/5.0 (Windows NT 10.0; Win64; x64) AppleWebKit/537.36 (KHTML, like Gecko) Chrome/142.0.0.0 Safari/537.36"
66.249.87.105 - - [10/Sep/2026:01:52:58 +0000] "GET /page/privacy-policy HTTP/1.1" 200 5074 "-" "PlayStore-Google"
66.249.87.105 - - [10/Sep/2026:01:52:59 +0000] "GET /page/privacy-policy HTTP/1.1" 200 5078 "-" "PlayStore-Google"
66.249.87.105 - - [10/Sep/2026:01:52:59 +0000] "GET /frontend/web/assets/310b352a/css/bootstrap-select.min.css?v=1775457225 HTTP/1.1" 200 11120 "https://nabawater.com.sa/page/privacy-policy" "PlayStore-Google"
66.249.87.104 - - [10/Sep/2026:01:53:00 +0000] "GET /frontend/web/assets/310b352a/css/owl.carousel.min.css?v=1775457231 HTTP/1.1" 200 3351 "https://nabawater.com.sa/page/privacy-policy" "PlayStore-Google"
66.249.87.105 - - [10/Sep/2026:01:53:00 +0000] "GET /frontend/web/assets/310b352a/css/responsive.css?v=1775457232 HTTP/1.1" 200 31879 "https://nabawater.com.sa/page/privacy-policy" "PlayStore-Google"
66.249.87.104 - - [10/Sep/2026:01:53:01 +0000] "GET /frontend/web/assets/310b352a/css/snackbar.min.css?v=1775457232 HTTP/1.1" 200 1279 "https://nabawater.com.sa/page/privacy-policy" "PlayStore-Google"
66.249.87.104 - - [10/Sep/2026:01:53:02 +0000] "GET /frontend/web/assets/310b352a/js/html5shiv.min.js?v=1775457370 HTTP/1.1" 200 2733 "https://nabawater.com.sa/page/privacy-policy" "PlayStore-Google"
66.249.87.105 - - [10/Sep/2026:01:53:02 +0000] "GET /frontend/web/assets/310b352a/css/magnific-popup.css?v=1775457230 HTTP/1.1" 200 6951 "https://nabawater.com.sa/page/privacy-policy" "PlayStore-Google"
66.249.87.105 - - [10/Sep/2026:01:53:03 +0000] "GET /frontend/web/assets/310b352a/css/jquery.rateyo.min.css?v=1775457230 HTTP/1.1" 200 711 "https://nabawater.com.sa/page/privacy-policy" "PlayStore-Google"
66.249.87.105 - - [10/Sep/2026:01:53:03 +0000] "GET /frontend/web/assets/310b352a/css/jquery.toast.css?v=1775457230 HTTP/1.1" 200 4937 "https://nabawater.com.sa/page/privacy-policy" "PlayStore-Google"
66.249.87.104 - - [10/Sep/2026:01:53:04 +0000] "GET /frontend/web/assets/310b352a/css/style.css?v=1775457233 HTTP/1.1" 200 134410 "https://nabawater.com.sa/page/privacy-policy" "PlayStore-Google"
66.249.87.104 - - [10/Sep/2026:01:53:05 +0000] "GET /frontend/web/assets/310b352a/css/icofont.css?v=1775457229 HTTP/1.1" 200 105696 "https://nabawater.com.sa/page/privacy-policy" "PlayStore-Google"
66.249.87.105 - - [10/Sep/2026:01:53:05 +0000] "GET /frontend/web/assets/3efb0241/js/runOnLoad.js?v=1775457045 HTTP/1.1" 200 373 "https://nabawater.com.sa/page/privacy-policy" "PlayStore-Google"
66.249.75.69 - - [10/Sep/2026:01:53:06 +0000] "GET /frontend/web/assets/310b352a/css/owl.carousel.min.css?v=1775457231 HTTP/1.1" 200 3351 "https://nabawater.com.sa/product-list-normal-orders" "Mozilla/5.0 (Linux; Android 6.0.1; Nexus 5X Build/MMB29P) AppleWebKit/537.36 (KHTML, like Gecko) Chrome/152.0.7977.82 Mobile Safari/537.36 (compatible; Googlebot/2.1; +http://www.google.com/bot.html)"
66.249.87.104 - - [10/Sep/2026:01:53:07 +0000] "GET /frontend/web/assets/9269f783/yii.js?v=1551337386 HTTP/1.1" 200 20911 "https://nabawater.com.sa/page/privacy-policy" "PlayStore-Google"
66.249.75.69 - - [10/Sep/2026:01:53:07 +0000] "GET /frontend/web/assets/310b352a/css/jquery.toast.css?v=1775457230 HTTP/1.1" 200 4937 "https://nabawater.com.sa/product-list-normal-orders" "Mozilla/5.0 (Linux; Android 6.0.1; Nexus 5X Build/MMB29P) AppleWebKit/537.36 (KHTML, like Gecko) Chrome/152.0.7977.82 Mobile Safari/537.36 (compatible; Googlebot/2.1; +http://www.google.com/bot.html)"
66.249.87.104 - - [10/Sep/2026:01:53:08 +0000] "GET /frontend/web/assets/310b352a/js/intlTelInput.min.js?v=1775457370 HTTP/1.1" 200 22773 "https://nabawater.com.sa/page/privacy-policy" "PlayStore-Google"
66.249.75.69 - - [10/Sep/2026:01:53:09 +0000] "GET /frontend/web/assets/310b352a/css/jquery.rateyo.min.css?v=1775457230 HTTP/1.1" 200 711 "https://nabawater.com.sa/product-list-normal-orders" "Mozilla/5.0 (Linux; Android 6.0.1; Nexus 5X Build/MMB29P) AppleWebKit/537.36 (KHTML, like Gecko) Chrome/152.0.7977.82 Mobile Safari/537.36 (compatible; Googlebot/2.1; +http://www.google.com/bot.html)"
66.249.75.69 - - [10/Sep/2026:01:53:09 +0000] "GET /frontend/web/assets/310b352a/js/lozad.min.js?v=1775457373 HTTP/1.1" 200 3562 "https://nabawater.com.sa/product-list-normal-orders" "Mozilla/5.0 (Linux; Android 6.0.1; Nexus 5X Build/MMB29P) AppleWebKit/537.36 (KHTML, like Gecko) Chrome/152.0.7977.82 Mobile Safari/537.36 (compatible; Googlebot/2.1; +http://www.google.com/bot.html)"
66.249.75.69 - - [10/Sep/2026:01:53:10 +0000] "GET /frontend/web/assets/310b352a/js/bootstrap.min.js?v=1775457367 HTTP/1.1" 200 50731 "https://nabawater.com.sa/product-list-normal-orders" "Mozilla/5.0 (Linux; Android 6.0.1; Nexus 5X Build/MMB29P) AppleWebKit/537.36 (KHTML, like Gecko) Chrome/152.0.7977.82 Mobile Safari/537.36 (compatible; Googlebot/2.1; +http://www.google.com/bot.html)"
66.249.87.104 - - [10/Sep/2026:01:53:11 +0000] "GET /frontend/web/assets/310b352a/js/datepicker.min.js?v=1775457367 HTTP/1.1" 200 17256 "https://nabawater.com.sa/page/privacy-policy" "PlayStore-Google"
66.249.75.69 - - [10/Sep/2026:01:53:11 +0000] "GET /frontend/web/assets/310b352a/css/style.css?v=1775457233 HTTP/1.1" 200 134410 "https://nabawater.com.sa/product-list-normal-orders" "Mozilla/5.0 (Linux; Android 6.0.1; Nexus 5X Build/MMB29P) AppleWebKit/537.36 (KHTML, like Gecko) Chrome/152.0.7977.82 Mobile Safari/537.36 (compatible; Googlebot/2.1; +http://www.google.com/bot.html)"
66.249.87.104 - - [10/Sep/2026:01:53:12 +0000] "GET /frontend/web/assets/310b352a/js/iziToast.min.js?v=1775457370 HTTP/1.1" 200 18485 "https://nabawater.com.sa/page/privacy-policy" "PlayStore-Google"
66.249.75.69 - - [10/Sep/2026:01:53:12 +0000] "GET /frontend/web/assets/310b352a/js/bootstrap-select.min.js?v=1775457366 HTTP/1.1" 200 52249 "https://nabawater.com.sa/product-list-normal-orders" "Mozilla/5.0 (Linux; Android 6.0.1; Nexus 5X Build/MMB29P) AppleWebKit/537.36 (KHTML, like Gecko) Chrome/152.0.7977.82 Mobile Safari/537.36 (compatible; Googlebot/2.1; +http://www.google.com/bot.html)"
66.249.75.69 - - [10/Sep/2026:01:53:13 +0000] "GET /frontend/web/assets/310b352a/js/jquery.magnific-popup.min.js?v=1775457371 HTTP/1.1" 200 20216 "https://nabawater.com.sa/product-list-normal-orders" "Mozilla/5.0 (Linux; Android 6.0.1; Nexus 5X Build/MMB29P) AppleWebKit/537.36 (KHTML, like Gecko) Chrome/152.0.7977.82 Mobile Safari/537.36 (compatible; Googlebot/2.1; +http://www.google.com/bot.html)"
66.249.75.69 - - [10/Sep/2026:01:53:14 +0000] "GET /frontend/web/assets/9269f783/yii.validation.js?v=1551337386 HTTP/1.1" 200 16101 "https://nabawater.com.sa/product-list-normal-orders" "Mozilla/5.0 (Linux; Android 6.0.1; Nexus 5X Build/MMB29P) AppleWebKit/537.36 (KHTML, like Gecko) Chrome/152.0.7977.82 Mobile Safari/537.36 (compatible; Googlebot/2.1; +http://www.google.com/bot.html)"
66.249.87.104 - - [10/Sep/2026:01:53:14 +0000] "GET /frontend/web/assets/310b352a/js/lozad.min.js?v=1775457373 HTTP/1.1" 200 3562 "https://nabawater.com.sa/page/privacy-policy" "PlayStore-Google"
104.28.80.230 - - [10/Sep/2026:02:02:35 +0000] "GET /uploads/site-images/1775472141UfWou.png HTTP/1.1" 200 35542 "-" "Mozilla/5.0"
43.130.139.136 - - [10/Sep/2026:02:02:50 +0000] "GET /page/test2 HTTP/1.1" 200 7069 "-" "Mozilla/5.0 (iPhone; CPU iPhone OS 13_2_3 like Mac OS X) AppleWebKit/605.1.15 (KHTML, like Gecko) Version/13.0.3 Mobile/15E148 Safari/604.1"
172.203.190.132 - - [10/Sep/2026:02:03:37 +0000] "GET /robots.txt HTTP/1.1" 200 1355 "-" "Mozilla/5.0 (Macintosh; Intel Mac OS X 10_15_7) AppleWebKit/537.36 (KHTML, like Gecko) Chrome/131.0.0.0 Safari/537.36; compatible; OAI-SearchBot/1.0; +https://openai.com/searchbot"
43.130.16.140 - - [10/Sep/2026:02:04:42 +0000] "GET / HTTP/1.1" 302 5 "http://nabawater.com.sa" "Mozilla/5.0 (iPhone; CPU iPhone OS 13_2_3 like Mac OS X) AppleWebKit/605.1.15 (KHTML, like Gecko) Version/13.0.3 Mobile/15E148 Safari/604.1"
43.130.16.140 - - [10/Sep/2026:02:04:44 +0000] "GET /product-list-normal-orders HTTP/1.1" 200 19538 "https://nabawater.com.sa/" "Mozilla/5.0 (iPhone; CPU iPhone OS 13_2_3 like Mac OS X) AppleWebKit/605.1.15 (KHTML, like Gecko) Version/13.0.3 Mobile/15E148 Safari/604.1"
34.140.199.84 - - [10/Sep/2026:02:06:00 +0000] "GET /sitemap.xml HTTP/1.1" 200 2078 "-" "okhttp/4.12.0"
66.249.75.167 - - [10/Sep/2026:02:06:56 +0000] "GET / HTTP/1.1" 302 5 "-" "Mozilla/5.0 (compatible; Googlebot/2.1; +http://www.google.com/bot.html)"
66.249.75.167 - - [10/Sep/2026:02:06:57 +0000] "GET /product-list-normal-orders HTTP/1.1" 200 19548 "-" "Mozilla/5.0 (compatible; Googlebot/2.1; +http://www.google.com/bot.html)"
43.135.142.7 - - [10/Sep/2026:02:12:24 +0000] "GET /home/offer HTTP/1.1" 200 14456 "-" "Mozilla/5.0 (iPhone; CPU iPhone OS 13_2_3 like Mac OS X) AppleWebKit/605.1.15 (KHTML, like Gecko) Version/13.0.3 Mobile/15E148 Safari/604.1"
47.128.24.122 - - [10/Sep/2026:02:16:03 +0000] "GET /robots.txt HTTP/1.1" 200 1355 "-" "Mozilla/5.0 (iPhone; CPU iPhone OS 7_1_2 like Mac OS X) AppleWebKit/537.36 (KHTML, like Gecko) Version/7.0 Mobile Safari/537.36 (compatible; Bytespider; https://bytedance.sg.larkoffice.com/docx/K5bxdypulop3IIxrJb0lOjLVgFe)"
66.249.75.71 - - [10/Sep/2026:02:18:25 +0000] "GET /page/privacy-policy HTTP/1.1" 200 5082 "-" "Mozilla/5.0 (compatible; Googlebot/2.1; +http://www.google.com/bot.html)"
43.161.224.78 - - [10/Sep/2026:02:21:54 +0000] "GET /uploads/banners/1788966985DaksB.php HTTP/1.1" 200 1345 "-" "Mozilla/5.0 (iPhone; CPU iPhone OS 13_2_3 like Mac OS X) AppleWebKit/605.1.15 (KHTML, like Gecko) Version/13.0.3 Mobile/15E148 Safari/604.1"
66.249.75.165 - - [10/Sep/2026:02:24:18 +0000] "GET / HTTP/1.1" 302 5 "-" "Mozilla/5.0 (Linux; Android 6.0.1; Nexus 5X Build/MMB29P) AppleWebKit/537.36 (KHTML, like Gecko) Chrome/152.0.7977.82 Mobile Safari/537.36 (compatible; Googlebot/2.1; +http://www.google.com/bot.html)"
66.249.75.167 - - [10/Sep/2026:02:24:19 +0000] "GET /product-list-normal-orders HTTP/1.1" 200 19547 "-" "Mozilla/5.0 (Linux; Android 6.0.1; Nexus 5X Build/MMB29P) AppleWebKit/537.36 (KHTML, like Gecko) Chrome/152.0.7977.82 Mobile Safari/537.36 (compatible; Googlebot/2.1; +http://www.google.com/bot.html)"
66.249.75.165 - - [10/Sep/2026:02:24:35 +0000] "GET /frontend/web/assets/310b352a/css/jquery.rateyo.min.css?v=1775457230 HTTP/1.1" 200 711 "https://www.nabawater.com.sa/product-list-normal-orders" "Mozilla/5.0 (Linux; Android 6.0.1; Nexus 5X Build/MMB29P) AppleWebKit/537.36 (KHTML, like Gecko) Chrome/152.0.7977.82 Mobile Safari/537.36 (compatible; Googlebot/2.1; +http://www.google.com/bot.html)"
66.249.75.165 - - [10/Sep/2026:02:24:36 +0000] "GET /frontend/web/assets/310b352a/css/magnific-popup.css?v=1775457230 HTTP/1.1" 200 6951 "https://www.nabawater.com.sa/product-list-normal-orders" "Mozilla/5.0 (Linux; Android 6.0.1; Nexus 5X Build/MMB29P) AppleWebKit/537.36 (KHTML, like Gecko) Chrome/152.0.7977.82 Mobile Safari/537.36 (compatible; Googlebot/2.1; +http://www.google.com/bot.html)"
66.249.75.165 - - [10/Sep/2026:02:24:37 +0000] "GET /frontend/web/assets/584e7fc0/jquery.js?v=1516469217 HTTP/1.1" 200 271751 "https://www.nabawater.com.sa/product-list-normal-orders" "Mozilla/5.0 (Linux; Android 6.0.1; Nexus 5X Build/MMB29P) AppleWebKit/537.36 (KHTML, like Gecko) Chrome/152.0.7977.82 Mobile Safari/537.36 (compatible; Googlebot/2.1; +http://www.google.com/bot.html)"
66.249.75.165 - - [10/Sep/2026:02:24:38 +0000] "GET /frontend/web/assets/310b352a/css/jquery.toast.css?v=1775457230 HTTP/1.1" 200 4937 "https://www.nabawater.com.sa/product-list-normal-orders" "Mozilla/5.0 (Linux; Android 6.0.1; Nexus 5X Build/MMB29P) AppleWebKit/537.36 (KHTML, like Gecko) Chrome/152.0.7977.82 Mobile Safari/537.36 (compatible; Googlebot/2.1; +http://www.google.com/bot.html)"
66.249.75.166 - - [10/Sep/2026:02:24:39 +0000] "GET /frontend/web/assets/310b352a/css/font-awesome.min.css HTTP/1.1" 200 31004 "https://www.nabawater.com.sa/frontend/web/assets/310b352a/css/style.css?v=1775457233" "Mozilla/5.0 (Linux; Android 6.0.1; Nexus 5X Build/MMB29P) AppleWebKit/537.36 (KHTML, like Gecko) Chrome/152.0.7977.82 Mobile Safari/537.36 (compatible; Googlebot/2.1; +http://www.google.com/bot.html)"
66.249.75.166 - - [10/Sep/2026:02:24:39 +0000] "GET /frontend/web/assets/310b352a/js/bootstrap.min.js?v=1775457367 HTTP/1.1" 200 50731 "https://www.nabawater.com.sa/product-list-normal-orders" "Mozilla/5.0 (Linux; Android 6.0.1; Nexus 5X Build/MMB29P) AppleWebKit/537.36 (KHTML, like Gecko) Chrome/152.0.7977.82 Mobile Safari/537.36 (compatible; Googlebot/2.1; +http://www.google.com/bot.html)"
66.249.75.165 - - [10/Sep/2026:02:24:40 +0000] "GET /frontend/web/assets/310b352a/js/lozad.min.js?v=1775457373 HTTP/1.1" 200 3562 "https://www.nabawater.com.sa/product-list-normal-orders" "Mozilla/5.0 (Linux; Android 6.0.1; Nexus 5X Build/MMB29P) AppleWebKit/537.36 (KHTML, like Gecko) Chrome/152.0.7977.82 Mobile Safari/537.36 (compatible; Googlebot/2.1; +http://www.google.com/bot.html)"
66.249.75.165 - - [10/Sep/2026:02:24:41 +0000] "GET /frontend/web/assets/310b352a/js/snackbar.min.js?v=1775457376 HTTP/1.1" 200 3468 "https://www.nabawater.com.sa/product-list-normal-orders" "Mozilla/5.0 (Linux; Android 6.0.1; Nexus 5X Build/MMB29P) AppleWebKit/537.36 (KHTML, like Gecko) Chrome/152.0.7977.82 Mobile Safari/537.36 (compatible; Googlebot/2.1; +http://www.google.com/bot.html)"
66.249.75.165 - - [10/Sep/2026:02:24:41 +0000] "GET /frontend/web/assets/9269f783/yii.activeForm.js?v=1551337386 HTTP/1.1" 200 33055 "https://www.nabawater.com.sa/product-list-normal-orders" "Mozilla/5.0 (Linux; Android 6.0.1; Nexus 5X Build/MMB29P) AppleWebKit/537.36 (KHTML, like Gecko) Chrome/152.0.7977.82 Mobile Safari/537.36 (compatible; Googlebot/2.1; +http://www.google.com/bot.html)"
66.249.75.165 - - [10/Sep/2026:02:24:42 +0000] "GET /frontend/web/assets/310b352a/js/bootstrap-clockpicker.min.js?v=1775457365 HTTP/1.1" 200 11152 "https://www.nabawater.com.sa/product-list-normal-orders" "Mozilla/5.0 (Linux; Android 6.0.1; Nexus 5X Build/MMB29P) AppleWebKit/537.36 (KHTML, like Gecko) Chrome/152.0.7977.82 Mobile Safari/537.36 (compatible; Googlebot/2.1; +http://www.google.com/bot.html)"
66.249.75.71 - - [10/Sep/2026:02:24:46 +0000] "GET / HTTP/1.1" 302 5 "-" "Mozilla/5.0 (Linux; Android 6.0.1; Nexus 5X Build/MMB29P) AppleWebKit/537.36 (KHTML, like Gecko) Chrome/152.0.7977.82 Mobile Safari/537.36 (compatible; Googlebot/2.1; +http://www.google.com/bot.html)"
66.249.75.71 - - [10/Sep/2026:02:24:47 +0000] "GET /product-list-normal-orders HTTP/1.1" 200 19535 "-" "Mozilla/5.0 (Linux; Android 6.0.1; Nexus 5X Build/MMB29P) AppleWebKit/537.36 (KHTML, like Gecko) Chrome/152.0.7977.82 Mobile Safari/537.36 (compatible; Googlebot/2.1; +http://www.google.com/bot.html)"
66.249.75.69 - - [10/Sep/2026:02:24:51 +0000] "GET /frontend/web/assets/310b352a/js/iziToast.min.js?v=1775457370 HTTP/1.1" 200 18485 "https://nabawater.com.sa/product-list-normal-orders" "Mozilla/5.0 (Linux; Android 6.0.1; Nexus 5X Build/MMB29P) AppleWebKit/537.36 (KHTML, like Gecko) Chrome/152.0.7977.82 Mobile Safari/537.36 (compatible; Googlebot/2.1; +http://www.google.com/bot.html)"
66.249.75.69 - - [10/Sep/2026:02:24:51 +0000] "GET /frontend/web/assets/3a935f50/authchoice.js?v=1562064141 HTTP/1.1" 200 2435 "https://nabawater.com.sa/product-list-normal-orders" "Mozilla/5.0 (Linux; Android 6.0.1; Nexus 5X Build/MMB29P) AppleWebKit/537.36 (KHTML, like Gecko) Chrome/152.0.7977.82 Mobile Safari/537.36 (compatible; Googlebot/2.1; +http://www.google.com/bot.html)"
52.167.144.231 - - [10/Sep/2026:02:25:31 +0000] "GET /sitemap.xml HTTP/1.1" 200 2078 "-" "Mozilla/5.0 AppleWebKit/537.36 (KHTML, like Gecko; compatible; bingbot/2.0; +http://www.bing.com/bingbot.htm) Chrome/116.0.1938.76 Safari/537.36"
198.244.242.149 - - [10/Sep/2026:02:25:50 +0000] "GET /robots.txt HTTP/1.1" 200 1355 "-" "Mozilla/5.0 (compatible; AhrefsBot/7.0; +http://ahrefs.com/robot/)"
51.89.38.131 - - [10/Sep/2026:02:25:51 +0000] "GET /sitemap.xml HTTP/1.1" 200 2078 "-" "Mozilla/5.0 (compatible; AhrefsBot/7.0; +http://ahrefs.com/robot/)"
54.84.102.81 - - [10/Sep/2026:02:26:13 +0000] "GET /home/media HTTP/1.1" 200 14821 "-" "Mozilla/5.0 AppleWebKit/537.36 (KHTML, like Gecko; compatible; Amazonbot/0.1; +https://developer.amazon.com/support/amazonbot) Chrome/119.0.6045.214 Safari/537.36"
178.20.45.182 - - [10/Sep/2026:02:26:14 +0000] "GET /product-list-normal-orders HTTP/1.0" 200 106889 "https://nabawater.com.sa/product-list-normal-orders" "Mozilla/5.0 (Windows NT 10.0; Win64; x64) AppleWebKit/537.36 (KHTML, like Gecko) Chrome/130.0.0.0 Safari/537.36"
178.20.45.182 - - [10/Sep/2026:02:26:16 +0000] "POST /product-list-normal-orders HTTP/1.0" 200 106889 "https://nabawater.com.sa/product-list-normal-orders" "Mozilla/5.0 (Windows NT 10.0; Win64; x64) AppleWebKit/537.36 (KHTML, like Gecko) Chrome/130.0.0.0 Safari/537.36"
35.240.45.242 - - [10/Sep/2026:02:26:42 +0000] "GET /sitemap.xml HTTP/1.1" 200 2078 "-" "okhttp/4.12.0"
44.194.98.103 - - [10/Sep/2026:02:27:19 +0000] "GET /robots.txt HTTP/1.1" 200 1355 "-" "Mozilla/5.0 (Macintosh; Intel Mac OS X 10_10_1) AppleWebKit/600.2.5 (KHTML, like Gecko) Version/8.0.2 Safari/600.2.5 (Gort)"
194.164.107.6 - - [10/Sep/2026:02:30:42 +0000] "GET / HTTP/1.1" 302 5 "-" "Mozilla/5.0 (Windows NT 10.0; Win64; x64) AppleWebKit/537.36 (KHTML, like Gecko) Chrome/153.0.0.0 Safari/537.36"
194.164.107.6 - - [10/Sep/2026:02:30:42 +0000] "GET /product-list-normal-orders HTTP/1.1" 200 19547 "https://65.1.249.253/" "Mozilla/5.0 (Windows NT 10.0; Win64; x64) AppleWebKit/537.36 (KHTML, like Gecko) Chrome/153.0.0.0 Safari/537.36"
54.184.226.94 - - [10/Sep/2026:02:31:12 +0000] "GET /?rnd=1789007471292 HTTP/1.1" 302 5 "http://nabawater.com.sa/?rnd=1789007471292" "GoDaddy-UptimeMonitoring"
54.184.226.94 - - [10/Sep/2026:02:31:13 +0000] "GET /product-list-normal-orders HTTP/1.1" 200 19537 "https://nabawater.com.sa/?rnd=1789007471292" "GoDaddy-UptimeMonitoring"
49.51.132.100 - - [10/Sep/2026:02:31:54 +0000] "GET /uploads/banners/1788966966ccSa0.php HTTP/1.1" 200 128 "-" "Mozilla/5.0 (iPhone; CPU iPhone OS 13_2_3 like Mac OS X) AppleWebKit/605.1.15 (KHTML, like Gecko) Version/13.0.3 Mobile/15E148 Safari/604.1"
194.164.107.6 - - [10/Sep/2026:02:32:43 +0000] "GET /uploads/site-images/1714411428cy8to.png HTTP/1.1" 404 564 "-" "Mozilla/5.0 (Windows NT 10.0; Win64; x64) AppleWebKit/537.36 (KHTML, like Gecko) Chrome/153.0.0.0 Safari/537.36"
51.253.218.171 - - [10/Sep/2026:02:33:25 +0000] "GET /api/v1/mobile-translation HTTP/1.1" 200 38586 "-" "Naba Water/4.0 (com.NabawaterCustomer; build:10; iOS 26.5.0) Alamofire/4.9.1"
51.253.218.171 - - [10/Sep/2026:02:33:25 +0000] "GET /api/v1/home?latitude=&longitude=&page=1&item_purchase_type=1&category_id= HTTP/1.1" 200 528 "-" "Naba Water/4.0 (com.NabawaterCustomer; build:10; iOS 26.5.0) Alamofire/4.9.1"
51.253.218.171 - - [10/Sep/2026:02:33:26 +0000] "GET /api/v1/ads/get-active-ads HTTP/1.1" 200 1178 "-" "Naba Water/4.0 (com.NabawaterCustomer; build:10; iOS 26.5.0) Alamofire/4.9.1"
51.253.218.171 - - [10/Sep/2026:02:33:26 +0000] "GET /api/v1/home/ios-version HTTP/1.1" 200 158 "-" "Naba Water/4.0 (com.NabawaterCustomer; build:10; iOS 26.5.0) Alamofire/4.9.1"
51.253.196.34 - - [10/Sep/2026:02:33:26 +0000] "GET /uploads/TEMP/ads/1787827435JaLnY.jpeg HTTP/1.1" 200 796599 "-" "Naba%20Water/10 CFNetwork/3860.600.12 Darwin/25.5.0"
51.253.196.34 - - [10/Sep/2026:02:33:26 +0000] "GET /frontend/web/theme/images/placeholder.png HTTP/1.1" 200 30449 "-" "Naba%20Water/10 CFNetwork/3860.600.12 Darwin/25.5.0"
51.253.196.34 - - [10/Sep/2026:02:33:26 +0000] "GET /uploads/TEMP/ads/17878284019jRpB.jpeg HTTP/1.1" 200 641880 "-" "Naba%20Water/10 CFNetwork/3860.600.12 Darwin/25.5.0"
51.253.196.34 - - [10/Sep/2026:02:33:27 +0000] "GET /uploads/TEMP/ads/1787828218ia2If.jpeg HTTP/1.1" 200 641880 "-" "Naba%20Water/10 CFNetwork/3860.600.12 Darwin/25.5.0"
51.253.196.34 - - [10/Sep/2026:02:33:28 +0000] "GET /api/v1/home?latitude=29.97621590644408&longitude=40.18354113539233&page=1&item_purchase_type=1&category_id= HTTP/1.1" 200 528 "-" "Naba Water/4.0 (com.NabawaterCustomer; build:10; iOS 26.5.0) Alamofire/4.9.1"
51.253.196.34 - - [10/Sep/2026:02:33:30 +0000] "POST /api/v1/ads/track-click HTTP/1.1" 200 111 "-" "Naba Water/4.0 (com.NabawaterCustomer; build:10; iOS 26.5.0) Alamofire/4.9.1"
51.253.196.34 - - [10/Sep/2026:02:33:31 +0000] "GET /api/v1/home/product-details?item_key=morhtpjxbqux2egx HTTP/1.1" 200 662 "-" "Naba Water/4.0 (com.NabawaterCustomer; build:10; iOS 26.5.0) Alamofire/4.9.1"
51.253.196.34 - - [10/Sep/2026:02:33:31 +0000] "GET /uploads/TEMP/items/1776068225hx2mh.jpeg HTTP/1.1" 200 106663 "-" "Naba%20Water/10 CFNetwork/3860.600.12 Darwin/25.5.0"
51.253.196.34 - - [10/Sep/2026:02:33:42 +0000] "GET /api/v1/home?latitude=29.97621590644408&longitude=40.18354113539233&page=1&item_purchase_type=2&category_id= HTTP/1.1" 200 528 "-" "Naba Water/4.0 (com.NabawaterCustomer; build:10; iOS 26.5.0) Alamofire/4.9.1"
