5.163.42.241 - - [10/Sep/2026:05:38:12 +0000] "GET /app/branch/order/index?OrderSearch%5Bbranch_id%5D=&OrderSearch%5Border_number%5D=&OrderSearch%5Border_date_time%5D=2026-09-10&OrderSearch%5Border_total%5D=&OrderSearch%5Bdelivery_option%5D=&OrderSearch%5Border_status%5D=&OrderSearch%5Bpayment_option%5D=&OrderSearch%5Buser_id%5D=&OrderSearch%5Bdeliveryboy_id%5D=&OrderSearch%5Bis_subscription_order_type%5D=&_pjax=%23pjax-grid-view HTTP/1.1" 200 1389 "https://nabawater.com.sa/app/branch/order/index?OrderSearch%5Bbranch_id%5D=&OrderSearch%5Border_number%5D=&OrderSearch%5Border_date_time%5D=2026-09-10&OrderSearch%5Border_total%5D=&OrderSearch%5Bdelivery_option%5D=&OrderSearch%5Border_status%5D=&OrderSearch%5Bpayment_option%5D=&OrderSearch%5Buser_id%5D=&OrderSearch%5Bdeliveryboy_id%5D=&OrderSearch%5Bis_subscription_order_type%5D=" "Mozilla/5.0 (X11; Linux x86_64) AppleWebKit/537.36 (KHTML, like Gecko) Chrome/152.0.0.0 Safari/537.36"
37.187.155.236 - - [10/Sep/2026:05:38:16 +0000] "GET / HTTP/1.1" 302 5 "-" "Mozilla/5.0 (compatible; GeniusDataBot/1.0; +https://geniusdata.com)"
37.187.155.236 - - [10/Sep/2026:05:38:18 +0000] "GET /product-list-normal-orders HTTP/1.1" 200 19534 "-" "Mozilla/5.0 (compatible; GeniusDataBot/1.0; +https://geniusdata.com)"
37.187.155.236 - - [10/Sep/2026:05:38:18 +0000] "GET /home/contact HTTP/1.1" 200 15719 "-" "Mozilla/5.0 (compatible; GeniusDataBot/1.0; +https://geniusdata.com)"
5.163.42.241 - - [10/Sep/2026:05:38:32 +0000] "GET /app/branch/order/index?OrderSearch%5Bbranch_id%5D=&OrderSearch%5Border_number%5D=&OrderSearch%5Border_date_time%5D=2026-09-10&OrderSearch%5Border_total%5D=&OrderSearch%5Bdelivery_option%5D=&OrderSearch%5Border_status%5D=&OrderSearch%5Bpayment_option%5D=&OrderSearch%5Buser_id%5D=&OrderSearch%5Bdeliveryboy_id%5D=&OrderSearch%5Bis_subscription_order_type%5D=&_pjax=%23pjax-grid-view HTTP/1.1" 200 1389 "https://nabawater.com.sa/app/branch/order/index?OrderSearch%5Bbranch_id%5D=&OrderSearch%5Border_number%5D=&OrderSearch%5Border_date_time%5D=2026-09-10&OrderSearch%5Border_total%5D=&OrderSearch%5Bdelivery_option%5D=&OrderSearch%5Border_status%5D=&OrderSearch%5Bpayment_option%5D=&OrderSearch%5Buser_id%5D=&OrderSearch%5Bdeliveryboy_id%5D=&OrderSearch%5Bis_subscription_order_type%5D=" "Mozilla/5.0 (X11; Linux x86_64) AppleWebKit/537.36 (KHTML, like Gecko) Chrome/152.0.0.0 Safari/537.36"
5.163.42.241 - - [10/Sep/2026:05:38:52 +0000] "GET /app/branch/order/index?OrderSearch%5Bbranch_id%5D=&OrderSearch%5Border_number%5D=&OrderSearch%5Border_date_time%5D=2026-09-10&OrderSearch%5Border_total%5D=&OrderSearch%5Bdelivery_option%5D=&OrderSearch%5Border_status%5D=&OrderSearch%5Bpayment_option%5D=&OrderSearch%5Buser_id%5D=&OrderSearch%5Bdeliveryboy_id%5D=&OrderSearch%5Bis_subscription_order_type%5D=&_pjax=%23pjax-grid-view HTTP/1.1" 200 1389 "https://nabawater.com.sa/app/branch/order/index?OrderSearch%5Bbranch_id%5D=&OrderSearch%5Border_number%5D=&OrderSearch%5Border_date_time%5D=2026-09-10&OrderSearch%5Border_total%5D=&OrderSearch%5Bdelivery_option%5D=&OrderSearch%5Border_status%5D=&OrderSearch%5Bpayment_option%5D=&OrderSearch%5Buser_id%5D=&OrderSearch%5Bdeliveryboy_id%5D=&OrderSearch%5Bis_subscription_order_type%5D=" "Mozilla/5.0 (X11; Linux x86_64) AppleWebKit/537.36 (KHTML, like Gecko) Chrome/152.0.0.0 Safari/537.36"
5.163.42.241 - - [10/Sep/2026:05:39:12 +0000] "GET /app/branch/order/index?OrderSearch%5Bbranch_id%5D=&OrderSearch%5Border_number%5D=&OrderSearch%5Border_date_time%5D=2026-09-10&OrderSearch%5Border_total%5D=&OrderSearch%5Bdelivery_option%5D=&OrderSearch%5Border_status%5D=&OrderSearch%5Bpayment_option%5D=&OrderSearch%5Buser_id%5D=&OrderSearch%5Bdeliveryboy_id%5D=&OrderSearch%5Bis_subscription_order_type%5D=&_pjax=%23pjax-grid-view HTTP/1.1" 200 1389 "https://nabawater.com.sa/app/branch/order/index?OrderSearch%5Bbranch_id%5D=&OrderSearch%5Border_number%5D=&OrderSearch%5Border_date_time%5D=2026-09-10&OrderSearch%5Border_total%5D=&OrderSearch%5Bdelivery_option%5D=&OrderSearch%5Border_status%5D=&OrderSearch%5Bpayment_option%5D=&OrderSearch%5Buser_id%5D=&OrderSearch%5Bdeliveryboy_id%5D=&OrderSearch%5Bis_subscription_order_type%5D=" "Mozilla/5.0 (X11; Linux x86_64) AppleWebKit/537.36 (KHTML, like Gecko) Chrome/152.0.0.0 Safari/537.36"
5.163.42.241 - - [10/Sep/2026:05:39:32 +0000] "GET /app/branch/order/index?OrderSearch%5Bbranch_id%5D=&OrderSearch%5Border_number%5D=&OrderSearch%5Border_date_time%5D=2026-09-10&OrderSearch%5Border_total%5D=&OrderSearch%5Bdelivery_option%5D=&OrderSearch%5Border_status%5D=&OrderSearch%5Bpayment_option%5D=&OrderSearch%5Buser_id%5D=&OrderSearch%5Bdeliveryboy_id%5D=&OrderSearch%5Bis_subscription_order_type%5D=&_pjax=%23pjax-grid-view HTTP/1.1" 200 1389 "https://nabawater.com.sa/app/branch/order/index?OrderSearch%5Bbranch_id%5D=&OrderSearch%5Border_number%5D=&OrderSearch%5Border_date_time%5D=2026-09-10&OrderSearch%5Border_total%5D=&OrderSearch%5Bdelivery_option%5D=&OrderSearch%5Border_status%5D=&OrderSearch%5Bpayment_option%5D=&OrderSearch%5Buser_id%5D=&OrderSearch%5Bdeliveryboy_id%5D=&OrderSearch%5Bis_subscription_order_type%5D=" "Mozilla/5.0 (X11; Linux x86_64) AppleWebKit/537.36 (KHTML, like Gecko) Chrome/152.0.0.0 Safari/537.36"
77.232.124.93 - - [10/Sep/2026:05:39:34 +0000] "GET /api/v1/mobile-translation HTTP/1.1" 200 38586 "-" "Naba Water/4.0 (com.NabawaterCustomer; build:10; iOS 26.5.0) Alamofire/4.9.1"
77.232.124.93 - - [10/Sep/2026:05:39:34 +0000] "GET /api/v1/home/ios-version HTTP/1.1" 200 158 "-" "Naba Water/4.0 (com.NabawaterCustomer; build:10; iOS 26.5.0) Alamofire/4.9.1"
77.232.124.93 - - [10/Sep/2026:05:39:34 +0000] "GET /api/v1/home?latitude=28.35252339571364&longitude=36.50337319213684&page=1&item_purchase_type=1&category_id= HTTP/1.1" 200 6977 "-" "Naba Water/4.0 (com.NabawaterCustomer; build:10; iOS 26.5.0) Alamofire/4.9.1"
77.232.124.93 - - [10/Sep/2026:05:39:34 +0000] "GET /api/v1/home?latitude=28.35252339571364&longitude=36.50337319213684&page=1&item_purchase_type=1&category_id= HTTP/1.1" 200 6977 "-" "Naba Water/4.0 (com.NabawaterCustomer; build:10; iOS 26.5.0) Alamofire/4.9.1"
77.232.124.93 - - [10/Sep/2026:05:39:34 +0000] "GET /api/v1/home/ios-version HTTP/1.1" 200 158 "-" "Naba Water/4.0 (com.NabawaterCustomer; build:10; iOS 26.5.0) Alamofire/4.9.1"
77.232.124.93 - - [10/Sep/2026:05:39:34 +0000] "GET /api/v1/ads/get-active-ads HTTP/1.1" 200 1178 "-" "Naba Water/4.0 (com.NabawaterCustomer; build:10; iOS 26.5.0) Alamofire/4.9.1"
77.232.124.93 - - [10/Sep/2026:05:39:34 +0000] "GET /api/v1/home?latitude=28.35252339571364&longitude=36.50337319213684&page=1&item_purchase_type=1&category_id= HTTP/1.1" 200 6977 "-" "Naba Water/4.0 (com.NabawaterCustomer; build:10; iOS 26.5.0) Alamofire/4.9.1"
77.232.124.93 - - [10/Sep/2026:05:39:34 +0000] "GET /api/v1/home?latitude=28.35252339571364&longitude=36.50337319213684&page=1&item_purchase_type=1&category_id= HTTP/1.1" 200 6977 "-" "Naba Water/4.0 (com.NabawaterCustomer; build:10; iOS 26.5.0) Alamofire/4.9.1"
77.232.124.93 - - [10/Sep/2026:05:39:35 +0000] "GET /api/v1/ads/get-active-ads HTTP/1.1" 200 1178 "-" "Naba Water/4.0 (com.NabawaterCustomer; build:10; iOS 26.5.0) Alamofire/4.9.1"
77.232.124.93 - - [10/Sep/2026:05:39:35 +0000] "GET /api/v1/ads/get-active-ads HTTP/1.1" 200 1178 "-" "Naba Water/4.0 (com.NabawaterCustomer; build:10; iOS 26.5.0) Alamofire/4.9.1"
77.232.124.93 - - [10/Sep/2026:05:39:35 +0000] "GET /api/v1/ads/get-active-ads HTTP/1.1" 200 1178 "-" "Naba Water/4.0 (com.NabawaterCustomer; build:10; iOS 26.5.0) Alamofire/4.9.1"
77.232.124.93 - - [10/Sep/2026:05:39:35 +0000] "GET /frontend/web/theme/images/placeholder.png HTTP/1.1" 200 30449 "-" "Naba%20Water/10 CFNetwork/3860.600.12 Darwin/25.5.0"
77.232.124.93 - - [10/Sep/2026:05:39:36 +0000] "GET /uploads/TEMP/items/1776067085es6Ol.jpeg HTTP/1.1" 200 132178 "-" "Naba%20Water/10 CFNetwork/3860.600.12 Darwin/25.5.0"
77.232.124.93 - - [10/Sep/2026:05:39:36 +0000] "GET /uploads/TEMP/items/1776066965vrsHS.jpeg HTTP/1.1" 200 106663 "-" "Naba%20Water/10 CFNetwork/3860.600.12 Darwin/25.5.0"
77.232.124.93 - - [10/Sep/2026:05:39:36 +0000] "GET /uploads/TEMP/items/17760670430fKPy.jpeg HTTP/1.1" 200 108490 "-" "Naba%20Water/10 CFNetwork/3860.600.12 Darwin/25.5.0"
77.232.124.93 - - [10/Sep/2026:05:39:36 +0000] "GET /uploads/TEMP/items/1776068313SRdw0.jpeg HTTP/1.1" 200 108490 "-" "Naba%20Water/10 CFNetwork/3860.600.12 Darwin/25.5.0"
77.232.124.93 - - [10/Sep/2026:05:39:36 +0000] "GET /uploads/TEMP/items/1776068487JOkY4.jpeg HTTP/1.1" 200 251111 "-" "Naba%20Water/10 CFNetwork/3860.600.12 Darwin/25.5.0"
77.232.124.93 - - [10/Sep/2026:05:39:36 +0000] "GET /uploads/TEMP/items/1776068225hx2mh.jpeg HTTP/1.1" 200 106663 "-" "Naba%20Water/10 CFNetwork/3860.600.12 Darwin/25.5.0"
77.232.124.93 - - [10/Sep/2026:05:39:36 +0000] "GET /uploads/TEMP/items/1776067364tuRSX.jpeg HTTP/1.1" 200 98637 "-" "Naba%20Water/10 CFNetwork/3860.600.12 Darwin/25.5.0"
77.232.124.93 - - [10/Sep/2026:05:39:36 +0000] "GET /uploads/TEMP/items/1776067181N4KXC.jpeg HTTP/1.1" 200 105784 "-" "Naba%20Water/10 CFNetwork/3860.600.12 Darwin/25.5.0"
77.232.124.93 - - [10/Sep/2026:05:39:36 +0000] "GET /uploads/TEMP/items/1776067291iZUUQ.jpeg HTTP/1.1" 200 127339 "-" "Naba%20Water/10 CFNetwork/3860.600.12 Darwin/25.5.0"
77.232.124.93 - - [10/Sep/2026:05:39:36 +0000] "GET /uploads/TEMP/items/1776067967Fl4i0.jpeg HTTP/1.1" 200 86250 "-" "Naba%20Water/10 CFNetwork/3860.600.12 Darwin/25.5.0"
77.232.124.93 - - [10/Sep/2026:05:39:36 +0000] "GET /uploads/TEMP/ads/1787828218ia2If.jpeg HTTP/1.1" 200 641880 "-" "Naba%20Water/10 CFNetwork/3860.600.12 Darwin/25.5.0"
77.232.124.93 - - [10/Sep/2026:05:39:37 +0000] "GET /uploads/TEMP/ads/17878284019jRpB.jpeg HTTP/1.1" 200 641880 "-" "Naba%20Water/10 CFNetwork/3860.600.12 Darwin/25.5.0"
77.232.124.93 - - [10/Sep/2026:05:39:37 +0000] "GET /uploads/TEMP/ads/1787827435JaLnY.jpeg HTTP/1.1" 200 796599 "-" "Naba%20Water/10 CFNetwork/3860.600.12 Darwin/25.5.0"
5.163.42.241 - - [10/Sep/2026:05:39:52 +0000] "GET /app/branch/order/index?OrderSearch%5Bbranch_id%5D=&OrderSearch%5Border_number%5D=&OrderSearch%5Border_date_time%5D=2026-09-10&OrderSearch%5Border_total%5D=&OrderSearch%5Bdelivery_option%5D=&OrderSearch%5Border_status%5D=&OrderSearch%5Bpayment_option%5D=&OrderSearch%5Buser_id%5D=&OrderSearch%5Bdeliveryboy_id%5D=&OrderSearch%5Bis_subscription_order_type%5D=&_pjax=%23pjax-grid-view HTTP/1.1" 200 1389 "https://nabawater.com.sa/app/branch/order/index?OrderSearch%5Bbranch_id%5D=&OrderSearch%5Border_number%5D=&OrderSearch%5Border_date_time%5D=2026-09-10&OrderSearch%5Border_total%5D=&OrderSearch%5Bdelivery_option%5D=&OrderSearch%5Border_status%5D=&OrderSearch%5Bpayment_option%5D=&OrderSearch%5Buser_id%5D=&OrderSearch%5Bdeliveryboy_id%5D=&OrderSearch%5Bis_subscription_order_type%5D=" "Mozilla/5.0 (X11; Linux x86_64) AppleWebKit/537.36 (KHTML, like Gecko) Chrome/152.0.0.0 Safari/537.36"
5.163.42.241 - - [10/Sep/2026:05:40:12 +0000] "GET /app/branch/order/index?OrderSearch%5Bbranch_id%5D=&OrderSearch%5Border_number%5D=&OrderSearch%5Border_date_time%5D=2026-09-10&OrderSearch%5Border_total%5D=&OrderSearch%5Bdelivery_option%5D=&OrderSearch%5Border_status%5D=&OrderSearch%5Bpayment_option%5D=&OrderSearch%5Buser_id%5D=&OrderSearch%5Bdeliveryboy_id%5D=&OrderSearch%5Bis_subscription_order_type%5D=&_pjax=%23pjax-grid-view HTTP/1.1" 200 1389 "https://nabawater.com.sa/app/branch/order/index?OrderSearch%5Bbranch_id%5D=&OrderSearch%5Border_number%5D=&OrderSearch%5Border_date_time%5D=2026-09-10&OrderSearch%5Border_total%5D=&OrderSearch%5Bdelivery_option%5D=&OrderSearch%5Border_status%5D=&OrderSearch%5Bpayment_option%5D=&OrderSearch%5Buser_id%5D=&OrderSearch%5Bdeliveryboy_id%5D=&OrderSearch%5Bis_subscription_order_type%5D=" "Mozilla/5.0 (X11; Linux x86_64) AppleWebKit/537.36 (KHTML, like Gecko) Chrome/152.0.0.0 Safari/537.36"
51.235.77.191 - - [10/Sep/2026:05:40:25 +0000] "GET /api/v1/home?latitude=28.3685864&longitude=36.5376571&page=1&item_purchase_type=1&category_id=&env=dev HTTP/1.1" 200 6977 "-" "okhttp/5.0.0-alpha.14"
51.235.77.191 - - [10/Sep/2026:05:40:26 +0000] "GET /frontend/web/theme/images/placeholder.png HTTP/1.1" 200 30449 "-" "Dalvik/2.1.0 (Linux; U; Android 13; Infinix X6528B Build/TP1A.220624.014)"
51.235.77.191 - - [10/Sep/2026:05:40:26 +0000] "GET /uploads/TEMP/items/1776068225hx2mh.jpeg HTTP/1.1" 200 106663 "-" "Dalvik/2.1.0 (Linux; U; Android 13; Infinix X6528B Build/TP1A.220624.014)"
51.235.77.191 - - [10/Sep/2026:05:40:26 +0000] "GET /api/v1/home?latitude=28.3685864&longitude=36.5376571&page=2&item_purchase_type=1&category_id=&env=dev HTTP/1.1" 200 4429 "-" "okhttp/5.0.0-alpha.14"
51.235.77.191 - - [10/Sep/2026:05:40:26 +0000] "GET /uploads/TEMP/items/1776068313SRdw0.jpeg HTTP/1.1" 200 108490 "-" "Dalvik/2.1.0 (Linux; U; Android 13; Infinix X6528B Build/TP1A.220624.014)"
51.235.77.191 - - [10/Sep/2026:05:40:26 +0000] "GET /uploads/TEMP/items/1776068487JOkY4.jpeg HTTP/1.1" 200 251111 "-" "Dalvik/2.1.0 (Linux; U; Android 13; Infinix X6528B Build/TP1A.220624.014)"
51.235.77.191 - - [10/Sep/2026:05:40:26 +0000] "GET /uploads/TEMP/items/1776066965vrsHS.jpeg HTTP/1.1" 200 106663 "-" "Dalvik/2.1.0 (Linux; U; Android 13; Infinix X6528B Build/TP1A.220624.014)"
51.235.77.191 - - [10/Sep/2026:05:40:26 +0000] "GET /uploads/TEMP/items/17760670430fKPy.jpeg HTTP/1.1" 200 108490 "-" "Dalvik/2.1.0 (Linux; U; Android 13; Infinix X6528B Build/TP1A.220624.014)"
51.235.77.191 - - [10/Sep/2026:05:40:26 +0000] "GET /uploads/TEMP/items/1776067085es6Ol.jpeg HTTP/1.1" 200 132178 "-" "Dalvik/2.1.0 (Linux; U; Android 13; Infinix X6528B Build/TP1A.220624.014)"
51.235.77.191 - - [10/Sep/2026:05:40:27 +0000] "GET /uploads/TEMP/items/1776067364tuRSX.jpeg HTTP/1.1" 200 98637 "-" "Dalvik/2.1.0 (Linux; U; Android 13; Infinix X6528B Build/TP1A.220624.014)"
51.235.77.191 - - [10/Sep/2026:05:40:27 +0000] "GET /uploads/TEMP/items/1776067181N4KXC.jpeg HTTP/1.1" 200 105784 "-" "Dalvik/2.1.0 (Linux; U; Android 13; Infinix X6528B Build/TP1A.220624.014)"
51.235.77.191 - - [10/Sep/2026:05:40:27 +0000] "GET /uploads/TEMP/items/1776067291iZUUQ.jpeg HTTP/1.1" 200 127339 "-" "Dalvik/2.1.0 (Linux; U; Android 13; Infinix X6528B Build/TP1A.220624.014)"
51.235.77.191 - - [10/Sep/2026:05:40:27 +0000] "GET /uploads/TEMP/items/1776067967Fl4i0.jpeg HTTP/1.1" 200 86250 "-" "Dalvik/2.1.0 (Linux; U; Android 13; Infinix X6528B Build/TP1A.220624.014)"
51.235.77.191 - - [10/Sep/2026:05:40:27 +0000] "GET /uploads/TEMP/items/1776068177PMRYL.jpeg HTTP/1.1" 200 95438 "-" "Dalvik/2.1.0 (Linux; U; Android 13; Infinix X6528B Build/TP1A.220624.014)"
51.235.77.191 - - [10/Sep/2026:05:40:27 +0000] "GET /uploads/TEMP/items/1776068109vBpkj.jpeg HTTP/1.1" 200 80802 "-" "Dalvik/2.1.0 (Linux; U; Android 13; Infinix X6528B Build/TP1A.220624.014)"
51.235.77.191 - - [10/Sep/2026:05:40:27 +0000] "GET /uploads/TEMP/items/1776068529ef2BC.jpeg HTTP/1.1" 200 91790 "-" "Dalvik/2.1.0 (Linux; U; Android 13; Infinix X6528B Build/TP1A.220624.014)"
51.235.77.191 - - [10/Sep/2026:05:40:27 +0000] "GET /uploads/TEMP/items/1776068560Ltncw.jpeg HTTP/1.1" 200 116524 "-" "Dalvik/2.1.0 (Linux; U; Android 13; Infinix X6528B Build/TP1A.220624.014)"
51.235.77.191 - - [10/Sep/2026:05:40:27 +0000] "GET /uploads/TEMP/items/17760686249n8ui.jpeg HTTP/1.1" 200 144246 "-" "Dalvik/2.1.0 (Linux; U; Android 13; Infinix X6528B Build/TP1A.220624.014)"
51.235.77.191 - - [10/Sep/2026:05:40:27 +0000] "GET /uploads/TEMP/items/1776070822lwqBF.jpeg HTTP/1.1" 200 143050 "-" "Dalvik/2.1.0 (Linux; U; Android 13; Infinix X6528B Build/TP1A.220624.014)"
51.235.77.191 - - [10/Sep/2026:05:40:27 +0000] "GET /api/v1/ads/get-active-ads?env=dev HTTP/1.1" 200 1178 "-" "okhttp/5.0.0-alpha.14"
51.235.77.191 - - [10/Sep/2026:05:40:28 +0000] "GET /uploads/TEMP/ads/1787828218ia2If.jpeg HTTP/1.1" 200 641880 "-" "Dalvik/2.1.0 (Linux; U; Android 13; Infinix X6528B Build/TP1A.220624.014)"
51.235.77.191 - - [10/Sep/2026:05:40:28 +0000] "GET /uploads/TEMP/ads/1787827435JaLnY.jpeg HTTP/1.1" 200 796599 "-" "Dalvik/2.1.0 (Linux; U; Android 13; Infinix X6528B Build/TP1A.220624.014)"
51.235.77.191 - - [10/Sep/2026:05:40:28 +0000] "POST /api/v1/ads/track-impression?env=dev HTTP/1.1" 200 116 "-" "okhttp/5.0.0-alpha.14"
5.163.42.241 - - [10/Sep/2026:05:40:32 +0000] "GET /app/branch/order/index?OrderSearch%5Bbranch_id%5D=&OrderSearch%5Border_number%5D=&OrderSearch%5Border_date_time%5D=2026-09-10&OrderSearch%5Border_total%5D=&OrderSearch%5Bdelivery_option%5D=&OrderSearch%5Border_status%5D=&OrderSearch%5Bpayment_option%5D=&OrderSearch%5Buser_id%5D=&OrderSearch%5Bdeliveryboy_id%5D=&OrderSearch%5Bis_subscription_order_type%5D=&_pjax=%23pjax-grid-view HTTP/1.1" 200 1389 "https://nabawater.com.sa/app/branch/order/index?OrderSearch%5Bbranch_id%5D=&OrderSearch%5Border_number%5D=&OrderSearch%5Border_date_time%5D=2026-09-10&OrderSearch%5Border_total%5D=&OrderSearch%5Bdelivery_option%5D=&OrderSearch%5Border_status%5D=&OrderSearch%5Bpayment_option%5D=&OrderSearch%5Buser_id%5D=&OrderSearch%5Bdeliveryboy_id%5D=&OrderSearch%5Bis_subscription_order_type%5D=" "Mozilla/5.0 (X11; Linux x86_64) AppleWebKit/537.36 (KHTML, like Gecko) Chrome/152.0.0.0 Safari/537.36"
51.235.77.191 - - [10/Sep/2026:05:40:38 +0000] "GET /uploads/TEMP/ads/17878284019jRpB.jpeg HTTP/1.1" 200 641880 "-" "Dalvik/2.1.0 (Linux; U; Android 13; Infinix X6528B Build/TP1A.220624.014)"
51.235.77.191 - - [10/Sep/2026:05:40:38 +0000] "POST /api/v1/ads/track-impression?env=dev HTTP/1.1" 200 116 "-" "okhttp/5.0.0-alpha.14"
5.163.42.241 - - [10/Sep/2026:05:40:52 +0000] "GET /app/branch/order/index?OrderSearch%5Bbranch_id%5D=&OrderSearch%5Border_number%5D=&OrderSearch%5Border_date_time%5D=2026-09-10&OrderSearch%5Border_total%5D=&OrderSearch%5Bdelivery_option%5D=&OrderSearch%5Border_status%5D=&OrderSearch%5Bpayment_option%5D=&OrderSearch%5Buser_id%5D=&OrderSearch%5Bdeliveryboy_id%5D=&OrderSearch%5Bis_subscription_order_type%5D=&_pjax=%23pjax-grid-view HTTP/1.1" 200 1389 "https://nabawater.com.sa/app/branch/order/index?OrderSearch%5Bbranch_id%5D=&OrderSearch%5Border_number%5D=&OrderSearch%5Border_date_time%5D=2026-09-10&OrderSearch%5Border_total%5D=&OrderSearch%5Bdelivery_option%5D=&OrderSearch%5Border_status%5D=&OrderSearch%5Bpayment_option%5D=&OrderSearch%5Buser_id%5D=&OrderSearch%5Bdeliveryboy_id%5D=&OrderSearch%5Bis_subscription_order_type%5D=" "Mozilla/5.0 (X11; Linux x86_64) AppleWebKit/537.36 (KHTML, like Gecko) Chrome/152.0.0.0 Safari/537.36"
149.109.89.88 - - [10/Sep/2026:05:40:53 +0000] "GET /api/v1/home?latitude=28.438176666666664&longitude=36.55751166666666&page=1&item_purchase_type=1&category_id=&env=dev HTTP/1.1" 200 6566 "-" "okhttp/5.0.0-alpha.14"
149.109.89.88 - - [10/Sep/2026:05:40:53 +0000] "GET /api/v1/user/view?env=dev HTTP/1.1" 200 761 "-" "okhttp/5.0.0-alpha.14"
51.235.77.191 - - [10/Sep/2026:05:40:55 +0000] "POST /api/v1/ads/track-impression?env=dev HTTP/1.1" 200 116 "-" "okhttp/5.0.0-alpha.14"
149.109.89.88 - - [10/Sep/2026:05:40:57 +0000] "GET /api/v1/user/view?env=dev HTTP/1.1" 200 761 "-" "okhttp/5.0.0-alpha.14"
51.235.77.191 - - [10/Sep/2026:05:40:58 +0000] "POST /api/v1/ads/track-click?env=dev HTTP/1.1" 200 111 "-" "okhttp/5.0.0-alpha.14"
51.235.77.191 - - [10/Sep/2026:05:40:59 +0000] "GET /api/v1/home/product-details?item_key=d5f1a6cmoktfsmej&env=dev HTTP/1.1" 200 660 "-" "okhttp/5.0.0-alpha.14"
5.163.42.241 - - [10/Sep/2026:05:41:12 +0000] "GET /app/branch/order/index?OrderSearch%5Bbranch_id%5D=&OrderSearch%5Border_number%5D=&OrderSearch%5Border_date_time%5D=2026-09-10&OrderSearch%5Border_total%5D=&OrderSearch%5Bdelivery_option%5D=&OrderSearch%5Border_status%5D=&OrderSearch%5Bpayment_option%5D=&OrderSearch%5Buser_id%5D=&OrderSearch%5Bdeliveryboy_id%5D=&OrderSearch%5Bis_subscription_order_type%5D=&_pjax=%23pjax-grid-view HTTP/1.1" 200 1389 "https://nabawater.com.sa/app/branch/order/index?OrderSearch%5Bbranch_id%5D=&OrderSearch%5Border_number%5D=&OrderSearch%5Border_date_time%5D=2026-09-10&OrderSearch%5Border_total%5D=&OrderSearch%5Bdelivery_option%5D=&OrderSearch%5Border_status%5D=&OrderSearch%5Bpayment_option%5D=&OrderSearch%5Buser_id%5D=&OrderSearch%5Bdeliveryboy_id%5D=&OrderSearch%5Bis_subscription_order_type%5D=" "Mozilla/5.0 (X11; Linux x86_64) AppleWebKit/537.36 (KHTML, like Gecko) Chrome/152.0.0.0 Safari/537.36"
51.253.233.156 - - [10/Sep/2026:05:41:14 +0000] "GET /api/v1/mobile-translation HTTP/1.1" 200 38578 "-" "Naba Water/4.0 (com.NabawaterCustomer; build:10; iOS 26.3.1) Alamofire/4.9.1"
51.253.233.156 - - [10/Sep/2026:05:41:14 +0000] "GET /api/v1/home/ios-version HTTP/1.1" 200 146 "-" "Naba Water/4.0 (com.NabawaterCustomer; build:10; iOS 26.3.1) Alamofire/4.9.1"
51.253.233.156 - - [10/Sep/2026:05:41:14 +0000] "GET /api/v1/home?latitude=28.40007377567117&longitude=36.58640620997724&page=1&item_purchase_type=1&category_id= HTTP/1.1" 200 6566 "-" "Naba Water/4.0 (com.NabawaterCustomer; build:10; iOS 26.3.1) Alamofire/4.9.1"
51.253.233.156 - - [10/Sep/2026:05:41:14 +0000] "GET /api/v1/home?latitude=28.40007377567117&longitude=36.58640620997724&page=1&item_purchase_type=1&category_id= HTTP/1.1" 200 6566 "-" "Naba Water/4.0 (com.NabawaterCustomer; build:10; iOS 26.3.1) Alamofire/4.9.1"
51.253.233.156 - - [10/Sep/2026:05:41:14 +0000] "GET /api/v1/ads/get-active-ads HTTP/1.1" 200 1135 "-" "Naba Water/4.0 (com.NabawaterCustomer; build:10; iOS 26.3.1) Alamofire/4.9.1"
51.253.233.156 - - [10/Sep/2026:05:41:14 +0000] "GET /api/v1/ads/get-active-ads HTTP/1.1" 200 1135 "-" "Naba Water/4.0 (com.NabawaterCustomer; build:10; iOS 26.3.1) Alamofire/4.9.1"
51.253.233.156 - - [10/Sep/2026:05:41:14 +0000] "GET /api/v1/home?latitude=28.40007377567117&longitude=36.58640620997724&page=1&item_purchase_type=1&category_id= HTTP/1.1" 200 6566 "-" "Naba Water/4.0 (com.NabawaterCustomer; build:10; iOS 26.3.1) Alamofire/4.9.1"
51.253.233.156 - - [10/Sep/2026:05:41:15 +0000] "GET /api/v1/ads/get-active-ads HTTP/1.1" 200 1135 "-" "Naba Water/4.0 (com.NabawaterCustomer; build:10; iOS 26.3.1) Alamofire/4.9.1"
51.253.233.156 - - [10/Sep/2026:05:41:15 +0000] "GET /api/v1/home/ios-version HTTP/1.1" 200 146 "-" "Naba Water/4.0 (com.NabawaterCustomer; build:10; iOS 26.3.1) Alamofire/4.9.1"
51.253.233.156 - - [10/Sep/2026:05:41:15 +0000] "GET /api/v1/home?latitude=28.40007377567117&longitude=36.58640620997724&page=1&item_purchase_type=1&category_id= HTTP/1.1" 200 6566 "-" "Naba Water/4.0 (com.NabawaterCustomer; build:10; iOS 26.3.1) Alamofire/4.9.1"
51.253.233.156 - - [10/Sep/2026:05:41:15 +0000] "GET /uploads/TEMP/ads/1787827435JaLnY.jpeg HTTP/1.1" 200 796599 "-" "Naba%20Water/10 CFNetwork/3860.400.51 Darwin/25.3.0"
51.253.233.156 - - [10/Sep/2026:05:41:15 +0000] "GET /frontend/web/theme/images/placeholder.png HTTP/1.1" 200 30449 "-" "Naba%20Water/10 CFNetwork/3860.400.51 Darwin/25.3.0"
51.253.233.156 - - [10/Sep/2026:05:41:16 +0000] "GET /uploads/TEMP/ads/1787828218ia2If.jpeg HTTP/1.1" 200 641880 "-" "Naba%20Water/10 CFNetwork/3860.400.51 Darwin/25.3.0"
51.253.233.156 - - [10/Sep/2026:05:41:16 +0000] "GET /uploads/TEMP/ads/17878284019jRpB.jpeg HTTP/1.1" 200 641880 "-" "Naba%20Water/10 CFNetwork/3860.400.51 Darwin/25.3.0"
51.253.233.156 - - [10/Sep/2026:05:41:16 +0000] "GET /uploads/TEMP/items/1776068225hx2mh.jpeg HTTP/1.1" 200 106663 "-" "Naba%20Water/10 CFNetwork/3860.400.51 Darwin/25.3.0"
51.253.233.156 - - [10/Sep/2026:05:41:16 +0000] "GET /uploads/TEMP/items/1776068313SRdw0.jpeg HTTP/1.1" 200 108490 "-" "Naba%20Water/10 CFNetwork/3860.400.51 Darwin/25.3.0"
51.253.233.156 - - [10/Sep/2026:05:41:16 +0000] "GET /uploads/TEMP/items/1776068487JOkY4.jpeg HTTP/1.1" 200 251111 "-" "Naba%20Water/10 CFNetwork/3860.400.51 Darwin/25.3.0"
51.253.233.156 - - [10/Sep/2026:05:41:16 +0000] "GET /uploads/TEMP/items/1776067085es6Ol.jpeg HTTP/1.1" 200 132178 "-" "Naba%20Water/10 CFNetwork/3860.400.51 Darwin/25.3.0"
51.253.233.156 - - [10/Sep/2026:05:41:16 +0000] "GET /uploads/TEMP/items/17760670430fKPy.jpeg HTTP/1.1" 200 108490 "-" "Naba%20Water/10 CFNetwork/3860.400.51 Darwin/25.3.0"
51.253.233.156 - - [10/Sep/2026:05:41:16 +0000] "GET /uploads/TEMP/items/1776066965vrsHS.jpeg HTTP/1.1" 200 106663 "-" "Naba%20Water/10 CFNetwork/3860.400.51 Darwin/25.3.0"
51.253.233.156 - - [10/Sep/2026:05:41:16 +0000] "GET /uploads/TEMP/items/1776067364tuRSX.jpeg HTTP/1.1" 200 98637 "-" "Naba%20Water/10 CFNetwork/3860.400.51 Darwin/25.3.0"
51.253.233.156 - - [10/Sep/2026:05:41:16 +0000] "GET /uploads/TEMP/items/1776067181N4KXC.jpeg HTTP/1.1" 200 105784 "-" "Naba%20Water/10 CFNetwork/3860.400.51 Darwin/25.3.0"
51.253.233.156 - - [10/Sep/2026:05:41:16 +0000] "GET /uploads/TEMP/items/1776067291iZUUQ.jpeg HTTP/1.1" 200 127339 "-" "Naba%20Water/10 CFNetwork/3860.400.51 Darwin/25.3.0"
51.253.233.156 - - [10/Sep/2026:05:41:16 +0000] "GET /uploads/TEMP/items/1776067967Fl4i0.jpeg HTTP/1.1" 200 86250 "-" "Naba%20Water/10 CFNetwork/3860.400.51 Darwin/25.3.0"
51.253.233.156 - - [10/Sep/2026:05:41:19 +0000] "POST /api/v1/ads/track-impression HTTP/1.1" 200 116 "-" "Naba Water/4.0 (com.NabawaterCustomer; build:10; iOS 26.3.1) Alamofire/4.9.1"
51.253.233.156 - - [10/Sep/2026:05:41:19 +0000] "POST /api/v1/ads/track-impression HTTP/1.1" 200 116 "-" "Naba Water/4.0 (com.NabawaterCustomer; build:10; iOS 26.3.1) Alamofire/4.9.1"
5.163.42.241 - - [10/Sep/2026:05:41:32 +0000] "GET /app/branch/order/index?OrderSearch%5Bbranch_id%5D=&OrderSearch%5Border_number%5D=&OrderSearch%5Border_date_time%5D=2026-09-10&OrderSearch%5Border_total%5D=&OrderSearch%5Bdelivery_option%5D=&OrderSearch%5Border_status%5D=&OrderSearch%5Bpayment_option%5D=&OrderSearch%5Buser_id%5D=&OrderSearch%5Bdeliveryboy_id%5D=&OrderSearch%5Bis_subscription_order_type%5D=&_pjax=%23pjax-grid-view HTTP/1.1" 200 1389 "https://nabawater.com.sa/app/branch/order/index?OrderSearch%5Bbranch_id%5D=&OrderSearch%5Border_number%5D=&OrderSearch%5Border_date_time%5D=2026-09-10&OrderSearch%5Border_total%5D=&OrderSearch%5Bdelivery_option%5D=&OrderSearch%5Border_status%5D=&OrderSearch%5Bpayment_option%5D=&OrderSearch%5Buser_id%5D=&OrderSearch%5Bdeliveryboy_id%5D=&OrderSearch%5Bis_subscription_order_type%5D=" "Mozilla/5.0 (X11; Linux x86_64) AppleWebKit/537.36 (KHTML, like Gecko) Chrome/152.0.0.0 Safari/537.36"
5.163.42.241 - - [10/Sep/2026:05:41:52 +0000] "GET /app/branch/order/index?OrderSearch%5Bbranch_id%5D=&OrderSearch%5Border_number%5D=&OrderSearch%5Border_date_time%5D=2026-09-10&OrderSearch%5Border_total%5D=&OrderSearch%5Bdelivery_option%5D=&OrderSearch%5Border_status%5D=&OrderSearch%5Bpayment_option%5D=&OrderSearch%5Buser_id%5D=&OrderSearch%5Bdeliveryboy_id%5D=&OrderSearch%5Bis_subscription_order_type%5D=&_pjax=%23pjax-grid-view HTTP/1.1" 200 1389 "https://nabawater.com.sa/app/branch/order/index?OrderSearch%5Bbranch_id%5D=&OrderSearch%5Border_number%5D=&OrderSearch%5Border_date_time%5D=2026-09-10&OrderSearch%5Border_total%5D=&OrderSearch%5Bdelivery_option%5D=&OrderSearch%5Border_status%5D=&OrderSearch%5Bpayment_option%5D=&OrderSearch%5Buser_id%5D=&OrderSearch%5Bdeliveryboy_id%5D=&OrderSearch%5Bis_subscription_order_type%5D=" "Mozilla/5.0 (X11; Linux x86_64) AppleWebKit/537.36 (KHTML, like Gecko) Chrome/152.0.0.0 Safari/537.36"
51.235.77.191 - - [10/Sep/2026:05:41:58 +0000] "GET /api/v1/home?latitude=28.3685864&longitude=36.5376571&page=1&item_purchase_type=1&category_id=&env=dev HTTP/1.1" 200 6977 "-" "okhttp/5.0.0-alpha.14"
51.235.77.191 - - [10/Sep/2026:05:41:58 +0000] "GET /frontend/web/theme/images/placeholder.png HTTP/1.1" 200 30449 "-" "Dalvik/2.1.0 (Linux; U; Android 13; Infinix X6528B Build/TP1A.220624.014)"
51.235.77.191 - - [10/Sep/2026:05:41:58 +0000] "GET /uploads/TEMP/items/1776068225hx2mh.jpeg HTTP/1.1" 200 106663 "-" "Dalvik/2.1.0 (Linux; U; Android 13; Infinix X6528B Build/TP1A.220624.014)"
51.235.77.191 - - [10/Sep/2026:05:41:58 +0000] "GET /uploads/TEMP/items/1776068313SRdw0.jpeg HTTP/1.1" 200 108490 "-" "Dalvik/2.1.0 (Linux; U; Android 13; Infinix X6528B Build/TP1A.220624.014)"
51.235.77.191 - - [10/Sep/2026:05:41:58 +0000] "GET /api/v1/home?latitude=28.3685864&longitude=36.5376571&page=2&item_purchase_type=1&category_id=&env=dev HTTP/1.1" 200 4429 "-" "okhttp/5.0.0-alpha.14"
51.235.77.191 - - [10/Sep/2026:05:41:58 +0000] "GET /uploads/TEMP/items/1776068487JOkY4.jpeg HTTP/1.1" 200 251111 "-" "Dalvik/2.1.0 (Linux; U; Android 13; Infinix X6528B Build/TP1A.220624.014)"
51.235.77.191 - - [10/Sep/2026:05:41:58 +0000] "GET /uploads/TEMP/items/1776066965vrsHS.jpeg HTTP/1.1" 200 106663 "-" "Dalvik/2.1.0 (Linux; U; Android 13; Infinix X6528B Build/TP1A.220624.014)"
51.235.77.191 - - [10/Sep/2026:05:41:58 +0000] "GET /uploads/TEMP/items/17760670430fKPy.jpeg HTTP/1.1" 200 108490 "-" "Dalvik/2.1.0 (Linux; U; Android 13; Infinix X6528B Build/TP1A.220624.014)"
51.235.77.191 - - [10/Sep/2026:05:41:58 +0000] "GET /uploads/TEMP/items/1776067085es6Ol.jpeg HTTP/1.1" 200 132178 "-" "Dalvik/2.1.0 (Linux; U; Android 13; Infinix X6528B Build/TP1A.220624.014)"
51.235.77.191 - - [10/Sep/2026:05:41:59 +0000] "GET /uploads/TEMP/items/1776067364tuRSX.jpeg HTTP/1.1" 200 98637 "-" "Dalvik/2.1.0 (Linux; U; Android 13; Infinix X6528B Build/TP1A.220624.014)"
51.235.77.191 - - [10/Sep/2026:05:41:59 +0000] "GET /uploads/TEMP/items/1776067181N4KXC.jpeg HTTP/1.1" 200 105784 "-" "Dalvik/2.1.0 (Linux; U; Android 13; Infinix X6528B Build/TP1A.220624.014)"
51.235.77.191 - - [10/Sep/2026:05:41:59 +0000] "GET /uploads/TEMP/items/1776067291iZUUQ.jpeg HTTP/1.1" 200 127339 "-" "Dalvik/2.1.0 (Linux; U; Android 13; Infinix X6528B Build/TP1A.220624.014)"
51.235.77.191 - - [10/Sep/2026:05:41:59 +0000] "GET /uploads/TEMP/items/1776067967Fl4i0.jpeg HTTP/1.1" 200 86250 "-" "Dalvik/2.1.0 (Linux; U; Android 13; Infinix X6528B Build/TP1A.220624.014)"
51.235.77.191 - - [10/Sep/2026:05:41:59 +0000] "GET /uploads/TEMP/items/1776068177PMRYL.jpeg HTTP/1.1" 200 95438 "-" "Dalvik/2.1.0 (Linux; U; Android 13; Infinix X6528B Build/TP1A.220624.014)"
51.235.77.191 - - [10/Sep/2026:05:41:59 +0000] "GET /uploads/TEMP/items/1776068109vBpkj.jpeg HTTP/1.1" 200 80802 "-" "Dalvik/2.1.0 (Linux; U; Android 13; Infinix X6528B Build/TP1A.220624.014)"
51.235.77.191 - - [10/Sep/2026:05:41:59 +0000] "GET /uploads/TEMP/items/1776068529ef2BC.jpeg HTTP/1.1" 200 91790 "-" "Dalvik/2.1.0 (Linux; U; Android 13; Infinix X6528B Build/TP1A.220624.014)"
51.235.77.191 - - [10/Sep/2026:05:41:59 +0000] "GET /uploads/TEMP/items/1776068560Ltncw.jpeg HTTP/1.1" 200 116524 "-" "Dalvik/2.1.0 (Linux; U; Android 13; Infinix X6528B Build/TP1A.220624.014)"
51.235.77.191 - - [10/Sep/2026:05:41:59 +0000] "GET /uploads/TEMP/items/17760686249n8ui.jpeg HTTP/1.1" 200 144246 "-" "Dalvik/2.1.0 (Linux; U; Android 13; Infinix X6528B Build/TP1A.220624.014)"
51.235.77.191 - - [10/Sep/2026:05:41:59 +0000] "GET /uploads/TEMP/items/1776070822lwqBF.jpeg HTTP/1.1" 200 143050 "-" "Dalvik/2.1.0 (Linux; U; Android 13; Infinix X6528B Build/TP1A.220624.014)"
51.235.77.191 - - [10/Sep/2026:05:42:00 +0000] "GET /api/v1/ads/get-active-ads?env=dev HTTP/1.1" 200 1178 "-" "okhttp/5.0.0-alpha.14"
51.235.77.191 - - [10/Sep/2026:05:42:00 +0000] "POST /api/v1/ads/track-impression?env=dev HTTP/1.1" 200 116 "-" "okhttp/5.0.0-alpha.14"
51.235.77.191 - - [10/Sep/2026:05:42:02 +0000] "POST /api/v1/ads/track-impression?env=dev HTTP/1.1" 200 116 "-" "okhttp/5.0.0-alpha.14"
51.235.77.191 - - [10/Sep/2026:05:42:03 +0000] "POST /api/v1/ads/track-impression?env=dev HTTP/1.1" 200 116 "-" "okhttp/5.0.0-alpha.14"
51.235.77.191 - - [10/Sep/2026:05:42:05 +0000] "POST /api/v1/ads/track-click?env=dev HTTP/1.1" 200 111 "-" "okhttp/5.0.0-alpha.14"
51.235.77.191 - - [10/Sep/2026:05:42:05 +0000] "GET /api/v1/home/product-details?item_key=d5f1a6cmoktfsmej&env=dev HTTP/1.1" 200 660 "-" "okhttp/5.0.0-alpha.14"
51.253.217.128 - - [10/Sep/2026:05:42:07 +0000] "GET /api/v1/home?latitude=28.40007377567117&longitude=36.58640620997724&page=2&item_purchase_type=1&category_id= HTTP/1.1" 200 4147 "-" "Naba Water/4.0 (com.NabawaterCustomer; build:10; iOS 26.3.1) Alamofire/4.9.1"
51.253.217.128 - - [10/Sep/2026:05:42:07 +0000] "GET /uploads/TEMP/items/1776068177PMRYL.jpeg HTTP/1.1" 200 95438 "-" "Naba%20Water/10 CFNetwork/3860.400.51 Darwin/25.3.0"
51.253.217.128 - - [10/Sep/2026:05:42:08 +0000] "GET /uploads/TEMP/items/1776068109vBpkj.jpeg HTTP/1.1" 200 80802 "-" "Naba%20Water/10 CFNetwork/3860.400.51 Darwin/25.3.0"
51.253.217.128 - - [10/Sep/2026:05:42:08 +0000] "GET /uploads/TEMP/items/17760686249n8ui.jpeg HTTP/1.1" 200 144246 "-" "Naba%20Water/10 CFNetwork/3860.400.51 Darwin/25.3.0"
51.253.217.128 - - [10/Sep/2026:05:42:08 +0000] "GET /uploads/TEMP/items/1776068529ef2BC.jpeg HTTP/1.1" 200 91790 "-" "Naba%20Water/10 CFNetwork/3860.400.51 Darwin/25.3.0"
51.253.217.128 - - [10/Sep/2026:05:42:08 +0000] "GET /uploads/TEMP/items/1776070822lwqBF.jpeg HTTP/1.1" 200 143050 "-" "Naba%20Water/10 CFNetwork/3860.400.51 Darwin/25.3.0"
51.253.217.128 - - [10/Sep/2026:05:42:08 +0000] "GET /uploads/TEMP/items/1776068560Ltncw.jpeg HTTP/1.1" 200 116524 "-" "Naba%20Water/10 CFNetwork/3860.400.51 Darwin/25.3.0"
5.163.42.241 - - [10/Sep/2026:05:42:12 +0000] "GET /app/branch/order/index?OrderSearch%5Bbranch_id%5D=&OrderSearch%5Border_number%5D=&OrderSearch%5Border_date_time%5D=2026-09-10&OrderSearch%5Border_total%5D=&OrderSearch%5Bdelivery_option%5D=&OrderSearch%5Border_status%5D=&OrderSearch%5Bpayment_option%5D=&OrderSearch%5Buser_id%5D=&OrderSearch%5Bdeliveryboy_id%5D=&OrderSearch%5Bis_subscription_order_type%5D=&_pjax=%23pjax-grid-view HTTP/1.1" 200 1389 "https://nabawater.com.sa/app/branch/order/index?OrderSearch%5Bbranch_id%5D=&OrderSearch%5Border_number%5D=&OrderSearch%5Border_date_time%5D=2026-09-10&OrderSearch%5Border_total%5D=&OrderSearch%5Bdelivery_option%5D=&OrderSearch%5Border_status%5D=&OrderSearch%5Bpayment_option%5D=&OrderSearch%5Buser_id%5D=&OrderSearch%5Bdeliveryboy_id%5D=&OrderSearch%5Bis_subscription_order_type%5D=" "Mozilla/5.0 (X11; Linux x86_64) AppleWebKit/537.36 (KHTML, like Gecko) Chrome/152.0.0.0 Safari/537.36"
51.235.77.191 - - [10/Sep/2026:05:42:18 +0000] "GET /api/v1/home/product-details?item_key=morhtpjxbqux2egx&env=dev HTTP/1.1" 200 662 "-" "okhttp/5.0.0-alpha.14"
5.163.42.241 - - [10/Sep/2026:05:42:32 +0000] "GET /app/branch/order/index?OrderSearch%5Bbranch_id%5D=&OrderSearch%5Border_number%5D=&OrderSearch%5Border_date_time%5D=2026-09-10&OrderSearch%5Border_total%5D=&OrderSearch%5Bdelivery_option%5D=&OrderSearch%5Border_status%5D=&OrderSearch%5Bpayment_option%5D=&OrderSearch%5Buser_id%5D=&OrderSearch%5Bdeliveryboy_id%5D=&OrderSearch%5Bis_subscription_order_type%5D=&_pjax=%23pjax-grid-view HTTP/1.1" 200 1389 "https://nabawater.com.sa/app/branch/order/index?OrderSearch%5Bbranch_id%5D=&OrderSearch%5Border_number%5D=&OrderSearch%5Border_date_time%5D=2026-09-10&OrderSearch%5Border_total%5D=&OrderSearch%5Bdelivery_option%5D=&OrderSearch%5Border_status%5D=&OrderSearch%5Bpayment_option%5D=&OrderSearch%5Buser_id%5D=&OrderSearch%5Bdeliveryboy_id%5D=&OrderSearch%5Bis_subscription_order_type%5D=" "Mozilla/5.0 (X11; Linux x86_64) AppleWebKit/537.36 (KHTML, like Gecko) Chrome/152.0.0.0 Safari/537.36"
51.253.184.31 - - [10/Sep/2026:05:42:32 +0000] "POST /api/v1/ads/track-impression HTTP/1.1" 200 116 "-" "Naba Water/4.0 (com.NabawaterCustomer; build:10; iOS 18.5.0) Alamofire/4.9.1"
51.253.184.31 - - [10/Sep/2026:05:42:32 +0000] "POST /api/v1/ads/track-impression HTTP/1.1" 200 116 "-" "Naba Water/4.0 (com.NabawaterCustomer; build:10; iOS 18.5.0) Alamofire/4.9.1"
51.253.184.31 - - [10/Sep/2026:05:42:35 +0000] "POST /api/v1/ads/track-impression HTTP/1.1" 200 116 "-" "Naba Water/4.0 (com.NabawaterCustomer; build:10; iOS 18.5.0) Alamofire/4.9.1"
51.253.184.31 - - [10/Sep/2026:05:42:36 +0000] "POST /api/v1/ads/track-impression HTTP/1.1" 200 116 "-" "Naba Water/4.0 (com.NabawaterCustomer; build:10; iOS 18.5.0) Alamofire/4.9.1"
51.253.184.31 - - [10/Sep/2026:05:42:37 +0000] "POST /api/v1/ads/track-impression HTTP/1.1" 200 116 "-" "Naba Water/4.0 (com.NabawaterCustomer; build:10; iOS 18.5.0) Alamofire/4.9.1"
51.235.77.191 - - [10/Sep/2026:05:42:40 +0000] "POST /api/v1/user/otp-login?env=dev HTTP/1.1" 417 116 "-" "okhttp/5.0.0-alpha.14"
43.163.86.65 - - [10/Sep/2026:05:42:41 +0000] "GET /home/branch HTTP/1.1" 200 15566 "-" "Mozilla/5.0 (iPhone; CPU iPhone OS 13_2_3 like Mac OS X) AppleWebKit/605.1.15 (KHTML, like Gecko) Version/13.0.3 Mobile/15E148 Safari/604.1"
51.253.184.31 - - [10/Sep/2026:05:42:44 +0000] "GET /api/v1/home?latitude=28.3739015469164&longitude=36.53833479143239&page=2&item_purchase_type=1&category_id= HTTP/1.1" 200 4429 "-" "Naba Water/4.0 (com.NabawaterCustomer; build:10; iOS 18.5.0) Alamofire/4.9.1"
51.253.184.31 - - [10/Sep/2026:05:42:44 +0000] "GET /uploads/TEMP/items/17760686249n8ui.jpeg HTTP/1.1" 200 144246 "-" "Naba%20Water/10 CFNetwork/3826.500.131 Darwin/24.5.0"
51.253.184.31 - - [10/Sep/2026:05:42:44 +0000] "GET /uploads/TEMP/items/1776068177PMRYL.jpeg HTTP/1.1" 200 95438 "-" "Naba%20Water/10 CFNetwork/3826.500.131 Darwin/24.5.0"
51.253.184.31 - - [10/Sep/2026:05:42:44 +0000] "GET /uploads/TEMP/items/1776068109vBpkj.jpeg HTTP/1.1" 200 80802 "-" "Naba%20Water/10 CFNetwork/3826.500.131 Darwin/24.5.0"
51.253.184.31 - - [10/Sep/2026:05:42:44 +0000] "GET /uploads/TEMP/items/1776068529ef2BC.jpeg HTTP/1.1" 200 91790 "-" "Naba%20Water/10 CFNetwork/3826.500.131 Darwin/24.5.0"
51.253.184.31 - - [10/Sep/2026:05:42:44 +0000] "GET /uploads/TEMP/items/1776070822lwqBF.jpeg HTTP/1.1" 200 143050 "-" "Naba%20Water/10 CFNetwork/3826.500.131 Darwin/24.5.0"
51.253.184.31 - - [10/Sep/2026:05:42:44 +0000] "GET /uploads/TEMP/items/1776068560Ltncw.jpeg HTTP/1.1" 200 116524 "-" "Naba%20Water/10 CFNetwork/3826.500.131 Darwin/24.5.0"
5.163.42.241 - - [10/Sep/2026:05:42:52 +0000] "GET /app/branch/order/index?OrderSearch%5Bbranch_id%5D=&OrderSearch%5Border_number%5D=&OrderSearch%5Border_date_time%5D=2026-09-10&OrderSearch%5Border_total%5D=&OrderSearch%5Bdelivery_option%5D=&OrderSearch%5Border_status%5D=&OrderSearch%5Bpayment_option%5D=&OrderSearch%5Buser_id%5D=&OrderSearch%5Bdeliveryboy_id%5D=&OrderSearch%5Bis_subscription_order_type%5D=&_pjax=%23pjax-grid-view HTTP/1.1" 200 1389 "https://nabawater.com.sa/app/branch/order/index?OrderSearch%5Bbranch_id%5D=&OrderSearch%5Border_number%5D=&OrderSearch%5Border_date_time%5D=2026-09-10&OrderSearch%5Border_total%5D=&OrderSearch%5Bdelivery_option%5D=&OrderSearch%5Border_status%5D=&OrderSearch%5Bpayment_option%5D=&OrderSearch%5Buser_id%5D=&OrderSearch%5Bdeliveryboy_id%5D=&OrderSearch%5Bis_subscription_order_type%5D=" "Mozilla/5.0 (X11; Linux x86_64) AppleWebKit/537.36 (KHTML, like Gecko) Chrome/152.0.0.0 Safari/537.36"
51.235.77.191 - - [10/Sep/2026:05:43:10 +0000] "POST /api/v1/user/register?env=dev HTTP/1.1" 200 181 "-" "okhttp/5.0.0-alpha.14"
5.163.42.241 - - [10/Sep/2026:05:43:12 +0000] "GET /app/branch/order/index?OrderSearch%5Bbranch_id%5D=&OrderSearch%5Border_number%5D=&OrderSearch%5Border_date_time%5D=2026-09-10&OrderSearch%5Border_total%5D=&OrderSearch%5Bdelivery_option%5D=&OrderSearch%5Border_status%5D=&OrderSearch%5Bpayment_option%5D=&OrderSearch%5Buser_id%5D=&OrderSearch%5Bdeliveryboy_id%5D=&OrderSearch%5Bis_subscription_order_type%5D=&_pjax=%23pjax-grid-view HTTP/1.1" 200 1389 "https://nabawater.com.sa/app/branch/order/index?OrderSearch%5Bbranch_id%5D=&OrderSearch%5Border_number%5D=&OrderSearch%5Border_date_time%5D=2026-09-10&OrderSearch%5Border_total%5D=&OrderSearch%5Bdelivery_option%5D=&OrderSearch%5Border_status%5D=&OrderSearch%5Bpayment_option%5D=&OrderSearch%5Buser_id%5D=&OrderSearch%5Bdeliveryboy_id%5D=&OrderSearch%5Bis_subscription_order_type%5D=" "Mozilla/5.0 (X11; Linux x86_64) AppleWebKit/537.36 (KHTML, like Gecko) Chrome/152.0.0.0 Safari/537.36"
5.163.42.241 - - [10/Sep/2026:05:43:32 +0000] "GET /app/branch/order/index?OrderSearch%5Bbranch_id%5D=&OrderSearch%5Border_number%5D=&OrderSearch%5Border_date_time%5D=2026-09-10&OrderSearch%5Border_total%5D=&OrderSearch%5Bdelivery_option%5D=&OrderSearch%5Border_status%5D=&OrderSearch%5Bpayment_option%5D=&OrderSearch%5Buser_id%5D=&OrderSearch%5Bdeliveryboy_id%5D=&OrderSearch%5Bis_subscription_order_type%5D=&_pjax=%23pjax-grid-view HTTP/1.1" 200 1389 "https://nabawater.com.sa/app/branch/order/index?OrderSearch%5Bbranch_id%5D=&OrderSearch%5Border_number%5D=&OrderSearch%5Border_date_time%5D=2026-09-10&OrderSearch%5Border_total%5D=&OrderSearch%5Bdelivery_option%5D=&OrderSearch%5Border_status%5D=&OrderSearch%5Bpayment_option%5D=&OrderSearch%5Buser_id%5D=&OrderSearch%5Bdeliveryboy_id%5D=&OrderSearch%5Bis_subscription_order_type%5D=" "Mozilla/5.0 (X11; Linux x86_64) AppleWebKit/537.36 (KHTML, like Gecko) Chrome/152.0.0.0 Safari/537.36"
5.163.42.241 - - [10/Sep/2026:05:43:52 +0000] "GET /app/branch/order/index?OrderSearch%5Bbranch_id%5D=&OrderSearch%5Border_number%5D=&OrderSearch%5Border_date_time%5D=2026-09-10&OrderSearch%5Border_total%5D=&OrderSearch%5Bdelivery_option%5D=&OrderSearch%5Border_status%5D=&OrderSearch%5Bpayment_option%5D=&OrderSearch%5Buser_id%5D=&OrderSearch%5Bdeliveryboy_id%5D=&OrderSearch%5Bis_subscription_order_type%5D=&_pjax=%23pjax-grid-view HTTP/1.1" 200 1389 "https://nabawater.com.sa/app/branch/order/index?OrderSearch%5Bbranch_id%5D=&OrderSearch%5Border_number%5D=&OrderSearch%5Border_date_time%5D=2026-09-10&OrderSearch%5Border_total%5D=&OrderSearch%5Bdelivery_option%5D=&OrderSearch%5Border_status%5D=&OrderSearch%5Bpayment_option%5D=&OrderSearch%5Buser_id%5D=&OrderSearch%5Bdeliveryboy_id%5D=&OrderSearch%5Bis_subscription_order_type%5D=" "Mozilla/5.0 (X11; Linux x86_64) AppleWebKit/537.36 (KHTML, like Gecko) Chrome/152.0.0.0 Safari/537.36"
51.235.77.191 - - [10/Sep/2026:05:44:09 +0000] "POST /api/v1/user/verify_otp?env=dev HTTP/1.1" 417 125 "-" "okhttp/5.0.0-alpha.14"
5.163.42.241 - - [10/Sep/2026:05:44:12 +0000] "GET /app/branch/order/index?OrderSearch%5Bbranch_id%5D=&OrderSearch%5Border_number%5D=&OrderSearch%5Border_date_time%5D=2026-09-10&OrderSearch%5Border_total%5D=&OrderSearch%5Bdelivery_option%5D=&OrderSearch%5Border_status%5D=&OrderSearch%5Bpayment_option%5D=&OrderSearch%5Buser_id%5D=&OrderSearch%5Bdeliveryboy_id%5D=&OrderSearch%5Bis_subscription_order_type%5D=&_pjax=%23pjax-grid-view HTTP/1.1" 200 1389 "https://nabawater.com.sa/app/branch/order/index?OrderSearch%5Bbranch_id%5D=&OrderSearch%5Border_number%5D=&OrderSearch%5Border_date_time%5D=2026-09-10&OrderSearch%5Border_total%5D=&OrderSearch%5Bdelivery_option%5D=&OrderSearch%5Border_status%5D=&OrderSearch%5Bpayment_option%5D=&OrderSearch%5Buser_id%5D=&OrderSearch%5Bdeliveryboy_id%5D=&OrderSearch%5Bis_subscription_order_type%5D=" "Mozilla/5.0 (X11; Linux x86_64) AppleWebKit/537.36 (KHTML, like Gecko) Chrome/152.0.0.0 Safari/537.36"
5.163.42.241 - - [10/Sep/2026:05:44:32 +0000] "GET /app/branch/order/index?OrderSearch%5Bbranch_id%5D=&OrderSearch%5Border_number%5D=&OrderSearch%5Border_date_time%5D=2026-09-10&OrderSearch%5Border_total%5D=&OrderSearch%5Bdelivery_option%5D=&OrderSearch%5Border_status%5D=&OrderSearch%5Bpayment_option%5D=&OrderSearch%5Buser_id%5D=&OrderSearch%5Bdeliveryboy_id%5D=&OrderSearch%5Bis_subscription_order_type%5D=&_pjax=%23pjax-grid-view HTTP/1.1" 200 1389 "https://nabawater.com.sa/app/branch/order/index?OrderSearch%5Bbranch_id%5D=&OrderSearch%5Border_number%5D=&OrderSearch%5Border_date_time%5D=2026-09-10&OrderSearch%5Border_total%5D=&OrderSearch%5Bdelivery_option%5D=&OrderSearch%5Border_status%5D=&OrderSearch%5Bpayment_option%5D=&OrderSearch%5Buser_id%5D=&OrderSearch%5Bdeliveryboy_id%5D=&OrderSearch%5Bis_subscription_order_type%5D=" "Mozilla/5.0 (X11; Linux x86_64) AppleWebKit/537.36 (KHTML, like Gecko) Chrome/152.0.0.0 Safari/537.36"
51.235.77.191 - - [10/Sep/2026:05:44:34 +0000] "POST /api/v1/user/verify_otp?env=dev HTTP/1.1" 200 782 "-" "okhttp/5.0.0-alpha.14"
51.235.77.191 - - [10/Sep/2026:05:44:35 +0000] "GET /api/v1/user/view?env=dev HTTP/1.1" 200 755 "-" "okhttp/5.0.0-alpha.14"
51.235.77.191 - - [10/Sep/2026:05:44:35 +0000] "GET /api/v1/home?latitude=28.3685864&longitude=36.5376571&page=1&item_purchase_type=1&category_id=&env=dev HTTP/1.1" 200 6977 "-" "okhttp/5.0.0-alpha.14"
51.235.77.191 - - [10/Sep/2026:05:44:35 +0000] "GET /api/v1/user/view?env=dev HTTP/1.1" 200 755 "-" "okhttp/5.0.0-alpha.14"
51.235.77.191 - - [10/Sep/2026:05:44:36 +0000] "GET /api/v1/home?latitude=28.3685864&longitude=36.5376571&page=2&item_purchase_type=1&category_id=&env=dev HTTP/1.1" 200 4429 "-" "okhttp/5.0.0-alpha.14"
51.235.77.191 - - [10/Sep/2026:05:44:40 +0000] "GET /api/v1/home/product-details?item_key=morhtpjxbqux2egx&env=dev HTTP/1.1" 200 662 "-" "okhttp/5.0.0-alpha.14"
66.249.75.69 - - [10/Sep/2026:05:44:45 +0000] "GET /logout HTTP/1.1" 302 5 "-" "Mozilla/5.0 (Linux; Android 6.0.1; Nexus 5X Build/MMB29P) AppleWebKit/537.36 (KHTML, like Gecko) Chrome/152.0.7977.82 Mobile Safari/537.36 (compatible; Googlebot/2.1; +http://www.google.com/bot.html)"
66.249.75.71 - - [10/Sep/2026:05:44:46 +0000] "GET / HTTP/1.1" 302 5 "-" "Mozilla/5.0 (Linux; Android 6.0.1; Nexus 5X Build/MMB29P) AppleWebKit/537.36 (KHTML, like Gecko) Chrome/152.0.7977.82 Mobile Safari/537.36 (compatible; Googlebot/2.1; +http://www.google.com/bot.html)"
66.249.75.69 - - [10/Sep/2026:05:44:46 +0000] "GET /product-list-normal-orders HTTP/1.1" 200 19541 "-" "Mozilla/5.0 (Linux; Android 6.0.1; Nexus 5X Build/MMB29P) AppleWebKit/537.36 (KHTML, like Gecko) Chrome/152.0.7977.82 Mobile Safari/537.36 (compatible; Googlebot/2.1; +http://www.google.com/bot.html)"
192.178.6.196 - - [10/Sep/2026:05:44:50 +0000] "GET /robots.txt HTTP/1.1" 200 1355 "-" "Mozilla/5.0 (compatible; Googlebot/2.1; +http://www.google.com/bot.html)"
51.235.77.191 - - [10/Sep/2026:05:44:53 +0000] "GET /api/v1/user/view?env=dev HTTP/1.1" 200 755 "-" "okhttp/5.0.0-alpha.14"
51.235.77.191 - - [10/Sep/2026:05:44:53 +0000] "GET /api/v1/home?latitude=28.3685864&longitude=36.5376571&page=1&item_purchase_type=1&category_id=&env=dev HTTP/1.1" 200 6977 "-" "okhttp/5.0.0-alpha.14"
51.235.77.191 - - [10/Sep/2026:05:44:53 +0000] "GET /api/v1/home?latitude=28.3685864&longitude=36.5376571&page=2&item_purchase_type=1&category_id=&env=dev HTTP/1.1" 200 4429 "-" "okhttp/5.0.0-alpha.14"
51.235.77.191 - - [10/Sep/2026:05:45:00 +0000] "POST /api/v1/order/calculate-data?env=dev HTTP/1.1" 200 968 "-" "okhttp/5.0.0-alpha.14"
66.249.93.75 - - [10/Sep/2026:05:45:06 +0000] "GET /.well-known/traffic-advice HTTP/1.1" 404 134 "-" "Chrome Privacy Preserving Prefetch Proxy"
72.14.201.95 - - [10/Sep/2026:05:45:07 +0000] "GET /home/about HTTP/1.1" 200 16560 "https://www.google.com/" "Mozilla/5.0 (Linux; Android 10; K) AppleWebKit/537.36 (KHTML, like Gecko) Chrome/148.0.0.0 Mobile Safari/537.36"
5.163.42.241 - - [10/Sep/2026:05:45:15 +0000] "GET /app/branch/order/index?OrderSearch%5Bbranch_id%5D=&OrderSearch%5Border_number%5D=&OrderSearch%5Border_date_time%5D=2026-09-10&OrderSearch%5Border_total%5D=&OrderSearch%5Bdelivery_option%5D=&OrderSearch%5Border_status%5D=&OrderSearch%5Bpayment_option%5D=&OrderSearch%5Buser_id%5D=&OrderSearch%5Bdeliveryboy_id%5D=&OrderSearch%5Bis_subscription_order_type%5D=&_pjax=%23pjax-grid-view HTTP/1.1" 200 1389 "https://nabawater.com.sa/app/branch/order/index?OrderSearch%5Bbranch_id%5D=&OrderSearch%5Border_number%5D=&OrderSearch%5Border_date_time%5D=2026-09-10&OrderSearch%5Border_total%5D=&OrderSearch%5Bdelivery_option%5D=&OrderSearch%5Border_status%5D=&OrderSearch%5Bpayment_option%5D=&OrderSearch%5Buser_id%5D=&OrderSearch%5Bdeliveryboy_id%5D=&OrderSearch%5Bis_subscription_order_type%5D=" "Mozilla/5.0 (X11; Linux x86_64) AppleWebKit/537.36 (KHTML, like Gecko) Chrome/152.0.0.0 Safari/537.36"
51.235.77.191 - - [10/Sep/2026:05:45:20 +0000] "GET /api/v1/user/view?env=dev HTTP/1.1" 200 755 "-" "okhttp/5.0.0-alpha.14"
51.235.77.191 - - [10/Sep/2026:05:45:20 +0000] "GET /api/v1/home?latitude=28.3685864&longitude=36.5376571&page=1&item_purchase_type=1&category_id=&env=dev HTTP/1.1" 200 6977 "-" "okhttp/5.0.0-alpha.14"
51.235.77.191 - - [10/Sep/2026:05:45:21 +0000] "GET /api/v1/home?latitude=28.3685864&longitude=36.5376571&page=2&item_purchase_type=1&category_id=&env=dev HTTP/1.1" 200 4429 "-" "okhttp/5.0.0-alpha.14"
5.163.74.239 - - [10/Sep/2026:05:45:32 +0000] "GET /app/branch/order/index?OrderSearch%5Bbranch_id%5D=&OrderSearch%5Border_number%5D=&OrderSearch%5Border_date_time%5D=2026-09-10&OrderSearch%5Border_total%5D=&OrderSearch%5Bdelivery_option%5D=&OrderSearch%5Border_status%5D=&OrderSearch%5Bpayment_option%5D=&OrderSearch%5Buser_id%5D=&OrderSearch%5Bdeliveryboy_id%5D=&OrderSearch%5Bis_subscription_order_type%5D=&_pjax=%23pjax-grid-view HTTP/1.1" 200 1389 "https://nabawater.com.sa/app/branch/order/index?OrderSearch%5Bbranch_id%5D=&OrderSearch%5Border_number%5D=&OrderSearch%5Border_date_time%5D=2026-09-10&OrderSearch%5Border_total%5D=&OrderSearch%5Bdelivery_option%5D=&OrderSearch%5Border_status%5D=&OrderSearch%5Bpayment_option%5D=&OrderSearch%5Buser_id%5D=&OrderSearch%5Bdeliveryboy_id%5D=&OrderSearch%5Bis_subscription_order_type%5D=" "Mozilla/5.0 (X11; Linux x86_64) AppleWebKit/537.36 (KHTML, like Gecko) Chrome/152.0.0.0 Safari/537.36"
66.249.93.76 - - [10/Sep/2026:05:45:44 +0000] "GET /uploads/site-images/1775472141UfWou.png HTTP/1.1" 200 35542 "-" "Mozilla/5.0 (Windows NT 5.1; rv:11.0) Gecko Firefox/11.0 (via ggpht.com GoogleImageProxy)"
5.163.74.239 - - [10/Sep/2026:05:45:52 +0000] "GET /app/branch/order/index?OrderSearch%5Bbranch_id%5D=&OrderSearch%5Border_number%5D=&OrderSearch%5Border_date_time%5D=2026-09-10&OrderSearch%5Border_total%5D=&OrderSearch%5Bdelivery_option%5D=&OrderSearch%5Border_status%5D=&OrderSearch%5Bpayment_option%5D=&OrderSearch%5Buser_id%5D=&OrderSearch%5Bdeliveryboy_id%5D=&OrderSearch%5Bis_subscription_order_type%5D=&_pjax=%23pjax-grid-view HTTP/1.1" 200 1389 "https://nabawater.com.sa/app/branch/order/index?OrderSearch%5Bbranch_id%5D=&OrderSearch%5Border_number%5D=&OrderSearch%5Border_date_time%5D=2026-09-10&OrderSearch%5Border_total%5D=&OrderSearch%5Bdelivery_option%5D=&OrderSearch%5Border_status%5D=&OrderSearch%5Bpayment_option%5D=&OrderSearch%5Buser_id%5D=&OrderSearch%5Bdeliveryboy_id%5D=&OrderSearch%5Bis_subscription_order_type%5D=" "Mozilla/5.0 (X11; Linux x86_64) AppleWebKit/537.36 (KHTML, like Gecko) Chrome/152.0.0.0 Safari/537.36"
