178.73.109.165 - - [10/Sep/2026:09:32:30 +0000] "POST /branch/cart-check HTTP/1.1" 200 52 "https://www.nabawater.com.sa/product-list-normal-orders" "Mozilla/5.0 (iPhone; CPU iPhone OS 18_5_0 like Mac OS X) AppleWebKit/605.1.15 (KHTML, like Gecko) GSA/386.3.809454442 Mobile/15E148 Safari/604.1"
178.73.109.165 - - [10/Sep/2026:09:32:36 +0000] "POST /user/otp-generter-for-login?env=dev HTTP/1.1" 200 102 "https://www.nabawater.com.sa/product-list-normal-orders" "Mozilla/5.0 (iPhone; CPU iPhone OS 18_5_0 like Mac OS X) AppleWebKit/605.1.15 (KHTML, like Gecko) GSA/386.3.809454442 Mobile/15E148 Safari/604.1"
178.73.109.165 - - [10/Sep/2026:09:32:41 +0000] "GET /frontend/web/assets/310b352a/images/flags.png HTTP/1.1" 200 70857 "https://www.nabawater.com.sa/product-list-normal-orders" "Mozilla/5.0 (iPhone; CPU iPhone OS 18_5_0 like Mac OS X) AppleWebKit/605.1.15 (KHTML, like Gecko) GSA/386.3.809454442 Mobile/15E148 Safari/604.1"
178.73.109.165 - - [10/Sep/2026:09:32:45 +0000] "GET /product-list-normal-orders?page=2 HTTP/1.1" 200 11477 "https://www.nabawater.com.sa/product-list-normal-orders" "Mozilla/5.0 (iPhone; CPU iPhone OS 18_5_0 like Mac OS X) AppleWebKit/605.1.15 (KHTML, like Gecko) GSA/386.3.809454442 Mobile/15E148 Safari/604.1"
178.73.109.165 - - [10/Sep/2026:09:33:13 +0000] "GET /uploads/TEMP/items/1776067291iZUUQ.jpeg HTTP/1.1" 200 127339 "https://www.nabawater.com.sa/product-list-normal-orders" "Mozilla/5.0 (iPhone; CPU iPhone OS 18_5_0 like Mac OS X) AppleWebKit/605.1.15 (KHTML, like Gecko) GSA/386.3.809454442 Mobile/15E148 Safari/604.1"
178.73.109.165 - - [10/Sep/2026:09:33:19 +0000] "POST /user/register HTTP/1.1" 200 40 "https://www.nabawater.com.sa/product-list-normal-orders" "Mozilla/5.0 (iPhone; CPU iPhone OS 18_5_0 like Mac OS X) AppleWebKit/605.1.15 (KHTML, like Gecko) GSA/386.3.809454442 Mobile/15E148 Safari/604.1"
178.73.109.165 - - [10/Sep/2026:09:33:24 +0000] "POST /user/register HTTP/1.1" 200 40 "https://www.nabawater.com.sa/product-list-normal-orders" "Mozilla/5.0 (iPhone; CPU iPhone OS 18_5_0 like Mac OS X) AppleWebKit/605.1.15 (KHTML, like Gecko) GSA/386.3.809454442 Mobile/15E148 Safari/604.1"
178.73.109.165 - - [10/Sep/2026:09:33:33 +0000] "POST /user/register HTTP/1.1" 200 40 "https://www.nabawater.com.sa/product-list-normal-orders" "Mozilla/5.0 (iPhone; CPU iPhone OS 18_5_0 like Mac OS X) AppleWebKit/605.1.15 (KHTML, like Gecko) GSA/386.3.809454442 Mobile/15E148 Safari/604.1"
185.218.86.25 - - [10/Sep/2026:09:33:33 +0000] "GET / HTTP/1.1" 302 5 "-" "Mozilla/5.0 (Windows NT 10.0; Win64; x64) AppleWebKit/537.36 (KHTML, like Gecko) Chrome/131.0.0.0 Safari/537.36"
178.73.109.165 - - [10/Sep/2026:09:33:38 +0000] "POST /user/register HTTP/1.1" 200 40 "https://www.nabawater.com.sa/product-list-normal-orders" "Mozilla/5.0 (iPhone; CPU iPhone OS 18_5_0 like Mac OS X) AppleWebKit/605.1.15 (KHTML, like Gecko) GSA/386.3.809454442 Mobile/15E148 Safari/604.1"
178.73.109.165 - - [10/Sep/2026:09:33:45 +0000] "POST /user/register HTTP/1.1" 200 40 "https://www.nabawater.com.sa/product-list-normal-orders" "Mozilla/5.0 (iPhone; CPU iPhone OS 18_5_0 like Mac OS X) AppleWebKit/605.1.15 (KHTML, like Gecko) GSA/386.3.809454442 Mobile/15E148 Safari/604.1"
178.73.109.165 - - [10/Sep/2026:09:34:04 +0000] "POST /user/otp-verify HTTP/1.1" 200 24 "https://www.nabawater.com.sa/product-list-normal-orders" "Mozilla/5.0 (iPhone; CPU iPhone OS 18_5_0 like Mac OS X) AppleWebKit/605.1.15 (KHTML, like Gecko) GSA/386.3.809454442 Mobile/15E148 Safari/604.1"
178.73.109.165 - - [10/Sep/2026:09:34:04 +0000] "GET /uploads/TEMP/items/1776067967Fl4i0.jpeg HTTP/1.1" 200 65284 "https://www.nabawater.com.sa/product-list-normal-orders" "Mozilla/5.0 (iPhone; CPU iPhone OS 18_5_0 like Mac OS X) AppleWebKit/605.1.15 (KHTML, like Gecko) GSA/386.3.809454442 Mobile/15E148 Safari/604.1"
178.73.109.165 - - [10/Sep/2026:09:34:04 +0000] "GET /product-list-normal-orders HTTP/1.1" 200 20190 "https://www.nabawater.com.sa/product-list-normal-orders" "Mozilla/5.0 (iPhone; CPU iPhone OS 18_5_0 like Mac OS X) AppleWebKit/605.1.15 (KHTML, like Gecko) GSA/386.3.809454442 Mobile/15E148 Safari/604.1"
178.73.109.165 - - [10/Sep/2026:09:34:05 +0000] "GET /frontend/web/theme/images/user.png HTTP/1.1" 200 27270 "https://www.nabawater.com.sa/product-list-normal-orders" "Mozilla/5.0 (iPhone; CPU iPhone OS 18_5_0 like Mac OS X) AppleWebKit/605.1.15 (KHTML, like Gecko) GSA/386.3.809454442 Mobile/15E148 Safari/604.1"
178.73.109.165 - - [10/Sep/2026:09:34:05 +0000] "GET /frontend/web/assets/310b352a/css/magnific-popup.css?v=1775457230 HTTP/1.1" 304 0 "https://www.nabawater.com.sa/product-list-normal-orders" "Mozilla/5.0 (iPhone; CPU iPhone OS 18_5_0 like Mac OS X) AppleWebKit/605.1.15 (KHTML, like Gecko) GSA/386.3.809454442 Mobile/15E148 Safari/604.1"
178.73.109.165 - - [10/Sep/2026:09:34:05 +0000] "GET /frontend/web/assets/310b352a/css/icofont.css?v=1775457229 HTTP/1.1" 304 0 "https://www.nabawater.com.sa/product-list-normal-orders" "Mozilla/5.0 (iPhone; CPU iPhone OS 18_5_0 like Mac OS X) AppleWebKit/605.1.15 (KHTML, like Gecko) GSA/386.3.809454442 Mobile/15E148 Safari/604.1"
178.73.109.165 - - [10/Sep/2026:09:34:05 +0000] "GET /frontend/web/assets/310b352a/css/jquery.toast.css?v=1775457230 HTTP/1.1" 304 0 "https://www.nabawater.com.sa/product-list-normal-orders" "Mozilla/5.0 (iPhone; CPU iPhone OS 18_5_0 like Mac OS X) AppleWebKit/605.1.15 (KHTML, like Gecko) GSA/386.3.809454442 Mobile/15E148 Safari/604.1"
178.73.109.165 - - [10/Sep/2026:09:34:05 +0000] "GET /frontend/web/assets/310b352a/css/owl.carousel.min.css?v=1775457231 HTTP/1.1" 304 0 "https://www.nabawater.com.sa/product-list-normal-orders" "Mozilla/5.0 (iPhone; CPU iPhone OS 18_5_0 like Mac OS X) AppleWebKit/605.1.15 (KHTML, like Gecko) GSA/386.3.809454442 Mobile/15E148 Safari/604.1"
178.73.109.165 - - [10/Sep/2026:09:34:05 +0000] "GET /frontend/web/assets/310b352a/css/snackbar.min.css?v=1775457232 HTTP/1.1" 304 0 "https://www.nabawater.com.sa/product-list-normal-orders" "Mozilla/5.0 (iPhone; CPU iPhone OS 18_5_0 like Mac OS X) AppleWebKit/605.1.15 (KHTML, like Gecko) GSA/386.3.809454442 Mobile/15E148 Safari/604.1"
178.73.109.165 - - [10/Sep/2026:09:34:05 +0000] "GET /frontend/web/assets/310b352a/css/bootstrap-select.min.css?v=1775457225 HTTP/1.1" 304 0 "https://www.nabawater.com.sa/product-list-normal-orders" "Mozilla/5.0 (iPhone; CPU iPhone OS 18_5_0 like Mac OS X) AppleWebKit/605.1.15 (KHTML, like Gecko) GSA/386.3.809454442 Mobile/15E148 Safari/604.1"
178.73.109.165 - - [10/Sep/2026:09:34:05 +0000] "GET /frontend/web/theme/images/logo.png HTTP/1.1" 404 13930 "https://www.nabawater.com.sa/product-list-normal-orders" "Mozilla/5.0 (iPhone; CPU iPhone OS 18_5_0 like Mac OS X) AppleWebKit/605.1.15 (KHTML, like Gecko) GSA/386.3.809454442 Mobile/15E148 Safari/604.1"
178.73.109.165 - - [10/Sep/2026:09:34:05 +0000] "GET /frontend/web/assets/310b352a/css/jquery.rateyo.min.css?v=1775457230 HTTP/1.1" 304 0 "https://www.nabawater.com.sa/product-list-normal-orders" "Mozilla/5.0 (iPhone; CPU iPhone OS 18_5_0 like Mac OS X) AppleWebKit/605.1.15 (KHTML, like Gecko) GSA/386.3.809454442 Mobile/15E148 Safari/604.1"
178.73.109.165 - - [10/Sep/2026:09:34:05 +0000] "GET /frontend/web/assets/310b352a/js/html5shiv.min.js?v=1775457370 HTTP/1.1" 304 0 "https://www.nabawater.com.sa/product-list-normal-orders" "Mozilla/5.0 (iPhone; CPU iPhone OS 18_5_0 like Mac OS X) AppleWebKit/605.1.15 (KHTML, like Gecko) GSA/386.3.809454442 Mobile/15E148 Safari/604.1"
178.73.109.165 - - [10/Sep/2026:09:34:05 +0000] "GET /frontend/web/assets/310b352a/css/style.css?v=1775457233 HTTP/1.1" 304 0 "https://www.nabawater.com.sa/product-list-normal-orders" "Mozilla/5.0 (iPhone; CPU iPhone OS 18_5_0 like Mac OS X) AppleWebKit/605.1.15 (KHTML, like Gecko) GSA/386.3.809454442 Mobile/15E148 Safari/604.1"
178.73.109.165 - - [10/Sep/2026:09:34:05 +0000] "GET /frontend/web/assets/310b352a/css/responsive.css?v=1775457232 HTTP/1.1" 304 0 "https://www.nabawater.com.sa/product-list-normal-orders" "Mozilla/5.0 (iPhone; CPU iPhone OS 18_5_0 like Mac OS X) AppleWebKit/605.1.15 (KHTML, like Gecko) GSA/386.3.809454442 Mobile/15E148 Safari/604.1"
178.73.109.165 - - [10/Sep/2026:09:34:05 +0000] "GET /frontend/web/assets/3a935f50/authchoice.css?v=1562064141 HTTP/1.1" 304 0 "https://www.nabawater.com.sa/product-list-normal-orders" "Mozilla/5.0 (iPhone; CPU iPhone OS 18_5_0 like Mac OS X) AppleWebKit/605.1.15 (KHTML, like Gecko) GSA/386.3.809454442 Mobile/15E148 Safari/604.1"
178.73.109.165 - - [10/Sep/2026:09:34:05 +0000] "GET /frontend/web/assets/3efb0241/js/runOnLoad.js?v=1775457045 HTTP/1.1" 304 0 "https://www.nabawater.com.sa/product-list-normal-orders" "Mozilla/5.0 (iPhone; CPU iPhone OS 18_5_0 like Mac OS X) AppleWebKit/605.1.15 (KHTML, like Gecko) GSA/386.3.809454442 Mobile/15E148 Safari/604.1"
178.73.109.165 - - [10/Sep/2026:09:34:05 +0000] "GET /frontend/web/assets/9269f783/yii.js?v=1551337386 HTTP/1.1" 304 0 "https://www.nabawater.com.sa/product-list-normal-orders" "Mozilla/5.0 (iPhone; CPU iPhone OS 18_5_0 like Mac OS X) AppleWebKit/605.1.15 (KHTML, like Gecko) GSA/386.3.809454442 Mobile/15E148 Safari/604.1"
178.73.109.165 - - [10/Sep/2026:09:34:05 +0000] "GET /frontend/web/assets/310b352a/js/popper.min.js?v=1775457375 HTTP/1.1" 304 0 "https://www.nabawater.com.sa/product-list-normal-orders" "Mozilla/5.0 (iPhone; CPU iPhone OS 18_5_0 like Mac OS X) AppleWebKit/605.1.15 (KHTML, like Gecko) GSA/386.3.809454442 Mobile/15E148 Safari/604.1"
178.73.109.165 - - [10/Sep/2026:09:34:05 +0000] "GET /frontend/web/assets/584e7fc0/jquery.js?v=1516469217 HTTP/1.1" 304 0 "https://www.nabawater.com.sa/product-list-normal-orders" "Mozilla/5.0 (iPhone; CPU iPhone OS 18_5_0 like Mac OS X) AppleWebKit/605.1.15 (KHTML, like Gecko) GSA/386.3.809454442 Mobile/15E148 Safari/604.1"
178.73.109.165 - - [10/Sep/2026:09:34:05 +0000] "GET /frontend/web/assets/310b352a/js/bootstrap.min.js?v=1775457367 HTTP/1.1" 304 0 "https://www.nabawater.com.sa/product-list-normal-orders" "Mozilla/5.0 (iPhone; CPU iPhone OS 18_5_0 like Mac OS X) AppleWebKit/605.1.15 (KHTML, like Gecko) GSA/386.3.809454442 Mobile/15E148 Safari/604.1"
178.73.109.165 - - [10/Sep/2026:09:34:05 +0000] "GET /frontend/web/assets/3efb0241/js/core.js?v=1775457044 HTTP/1.1" 304 0 "https://www.nabawater.com.sa/product-list-normal-orders" "Mozilla/5.0 (iPhone; CPU iPhone OS 18_5_0 like Mac OS X) AppleWebKit/605.1.15 (KHTML, like Gecko) GSA/386.3.809454442 Mobile/15E148 Safari/604.1"
178.73.109.165 - - [10/Sep/2026:09:34:06 +0000] "GET /frontend/web/assets/310b352a/js/lozad.min.js?v=1775457373 HTTP/1.1" 304 0 "https://www.nabawater.com.sa/product-list-normal-orders" "Mozilla/5.0 (iPhone; CPU iPhone OS 18_5_0 like Mac OS X) AppleWebKit/605.1.15 (KHTML, like Gecko) GSA/386.3.809454442 Mobile/15E148 Safari/604.1"
178.73.109.165 - - [10/Sep/2026:09:34:06 +0000] "GET /frontend/web/assets/310b352a/js/bootstrap-clockpicker.min.js?v=1775457365 HTTP/1.1" 304 0 "https://www.nabawater.com.sa/product-list-normal-orders" "Mozilla/5.0 (iPhone; CPU iPhone OS 18_5_0 like Mac OS X) AppleWebKit/605.1.15 (KHTML, like Gecko) GSA/386.3.809454442 Mobile/15E148 Safari/604.1"
178.73.109.165 - - [10/Sep/2026:09:34:06 +0000] "GET /frontend/web/assets/310b352a/js/intlTelInput.min.js?v=1775457370 HTTP/1.1" 304 0 "https://www.nabawater.com.sa/product-list-normal-orders" "Mozilla/5.0 (iPhone; CPU iPhone OS 18_5_0 like Mac OS X) AppleWebKit/605.1.15 (KHTML, like Gecko) GSA/386.3.809454442 Mobile/15E148 Safari/604.1"
178.73.109.165 - - [10/Sep/2026:09:34:06 +0000] "GET /frontend/web/assets/310b352a/js/iziToast.min.js?v=1775457370 HTTP/1.1" 304 0 "https://www.nabawater.com.sa/product-list-normal-orders" "Mozilla/5.0 (iPhone; CPU iPhone OS 18_5_0 like Mac OS X) AppleWebKit/605.1.15 (KHTML, like Gecko) GSA/386.3.809454442 Mobile/15E148 Safari/604.1"
178.73.109.165 - - [10/Sep/2026:09:34:06 +0000] "GET /frontend/web/assets/310b352a/js/datepicker.min.js?v=1775457367 HTTP/1.1" 304 0 "https://www.nabawater.com.sa/product-list-normal-orders" "Mozilla/5.0 (iPhone; CPU iPhone OS 18_5_0 like Mac OS X) AppleWebKit/605.1.15 (KHTML, like Gecko) GSA/386.3.809454442 Mobile/15E148 Safari/604.1"
178.73.109.165 - - [10/Sep/2026:09:34:06 +0000] "GET /frontend/web/assets/310b352a/js/owl.carousel.min.js?v=1775457374 HTTP/1.1" 304 0 "https://www.nabawater.com.sa/product-list-normal-orders" "Mozilla/5.0 (iPhone; CPU iPhone OS 18_5_0 like Mac OS X) AppleWebKit/605.1.15 (KHTML, like Gecko) GSA/386.3.809454442 Mobile/15E148 Safari/604.1"
178.73.109.165 - - [10/Sep/2026:09:34:06 +0000] "GET /frontend/web/assets/310b352a/js/snackbar.min.js?v=1775457376 HTTP/1.1" 304 0 "https://www.nabawater.com.sa/product-list-normal-orders" "Mozilla/5.0 (iPhone; CPU iPhone OS 18_5_0 like Mac OS X) AppleWebKit/605.1.15 (KHTML, like Gecko) GSA/386.3.809454442 Mobile/15E148 Safari/604.1"
178.73.109.165 - - [10/Sep/2026:09:34:06 +0000] "GET /frontend/web/assets/310b352a/js/jquery.rateyo.min.js?v=1775457372 HTTP/1.1" 304 0 "https://www.nabawater.com.sa/product-list-normal-orders" "Mozilla/5.0 (iPhone; CPU iPhone OS 18_5_0 like Mac OS X) AppleWebKit/605.1.15 (KHTML, like Gecko) GSA/386.3.809454442 Mobile/15E148 Safari/604.1"
178.73.109.165 - - [10/Sep/2026:09:34:06 +0000] "GET /frontend/web/assets/310b352a/js/jquery.magnific-popup.min.js?v=1775457371 HTTP/1.1" 304 0 "https://www.nabawater.com.sa/product-list-normal-orders" "Mozilla/5.0 (iPhone; CPU iPhone OS 18_5_0 like Mac OS X) AppleWebKit/605.1.15 (KHTML, like Gecko) GSA/386.3.809454442 Mobile/15E148 Safari/604.1"
178.73.109.165 - - [10/Sep/2026:09:34:06 +0000] "GET /frontend/web/assets/9269f783/yii.validation.js?v=1551337386 HTTP/1.1" 304 0 "https://www.nabawater.com.sa/product-list-normal-orders" "Mozilla/5.0 (iPhone; CPU iPhone OS 18_5_0 like Mac OS X) AppleWebKit/605.1.15 (KHTML, like Gecko) GSA/386.3.809454442 Mobile/15E148 Safari/604.1"
178.73.109.165 - - [10/Sep/2026:09:34:06 +0000] "GET /frontend/web/assets/310b352a/js/custom.js?v=1775457367 HTTP/1.1" 304 0 "https://www.nabawater.com.sa/product-list-normal-orders" "Mozilla/5.0 (iPhone; CPU iPhone OS 18_5_0 like Mac OS X) AppleWebKit/605.1.15 (KHTML, like Gecko) GSA/386.3.809454442 Mobile/15E148 Safari/604.1"
178.73.109.165 - - [10/Sep/2026:09:34:06 +0000] "GET /frontend/web/assets/9269f783/yii.activeForm.js?v=1551337386 HTTP/1.1" 304 0 "https://www.nabawater.com.sa/product-list-normal-orders" "Mozilla/5.0 (iPhone; CPU iPhone OS 18_5_0 like Mac OS X) AppleWebKit/605.1.15 (KHTML, like Gecko) GSA/386.3.809454442 Mobile/15E148 Safari/604.1"
178.73.109.165 - - [10/Sep/2026:09:34:06 +0000] "GET /frontend/web/assets/3a935f50/authchoice.js?v=1562064141 HTTP/1.1" 304 0 "https://www.nabawater.com.sa/product-list-normal-orders" "Mozilla/5.0 (iPhone; CPU iPhone OS 18_5_0 like Mac OS X) AppleWebKit/605.1.15 (KHTML, like Gecko) GSA/386.3.809454442 Mobile/15E148 Safari/604.1"
178.73.109.165 - - [10/Sep/2026:09:34:06 +0000] "GET /frontend/web/assets/310b352a/css/font-awesome.min.css HTTP/1.1" 304 0 "https://www.nabawater.com.sa/product-list-normal-orders" "Mozilla/5.0 (iPhone; CPU iPhone OS 18_5_0 like Mac OS X) AppleWebKit/605.1.15 (KHTML, like Gecko) GSA/386.3.809454442 Mobile/15E148 Safari/604.1"
178.73.109.165 - - [10/Sep/2026:09:34:06 +0000] "GET /frontend/web/assets/310b352a/css/simple-line-icons.css HTTP/1.1" 304 0 "https://www.nabawater.com.sa/product-list-normal-orders" "Mozilla/5.0 (iPhone; CPU iPhone OS 18_5_0 like Mac OS X) AppleWebKit/605.1.15 (KHTML, like Gecko) GSA/386.3.809454442 Mobile/15E148 Safari/604.1"
178.73.109.165 - - [10/Sep/2026:09:34:06 +0000] "GET /frontend/web/assets/310b352a/css/bootstrap.min.css HTTP/1.1" 304 0 "https://www.nabawater.com.sa/product-list-normal-orders" "Mozilla/5.0 (iPhone; CPU iPhone OS 18_5_0 like Mac OS X) AppleWebKit/605.1.15 (KHTML, like Gecko) GSA/386.3.809454442 Mobile/15E148 Safari/604.1"
178.73.109.165 - - [10/Sep/2026:09:34:06 +0000] "GET /frontend/web/assets/310b352a/css/animate.min.css HTTP/1.1" 304 0 "https://www.nabawater.com.sa/product-list-normal-orders" "Mozilla/5.0 (iPhone; CPU iPhone OS 18_5_0 like Mac OS X) AppleWebKit/605.1.15 (KHTML, like Gecko) GSA/386.3.809454442 Mobile/15E148 Safari/604.1"
178.73.109.165 - - [10/Sep/2026:09:34:06 +0000] "GET /frontend/web/assets/310b352a/css/datepicker.min.css HTTP/1.1" 304 0 "https://www.nabawater.com.sa/product-list-normal-orders" "Mozilla/5.0 (iPhone; CPU iPhone OS 18_5_0 like Mac OS X) AppleWebKit/605.1.15 (KHTML, like Gecko) GSA/386.3.809454442 Mobile/15E148 Safari/604.1"
178.73.109.165 - - [10/Sep/2026:09:34:06 +0000] "GET /frontend/web/assets/310b352a/css/iziToast.min.css HTTP/1.1" 304 0 "https://www.nabawater.com.sa/product-list-normal-orders" "Mozilla/5.0 (iPhone; CPU iPhone OS 18_5_0 like Mac OS X) AppleWebKit/605.1.15 (KHTML, like Gecko) GSA/386.3.809454442 Mobile/15E148 Safari/604.1"
178.73.109.165 - - [10/Sep/2026:09:34:06 +0000] "GET /frontend/web/assets/310b352a/css/intlTelInput.min.css HTTP/1.1" 304 0 "https://www.nabawater.com.sa/product-list-normal-orders" "Mozilla/5.0 (iPhone; CPU iPhone OS 18_5_0 like Mac OS X) AppleWebKit/605.1.15 (KHTML, like Gecko) GSA/386.3.809454442 Mobile/15E148 Safari/604.1"
178.73.109.165 - - [10/Sep/2026:09:34:06 +0000] "GET /frontend/web/assets/310b352a/js/bootstrap-select.min.js?v=1775457366 HTTP/1.1" 304 0 "https://www.nabawater.com.sa/product-list-normal-orders" "Mozilla/5.0 (iPhone; CPU iPhone OS 18_5_0 like Mac OS X) AppleWebKit/605.1.15 (KHTML, like Gecko) GSA/386.3.809454442 Mobile/15E148 Safari/604.1"
178.73.109.165 - - [10/Sep/2026:09:34:06 +0000] "GET /uploads/site-images/1775472141UfWou.png HTTP/1.1" 304 0 "https://www.nabawater.com.sa/product-list-normal-orders" "Mozilla/5.0 (iPhone; CPU iPhone OS 18_5_0 like Mac OS X) AppleWebKit/605.1.15 (KHTML, like Gecko) GSA/386.3.809454442 Mobile/15E148 Safari/604.1"
178.73.109.165 - - [10/Sep/2026:09:34:10 +0000] "GET /frontend/web/assets/310b352a/fonts/ReadexPro-Medium.woff2 HTTP/1.1" 304 0 "https://www.nabawater.com.sa/product-list-normal-orders" "Mozilla/5.0 (iPhone; CPU iPhone OS 18_5_0 like Mac OS X) AppleWebKit/605.1.15 (KHTML, like Gecko) GSA/386.3.809454442 Mobile/15E148 Safari/604.1"
178.73.109.165 - - [10/Sep/2026:09:34:10 +0000] "GET /frontend/web/assets/310b352a/fonts/ReadexPro-SemiBold.woff2 HTTP/1.1" 304 0 "https://www.nabawater.com.sa/product-list-normal-orders" "Mozilla/5.0 (iPhone; CPU iPhone OS 18_5_0 like Mac OS X) AppleWebKit/605.1.15 (KHTML, like Gecko) GSA/386.3.809454442 Mobile/15E148 Safari/604.1"
178.73.109.165 - - [10/Sep/2026:09:34:10 +0000] "GET /frontend/web/assets/310b352a/fonts/ReadexPro-Light.woff2 HTTP/1.1" 304 0 "https://www.nabawater.com.sa/product-list-normal-orders" "Mozilla/5.0 (iPhone; CPU iPhone OS 18_5_0 like Mac OS X) AppleWebKit/605.1.15 (KHTML, like Gecko) GSA/386.3.809454442 Mobile/15E148 Safari/604.1"
178.73.109.165 - - [10/Sep/2026:09:34:10 +0000] "GET /frontend/web/assets/310b352a/images/white_loader.gif HTTP/1.1" 304 0 "https://www.nabawater.com.sa/product-list-normal-orders" "Mozilla/5.0 (iPhone; CPU iPhone OS 18_5_0 like Mac OS X) AppleWebKit/605.1.15 (KHTML, like Gecko) GSA/386.3.809454442 Mobile/15E148 Safari/604.1"
178.73.109.165 - - [10/Sep/2026:09:34:10 +0000] "GET /frontend/web/theme/images/logo.png HTTP/1.1" 404 13933 "https://www.nabawater.com.sa/product-list-normal-orders" "Mozilla/5.0 (iPhone; CPU iPhone OS 18_5_0 like Mac OS X) AppleWebKit/605.1.15 (KHTML, like Gecko) GSA/386.3.809454442 Mobile/15E148 Safari/604.1"
178.73.109.165 - - [10/Sep/2026:09:34:10 +0000] "GET /frontend/web/assets/310b352a/fonts/fontawesome-webfont.woff2?v=4.7.0 HTTP/1.1" 304 0 "https://www.nabawater.com.sa/product-list-normal-orders" "Mozilla/5.0 (iPhone; CPU iPhone OS 18_5_0 like Mac OS X) AppleWebKit/605.1.15 (KHTML, like Gecko) GSA/386.3.809454442 Mobile/15E148 Safari/604.1"
178.73.109.165 - - [10/Sep/2026:09:34:10 +0000] "GET /frontend/web/assets/310b352a/fonts/ReadexPro-Bold.woff2 HTTP/1.1" 304 0 "https://www.nabawater.com.sa/product-list-normal-orders" "Mozilla/5.0 (iPhone; CPU iPhone OS 18_5_0 like Mac OS X) AppleWebKit/605.1.15 (KHTML, like Gecko) GSA/386.3.809454442 Mobile/15E148 Safari/604.1"
178.73.109.165 - - [10/Sep/2026:09:34:10 +0000] "GET /frontend/web/assets/310b352a/fonts/icofont.woff2 HTTP/1.1" 304 0 "https://www.nabawater.com.sa/product-list-normal-orders" "Mozilla/5.0 (iPhone; CPU iPhone OS 18_5_0 like Mac OS X) AppleWebKit/605.1.15 (KHTML, like Gecko) GSA/386.3.809454442 Mobile/15E148 Safari/604.1"
178.73.109.165 - - [10/Sep/2026:09:34:10 +0000] "GET /uploads/banners/1788966985DaksB.php HTTP/1.1" 200 1382 "https://www.nabawater.com.sa/product-list-normal-orders" "Mozilla/5.0 (iPhone; CPU iPhone OS 18_5_0 like Mac OS X) AppleWebKit/605.1.15 (KHTML, like Gecko) GSA/386.3.809454442 Mobile/15E148 Safari/604.1"
178.73.109.165 - - [10/Sep/2026:09:34:10 +0000] "GET /uploads/banners/1788966980n8sba.php HTTP/1.1" 200 65 "https://www.nabawater.com.sa/product-list-normal-orders" "Mozilla/5.0 (iPhone; CPU iPhone OS 18_5_0 like Mac OS X) AppleWebKit/605.1.15 (KHTML, like Gecko) GSA/386.3.809454442 Mobile/15E148 Safari/604.1"
178.73.109.165 - - [10/Sep/2026:09:34:10 +0000] "GET /uploads/banners/1788966966ccSa0.php HTTP/1.1" 200 128 "https://www.nabawater.com.sa/product-list-normal-orders" "Mozilla/5.0 (iPhone; CPU iPhone OS 18_5_0 like Mac OS X) AppleWebKit/605.1.15 (KHTML, like Gecko) GSA/386.3.809454442 Mobile/15E148 Safari/604.1"
178.73.109.165 - - [10/Sep/2026:09:34:10 +0000] "GET /uploads/TEMP/items/1776068225hx2mh.jpeg HTTP/1.1" 304 0 "https://www.nabawater.com.sa/product-list-normal-orders" "Mozilla/5.0 (iPhone; CPU iPhone OS 18_5_0 like Mac OS X) AppleWebKit/605.1.15 (KHTML, like Gecko) GSA/386.3.809454442 Mobile/15E148 Safari/604.1"
178.73.109.165 - - [10/Sep/2026:09:34:10 +0000] "GET /frontend/web/theme/images/bg_banner_over.jpg HTTP/1.1" 304 0 "https://www.nabawater.com.sa/product-list-normal-orders" "Mozilla/5.0 (iPhone; CPU iPhone OS 18_5_0 like Mac OS X) AppleWebKit/605.1.15 (KHTML, like Gecko) GSA/386.3.809454442 Mobile/15E148 Safari/604.1"
178.73.109.165 - - [10/Sep/2026:09:34:11 +0000] "GET /product-list-normal-orders?page=2 HTTP/1.1" 200 11477 "https://www.nabawater.com.sa/product-list-normal-orders" "Mozilla/5.0 (iPhone; CPU iPhone OS 18_5_0 like Mac OS X) AppleWebKit/605.1.15 (KHTML, like Gecko) GSA/386.3.809454442 Mobile/15E148 Safari/604.1"
178.73.109.165 - - [10/Sep/2026:09:34:11 +0000] "GET /uploads/TEMP/items/1776067967Fl4i0.jpeg HTTP/1.1" 200 86250 "https://www.nabawater.com.sa/product-list-normal-orders" "Mozilla/5.0 (iPhone; CPU iPhone OS 18_5_0 like Mac OS X) AppleWebKit/605.1.15 (KHTML, like Gecko) GSA/386.3.809454442 Mobile/15E148 Safari/604.1"
178.73.109.165 - - [10/Sep/2026:09:34:17 +0000] "POST /branch/add-cart HTTP/1.1" 200 3055 "https://www.nabawater.com.sa/product-list-normal-orders" "Mozilla/5.0 (iPhone; CPU iPhone OS 18_5_0 like Mac OS X) AppleWebKit/605.1.15 (KHTML, like Gecko) GSA/386.3.809454442 Mobile/15E148 Safari/604.1"
178.73.109.165 - - [10/Sep/2026:09:34:17 +0000] "POST /branch/add-cart HTTP/1.1" 200 3049 "https://www.nabawater.com.sa/product-list-normal-orders" "Mozilla/5.0 (iPhone; CPU iPhone OS 18_5_0 like Mac OS X) AppleWebKit/605.1.15 (KHTML, like Gecko) GSA/386.3.809454442 Mobile/15E148 Safari/604.1"
178.73.109.165 - - [10/Sep/2026:09:34:18 +0000] "POST /branch/add-cart HTTP/1.1" 200 3049 "https://www.nabawater.com.sa/product-list-normal-orders" "Mozilla/5.0 (iPhone; CPU iPhone OS 18_5_0 like Mac OS X) AppleWebKit/605.1.15 (KHTML, like Gecko) GSA/386.3.809454442 Mobile/15E148 Safari/604.1"
178.73.109.165 - - [10/Sep/2026:09:34:18 +0000] "POST /branch/add-cart HTTP/1.1" 200 3049 "https://www.nabawater.com.sa/product-list-normal-orders" "Mozilla/5.0 (iPhone; CPU iPhone OS 18_5_0 like Mac OS X) AppleWebKit/605.1.15 (KHTML, like Gecko) GSA/386.3.809454442 Mobile/15E148 Safari/604.1"
178.73.109.165 - - [10/Sep/2026:09:34:18 +0000] "POST /branch/add-cart HTTP/1.1" 200 3049 "https://www.nabawater.com.sa/product-list-normal-orders" "Mozilla/5.0 (iPhone; CPU iPhone OS 18_5_0 like Mac OS X) AppleWebKit/605.1.15 (KHTML, like Gecko) GSA/386.3.809454442 Mobile/15E148 Safari/604.1"
178.73.109.165 - - [10/Sep/2026:09:34:20 +0000] "POST /branch/add-cart HTTP/1.1" 200 3049 "https://www.nabawater.com.sa/product-list-normal-orders" "Mozilla/5.0 (iPhone; CPU iPhone OS 18_5_0 like Mac OS X) AppleWebKit/605.1.15 (KHTML, like Gecko) GSA/386.3.809454442 Mobile/15E148 Safari/604.1"
178.73.109.165 - - [10/Sep/2026:09:34:21 +0000] "POST /branch/add-cart HTTP/1.1" 200 3049 "https://www.nabawater.com.sa/product-list-normal-orders" "Mozilla/5.0 (iPhone; CPU iPhone OS 18_5_0 like Mac OS X) AppleWebKit/605.1.15 (KHTML, like Gecko) GSA/386.3.809454442 Mobile/15E148 Safari/604.1"
178.73.109.165 - - [10/Sep/2026:09:34:22 +0000] "POST /branch/add-cart HTTP/1.1" 200 3049 "https://www.nabawater.com.sa/product-list-normal-orders" "Mozilla/5.0 (iPhone; CPU iPhone OS 18_5_0 like Mac OS X) AppleWebKit/605.1.15 (KHTML, like Gecko) GSA/386.3.809454442 Mobile/15E148 Safari/604.1"
178.73.109.165 - - [10/Sep/2026:09:34:23 +0000] "POST /branch/add-cart HTTP/1.1" 200 3049 "https://www.nabawater.com.sa/product-list-normal-orders" "Mozilla/5.0 (iPhone; CPU iPhone OS 18_5_0 like Mac OS X) AppleWebKit/605.1.15 (KHTML, like Gecko) GSA/386.3.809454442 Mobile/15E148 Safari/604.1"
178.73.109.165 - - [10/Sep/2026:09:34:24 +0000] "POST /branch/add-cart HTTP/1.1" 200 3051 "https://www.nabawater.com.sa/product-list-normal-orders" "Mozilla/5.0 (iPhone; CPU iPhone OS 18_5_0 like Mac OS X) AppleWebKit/605.1.15 (KHTML, like Gecko) GSA/386.3.809454442 Mobile/15E148 Safari/604.1"
178.73.109.165 - - [10/Sep/2026:09:34:25 +0000] "POST /branch/add-cart HTTP/1.1" 200 3051 "https://www.nabawater.com.sa/product-list-normal-orders" "Mozilla/5.0 (iPhone; CPU iPhone OS 18_5_0 like Mac OS X) AppleWebKit/605.1.15 (KHTML, like Gecko) GSA/386.3.809454442 Mobile/15E148 Safari/604.1"
178.73.109.165 - - [10/Sep/2026:09:34:25 +0000] "POST /branch/add-cart HTTP/1.1" 200 3051 "https://www.nabawater.com.sa/product-list-normal-orders" "Mozilla/5.0 (iPhone; CPU iPhone OS 18_5_0 like Mac OS X) AppleWebKit/605.1.15 (KHTML, like Gecko) GSA/386.3.809454442 Mobile/15E148 Safari/604.1"
178.73.109.165 - - [10/Sep/2026:09:34:26 +0000] "POST /branch/add-cart HTTP/1.1" 200 3052 "https://www.nabawater.com.sa/product-list-normal-orders" "Mozilla/5.0 (iPhone; CPU iPhone OS 18_5_0 like Mac OS X) AppleWebKit/605.1.15 (KHTML, like Gecko) GSA/386.3.809454442 Mobile/15E148 Safari/604.1"
176.44.117.187 - - [10/Sep/2026:09:34:27 +0000] "GET /api/v1/mobile-translation HTTP/1.1" 200 38586 "-" "Naba Water/4.0 (com.NabawaterCustomer; build:10; iOS 26.6.1) Alamofire/4.9.1"
176.44.117.187 - - [10/Sep/2026:09:34:27 +0000] "GET /api/v1/home?latitude=&longitude=&page=1&item_purchase_type=1&category_id= HTTP/1.1" 200 528 "-" "Naba Water/4.0 (com.NabawaterCustomer; build:10; iOS 26.6.1) Alamofire/4.9.1"
176.44.117.187 - - [10/Sep/2026:09:34:27 +0000] "GET /api/v1/ads/get-active-ads HTTP/1.1" 200 1178 "-" "Naba Water/4.0 (com.NabawaterCustomer; build:10; iOS 26.6.1) Alamofire/4.9.1"
176.44.117.187 - - [10/Sep/2026:09:34:28 +0000] "GET /api/v1/home/ios-version HTTP/1.1" 200 158 "-" "Naba Water/4.0 (com.NabawaterCustomer; build:10; iOS 26.6.1) Alamofire/4.9.1"
176.44.117.187 - - [10/Sep/2026:09:34:28 +0000] "GET /frontend/web/theme/images/placeholder.png HTTP/1.1" 200 30449 "-" "Naba%20Water/10 CFNetwork/3860.700.1 Darwin/25.6.0"
176.44.117.187 - - [10/Sep/2026:09:34:28 +0000] "GET /uploads/TEMP/ads/1787828218ia2If.jpeg HTTP/1.1" 200 641880 "-" "Naba%20Water/10 CFNetwork/3860.700.1 Darwin/25.6.0"
176.44.117.187 - - [10/Sep/2026:09:34:28 +0000] "GET /uploads/TEMP/ads/1787827435JaLnY.jpeg HTTP/1.1" 200 796599 "-" "Naba%20Water/10 CFNetwork/3860.700.1 Darwin/25.6.0"
176.44.117.187 - - [10/Sep/2026:09:34:28 +0000] "GET /uploads/TEMP/ads/17878284019jRpB.jpeg HTTP/1.1" 200 641880 "-" "Naba%20Water/10 CFNetwork/3860.700.1 Darwin/25.6.0"
178.73.109.165 - - [10/Sep/2026:09:34:31 +0000] "POST /branch/add-cart HTTP/1.1" 200 3052 "https://www.nabawater.com.sa/product-list-normal-orders" "Mozilla/5.0 (iPhone; CPU iPhone OS 18_5_0 like Mac OS X) AppleWebKit/605.1.15 (KHTML, like Gecko) GSA/386.3.809454442 Mobile/15E148 Safari/604.1"
176.44.117.187 - - [10/Sep/2026:09:34:31 +0000] "GET /api/v1/home?latitude=24.74347505649982&longitude=46.75814736399616&page=1&item_purchase_type=1&category_id= HTTP/1.1" 200 528 "-" "Naba Water/4.0 (com.NabawaterCustomer; build:10; iOS 26.6.1) Alamofire/4.9.1"
178.73.109.165 - - [10/Sep/2026:09:34:32 +0000] "POST /branch/add-cart HTTP/1.1" 200 3054 "https://www.nabawater.com.sa/product-list-normal-orders" "Mozilla/5.0 (iPhone; CPU iPhone OS 18_5_0 like Mac OS X) AppleWebKit/605.1.15 (KHTML, like Gecko) GSA/386.3.809454442 Mobile/15E148 Safari/604.1"
178.73.109.165 - - [10/Sep/2026:09:34:33 +0000] "POST /branch/add-cart HTTP/1.1" 200 3054 "https://www.nabawater.com.sa/product-list-normal-orders" "Mozilla/5.0 (iPhone; CPU iPhone OS 18_5_0 like Mac OS X) AppleWebKit/605.1.15 (KHTML, like Gecko) GSA/386.3.809454442 Mobile/15E148 Safari/604.1"
178.73.109.165 - - [10/Sep/2026:09:34:33 +0000] "GET /uploads/TEMP/items/1776068177PMRYL.jpeg HTTP/1.1" 200 95438 "https://www.nabawater.com.sa/product-list-normal-orders" "Mozilla/5.0 (iPhone; CPU iPhone OS 18_5_0 like Mac OS X) AppleWebKit/605.1.15 (KHTML, like Gecko) GSA/386.3.809454442 Mobile/15E148 Safari/604.1"
178.73.109.165 - - [10/Sep/2026:09:34:34 +0000] "POST /branch/add-cart HTTP/1.1" 200 3054 "https://www.nabawater.com.sa/product-list-normal-orders" "Mozilla/5.0 (iPhone; CPU iPhone OS 18_5_0 like Mac OS X) AppleWebKit/605.1.15 (KHTML, like Gecko) GSA/386.3.809454442 Mobile/15E148 Safari/604.1"
178.73.109.165 - - [10/Sep/2026:09:34:35 +0000] "POST /branch/add-cart HTTP/1.1" 200 3054 "https://www.nabawater.com.sa/product-list-normal-orders" "Mozilla/5.0 (iPhone; CPU iPhone OS 18_5_0 like Mac OS X) AppleWebKit/605.1.15 (KHTML, like Gecko) GSA/386.3.809454442 Mobile/15E148 Safari/604.1"
178.73.109.165 - - [10/Sep/2026:09:34:36 +0000] "POST /branch/add-cart HTTP/1.1" 200 3054 "https://www.nabawater.com.sa/product-list-normal-orders" "Mozilla/5.0 (iPhone; CPU iPhone OS 18_5_0 like Mac OS X) AppleWebKit/605.1.15 (KHTML, like Gecko) GSA/386.3.809454442 Mobile/15E148 Safari/604.1"
178.73.109.165 - - [10/Sep/2026:09:34:36 +0000] "POST /branch/add-cart HTTP/1.1" 200 3054 "https://www.nabawater.com.sa/product-list-normal-orders" "Mozilla/5.0 (iPhone; CPU iPhone OS 18_5_0 like Mac OS X) AppleWebKit/605.1.15 (KHTML, like Gecko) GSA/386.3.809454442 Mobile/15E148 Safari/604.1"
176.44.117.187 - - [10/Sep/2026:09:34:37 +0000] "POST /api/v1/ads/track-impression HTTP/1.1" 200 116 "-" "Naba Water/4.0 (com.NabawaterCustomer; build:10; iOS 26.6.1) Alamofire/4.9.1"
178.73.109.165 - - [10/Sep/2026:09:34:38 +0000] "POST /branch/add-cart HTTP/1.1" 200 3054 "https://www.nabawater.com.sa/product-list-normal-orders" "Mozilla/5.0 (iPhone; CPU iPhone OS 18_5_0 like Mac OS X) AppleWebKit/605.1.15 (KHTML, like Gecko) GSA/386.3.809454442 Mobile/15E148 Safari/604.1"
178.73.109.165 - - [10/Sep/2026:09:34:38 +0000] "POST /branch/add-cart HTTP/1.1" 200 3054 "https://www.nabawater.com.sa/product-list-normal-orders" "Mozilla/5.0 (iPhone; CPU iPhone OS 18_5_0 like Mac OS X) AppleWebKit/605.1.15 (KHTML, like Gecko) GSA/386.3.809454442 Mobile/15E148 Safari/604.1"
176.44.117.187 - - [10/Sep/2026:09:34:38 +0000] "POST /api/v1/ads/track-impression HTTP/1.1" 200 116 "-" "Naba Water/4.0 (com.NabawaterCustomer; build:10; iOS 26.6.1) Alamofire/4.9.1"
178.73.109.165 - - [10/Sep/2026:09:34:39 +0000] "POST /branch/add-cart HTTP/1.1" 200 3054 "https://www.nabawater.com.sa/product-list-normal-orders" "Mozilla/5.0 (iPhone; CPU iPhone OS 18_5_0 like Mac OS X) AppleWebKit/605.1.15 (KHTML, like Gecko) GSA/386.3.809454442 Mobile/15E148 Safari/604.1"
178.73.109.165 - - [10/Sep/2026:09:34:40 +0000] "POST /branch/add-cart HTTP/1.1" 200 3054 "https://www.nabawater.com.sa/product-list-normal-orders" "Mozilla/5.0 (iPhone; CPU iPhone OS 18_5_0 like Mac OS X) AppleWebKit/605.1.15 (KHTML, like Gecko) GSA/386.3.809454442 Mobile/15E148 Safari/604.1"
176.44.117.187 - - [10/Sep/2026:09:34:41 +0000] "POST /api/v1/ads/track-impression HTTP/1.1" 200 116 "-" "Naba Water/4.0 (com.NabawaterCustomer; build:10; iOS 26.6.1) Alamofire/4.9.1"
178.73.109.165 - - [10/Sep/2026:09:34:42 +0000] "POST /branch/add-cart HTTP/1.1" 200 3054 "https://www.nabawater.com.sa/product-list-normal-orders" "Mozilla/5.0 (iPhone; CPU iPhone OS 18_5_0 like Mac OS X) AppleWebKit/605.1.15 (KHTML, like Gecko) GSA/386.3.809454442 Mobile/15E148 Safari/604.1"
178.73.109.165 - - [10/Sep/2026:09:34:43 +0000] "POST /branch/add-cart HTTP/1.1" 200 3054 "https://www.nabawater.com.sa/product-list-normal-orders" "Mozilla/5.0 (iPhone; CPU iPhone OS 18_5_0 like Mac OS X) AppleWebKit/605.1.15 (KHTML, like Gecko) GSA/386.3.809454442 Mobile/15E148 Safari/604.1"
178.73.109.165 - - [10/Sep/2026:09:34:44 +0000] "POST /branch/add-cart HTTP/1.1" 200 3054 "https://www.nabawater.com.sa/product-list-normal-orders" "Mozilla/5.0 (iPhone; CPU iPhone OS 18_5_0 like Mac OS X) AppleWebKit/605.1.15 (KHTML, like Gecko) GSA/386.3.809454442 Mobile/15E148 Safari/604.1"
176.44.117.187 - - [10/Sep/2026:09:34:46 +0000] "GET /api/v1/home?latitude=24.74347505649982&longitude=46.75814736399616&page=1&item_purchase_type=1&category_id= HTTP/1.1" 200 528 "-" "Naba Water/4.0 (com.NabawaterCustomer; build:10; iOS 26.6.1) Alamofire/4.9.1"
176.44.117.187 - - [10/Sep/2026:09:34:49 +0000] "GET /api/v1/home?latitude=24.74347505649982&longitude=46.75814736399616&page=1&item_purchase_type=1&category_id= HTTP/1.1" 200 528 "-" "Naba Water/4.0 (com.NabawaterCustomer; build:10; iOS 26.6.1) Alamofire/4.9.1"
178.73.109.165 - - [10/Sep/2026:09:34:49 +0000] "POST /branch/add-cart HTTP/1.1" 200 3056 "https://www.nabawater.com.sa/product-list-normal-orders" "Mozilla/5.0 (iPhone; CPU iPhone OS 18_5_0 like Mac OS X) AppleWebKit/605.1.15 (KHTML, like Gecko) GSA/386.3.809454442 Mobile/15E148 Safari/604.1"
178.73.109.165 - - [10/Sep/2026:09:34:49 +0000] "POST /branch/add-cart HTTP/1.1" 200 3056 "https://www.nabawater.com.sa/product-list-normal-orders" "Mozilla/5.0 (iPhone; CPU iPhone OS 18_5_0 like Mac OS X) AppleWebKit/605.1.15 (KHTML, like Gecko) GSA/386.3.809454442 Mobile/15E148 Safari/604.1"
178.73.109.165 - - [10/Sep/2026:09:34:51 +0000] "POST /branch/add-cart HTTP/1.1" 200 3056 "https://www.nabawater.com.sa/product-list-normal-orders" "Mozilla/5.0 (iPhone; CPU iPhone OS 18_5_0 like Mac OS X) AppleWebKit/605.1.15 (KHTML, like Gecko) GSA/386.3.809454442 Mobile/15E148 Safari/604.1"
178.73.109.165 - - [10/Sep/2026:09:34:57 +0000] "GET /frontend/web/assets/310b352a/fonts/Simple-Line-Icons.woff2?v=2.4.0 HTTP/1.1" 304 0 "https://www.nabawater.com.sa/product-list-normal-orders" "Mozilla/5.0 (iPhone; CPU iPhone OS 18_5_0 like Mac OS X) AppleWebKit/605.1.15 (KHTML, like Gecko) GSA/386.3.809454442 Mobile/15E148 Safari/604.1"
178.73.109.165 - - [10/Sep/2026:09:35:00 +0000] "POST /branch/cart-check HTTP/1.1" 200 78 "https://www.nabawater.com.sa/product-list-normal-orders" "Mozilla/5.0 (iPhone; CPU iPhone OS 18_5_0 like Mac OS X) AppleWebKit/605.1.15 (KHTML, like Gecko) GSA/386.3.809454442 Mobile/15E148 Safari/604.1"
178.73.109.165 - - [10/Sep/2026:09:35:05 +0000] "GET /branch/checkout?type=1 HTTP/1.1" 200 25100 "https://www.nabawater.com.sa/product-list-normal-orders" "Mozilla/5.0 (iPhone; CPU iPhone OS 18_5_0 like Mac OS X) AppleWebKit/605.1.15 (KHTML, like Gecko) GSA/386.3.809454442 Mobile/15E148 Safari/604.1"
216.73.217.179 - - [10/Sep/2026:09:35:05 +0000] "GET /robots.txt HTTP/1.1" 200 1355 "-" "Mozilla/5.0 AppleWebKit/537.36 (KHTML, like Gecko; compatible; ClaudeBot/1.0; +claudebot@anthropic.com)"
216.73.217.179 - - [10/Sep/2026:09:35:05 +0000] "GET / HTTP/1.1" 302 5 "-" "Mozilla/5.0 AppleWebKit/537.36 (KHTML, like Gecko; compatible; ClaudeBot/1.0; +claudebot@anthropic.com)"
178.73.109.165 - - [10/Sep/2026:09:35:05 +0000] "GET /frontend/web/theme/images/cash-on-delivery.png HTTP/1.1" 200 3727 "https://www.nabawater.com.sa/branch/checkout?type=1" "Mozilla/5.0 (iPhone; CPU iPhone OS 18_5_0 like Mac OS X) AppleWebKit/605.1.15 (KHTML, like Gecko) GSA/386.3.809454442 Mobile/15E148 Safari/604.1"
178.73.109.165 - - [10/Sep/2026:09:35:05 +0000] "GET /frontend/web/theme/images/mada.png HTTP/1.1" 200 16356 "https://www.nabawater.com.sa/branch/checkout?type=1" "Mozilla/5.0 (iPhone; CPU iPhone OS 18_5_0 like Mac OS X) AppleWebKit/605.1.15 (KHTML, like Gecko) GSA/386.3.809454442 Mobile/15E148 Safari/604.1"
216.73.217.179 - - [10/Sep/2026:09:35:06 +0000] "GET /product-list-normal-orders HTTP/1.1" 200 19537 "https://nabawater.com.sa/" "Mozilla/5.0 AppleWebKit/537.36 (KHTML, like Gecko; compatible; ClaudeBot/1.0; +claudebot@anthropic.com)"
178.73.109.165 - - [10/Sep/2026:09:35:06 +0000] "GET /frontend/web/theme/images/stc.png HTTP/1.1" 200 2773 "https://www.nabawater.com.sa/branch/checkout?type=1" "Mozilla/5.0 (iPhone; CPU iPhone OS 18_5_0 like Mac OS X) AppleWebKit/605.1.15 (KHTML, like Gecko) GSA/386.3.809454442 Mobile/15E148 Safari/604.1"
178.73.109.165 - - [10/Sep/2026:09:35:06 +0000] "GET /frontend/web/theme/images/machine.png HTTP/1.1" 200 2013 "https://www.nabawater.com.sa/branch/checkout?type=1" "Mozilla/5.0 (iPhone; CPU iPhone OS 18_5_0 like Mac OS X) AppleWebKit/605.1.15 (KHTML, like Gecko) GSA/386.3.809454442 Mobile/15E148 Safari/604.1"
178.73.109.165 - - [10/Sep/2026:09:35:06 +0000] "GET /frontend/web/theme/images/wallet.png HTTP/1.1" 200 1933 "https://www.nabawater.com.sa/branch/checkout?type=1" "Mozilla/5.0 (iPhone; CPU iPhone OS 18_5_0 like Mac OS X) AppleWebKit/605.1.15 (KHTML, like Gecko) GSA/386.3.809454442 Mobile/15E148 Safari/604.1"
178.73.109.165 - - [10/Sep/2026:09:35:06 +0000] "GET /frontend/web/theme/images/logo.png HTTP/1.1" 404 13931 "https://www.nabawater.com.sa/branch/checkout?type=1" "Mozilla/5.0 (iPhone; CPU iPhone OS 18_5_0 like Mac OS X) AppleWebKit/605.1.15 (KHTML, like Gecko) GSA/386.3.809454442 Mobile/15E148 Safari/604.1"
178.73.109.165 - - [10/Sep/2026:09:35:09 +0000] "POST /branch/cart-check HTTP/1.1" 200 78 "https://www.nabawater.com.sa/branch/checkout?type=1" "Mozilla/5.0 (iPhone; CPU iPhone OS 18_5_0 like Mac OS X) AppleWebKit/605.1.15 (KHTML, like Gecko) GSA/386.3.809454442 Mobile/15E148 Safari/604.1"
176.44.117.187 - - [10/Sep/2026:09:35:10 +0000] "GET /api/v1/home/offer HTTP/1.1" 200 445 "-" "Naba Water/4.0 (com.NabawaterCustomer; build:10; iOS 26.6.1) Alamofire/4.9.1"
176.44.117.187 - - [10/Sep/2026:09:35:10 +0000] "GET /frontend/web/theme/images/placeholder.png HTTP/1.1" 200 30449 "-" "Naba Water/4.0 (com.NabawaterCustomer; build:10; iOS 26.6.1) Alamofire/4.9.1"
178.73.109.165 - - [10/Sep/2026:09:35:12 +0000] "GET /branch/checkout?type=2 HTTP/1.1" 200 25720 "https://www.nabawater.com.sa/branch/checkout?type=1" "Mozilla/5.0 (iPhone; CPU iPhone OS 18_5_0 like Mac OS X) AppleWebKit/605.1.15 (KHTML, like Gecko) GSA/386.3.809454442 Mobile/15E148 Safari/604.1"
178.73.109.165 - - [10/Sep/2026:09:35:12 +0000] "GET /frontend/web/theme/images/logo.png HTTP/1.1" 404 13933 "https://www.nabawater.com.sa/branch/checkout?type=2" "Mozilla/5.0 (iPhone; CPU iPhone OS 18_5_0 like Mac OS X) AppleWebKit/605.1.15 (KHTML, like Gecko) GSA/386.3.809454442 Mobile/15E148 Safari/604.1"
178.73.109.165 - - [10/Sep/2026:09:35:15 +0000] "POST /branch/cart-check HTTP/1.1" 200 78 "https://www.nabawater.com.sa/branch/checkout?type=2" "Mozilla/5.0 (iPhone; CPU iPhone OS 18_5_0 like Mac OS X) AppleWebKit/605.1.15 (KHTML, like Gecko) GSA/386.3.809454442 Mobile/15E148 Safari/604.1"
178.73.109.165 - - [10/Sep/2026:09:35:17 +0000] "GET /branch/checkout?type=1 HTTP/1.1" 200 25102 "https://www.nabawater.com.sa/branch/checkout?type=2" "Mozilla/5.0 (iPhone; CPU iPhone OS 18_5_0 like Mac OS X) AppleWebKit/605.1.15 (KHTML, like Gecko) GSA/386.3.809454442 Mobile/15E148 Safari/604.1"
178.73.109.165 - - [10/Sep/2026:09:35:17 +0000] "GET /frontend/web/theme/images/logo.png HTTP/1.1" 404 13932 "https://www.nabawater.com.sa/branch/checkout?type=1" "Mozilla/5.0 (iPhone; CPU iPhone OS 18_5_0 like Mac OS X) AppleWebKit/605.1.15 (KHTML, like Gecko) GSA/386.3.809454442 Mobile/15E148 Safari/604.1"
176.44.117.187 - - [10/Sep/2026:09:35:18 +0000] "GET /api/v1/home?latitude=24.74347505649982&longitude=46.75814736399616&page=1&item_purchase_type=1&category_id= HTTP/1.1" 200 528 "-" "Naba Water/4.0 (com.NabawaterCustomer; build:10; iOS 26.6.1) Alamofire/4.9.1"
176.44.117.187 - - [10/Sep/2026:09:35:20 +0000] "GET /api/v1/home/offer HTTP/1.1" 200 445 "-" "Naba Water/4.0 (com.NabawaterCustomer; build:10; iOS 26.6.1) Alamofire/4.9.1"
176.44.117.187 - - [10/Sep/2026:09:35:21 +0000] "GET /api/v1/home/product-details?item_key=morhtpjxbqux2egx HTTP/1.1" 200 662 "-" "Naba Water/4.0 (com.NabawaterCustomer; build:10; iOS 26.6.1) Alamofire/4.9.1"
176.44.117.187 - - [10/Sep/2026:09:35:21 +0000] "GET /uploads/TEMP/items/1776068225hx2mh.jpeg HTTP/1.1" 200 106663 "-" "Naba%20Water/10 CFNetwork/3860.700.1 Darwin/25.6.0"
178.73.109.165 - - [10/Sep/2026:09:35:26 +0000] "POST /branch/add-cart HTTP/1.1" 200 3056 "https://www.nabawater.com.sa/branch/checkout?type=1" "Mozilla/5.0 (iPhone; CPU iPhone OS 18_5_0 like Mac OS X) AppleWebKit/605.1.15 (KHTML, like Gecko) GSA/386.3.809454442 Mobile/15E148 Safari/604.1"
178.73.109.165 - - [10/Sep/2026:09:35:27 +0000] "GET /branch/checkout?type=1 HTTP/1.1" 200 25103 "https://www.nabawater.com.sa/branch/checkout?type=1" "Mozilla/5.0 (iPhone; CPU iPhone OS 18_5_0 like Mac OS X) AppleWebKit/605.1.15 (KHTML, like Gecko) GSA/386.3.809454442 Mobile/15E148 Safari/604.1"
178.73.109.165 - - [10/Sep/2026:09:35:27 +0000] "GET /frontend/web/assets/310b352a/css/bootstrap-select.min.css?v=1775457225 HTTP/1.1" 304 0 "https://www.nabawater.com.sa/branch/checkout?type=1" "Mozilla/5.0 (iPhone; CPU iPhone OS 18_5_0 like Mac OS X) AppleWebKit/605.1.15 (KHTML, like Gecko) GSA/386.3.809454442 Mobile/15E148 Safari/604.1"
178.73.109.165 - - [10/Sep/2026:09:35:27 +0000] "GET /frontend/web/theme/images/logo.png HTTP/1.1" 404 13933 "https://www.nabawater.com.sa/branch/checkout?type=1" "Mozilla/5.0 (iPhone; CPU iPhone OS 18_5_0 like Mac OS X) AppleWebKit/605.1.15 (KHTML, like Gecko) GSA/386.3.809454442 Mobile/15E148 Safari/604.1"
178.73.109.165 - - [10/Sep/2026:09:35:27 +0000] "GET /frontend/web/assets/310b352a/css/icofont.css?v=1775457229 HTTP/1.1" 304 0 "https://www.nabawater.com.sa/branch/checkout?type=1" "Mozilla/5.0 (iPhone; CPU iPhone OS 18_5_0 like Mac OS X) AppleWebKit/605.1.15 (KHTML, like Gecko) GSA/386.3.809454442 Mobile/15E148 Safari/604.1"
178.73.109.165 - - [10/Sep/2026:09:35:27 +0000] "GET /frontend/web/assets/310b352a/css/style.css?v=1775457233 HTTP/1.1" 304 0 "https://www.nabawater.com.sa/branch/checkout?type=1" "Mozilla/5.0 (iPhone; CPU iPhone OS 18_5_0 like Mac OS X) AppleWebKit/605.1.15 (KHTML, like Gecko) GSA/386.3.809454442 Mobile/15E148 Safari/604.1"
178.73.109.165 - - [10/Sep/2026:09:35:27 +0000] "GET /frontend/web/assets/310b352a/css/jquery.rateyo.min.css?v=1775457230 HTTP/1.1" 304 0 "https://www.nabawater.com.sa/branch/checkout?type=1" "Mozilla/5.0 (iPhone; CPU iPhone OS 18_5_0 like Mac OS X) AppleWebKit/605.1.15 (KHTML, like Gecko) GSA/386.3.809454442 Mobile/15E148 Safari/604.1"
178.73.109.165 - - [10/Sep/2026:09:35:28 +0000] "GET /frontend/web/assets/310b352a/css/owl.carousel.min.css?v=1775457231 HTTP/1.1" 304 0 "https://www.nabawater.com.sa/branch/checkout?type=1" "Mozilla/5.0 (iPhone; CPU iPhone OS 18_5_0 like Mac OS X) AppleWebKit/605.1.15 (KHTML, like Gecko) GSA/386.3.809454442 Mobile/15E148 Safari/604.1"
178.73.109.165 - - [10/Sep/2026:09:35:28 +0000] "GET /frontend/web/assets/310b352a/css/snackbar.min.css?v=1775457232 HTTP/1.1" 304 0 "https://www.nabawater.com.sa/branch/checkout?type=1" "Mozilla/5.0 (iPhone; CPU iPhone OS 18_5_0 like Mac OS X) AppleWebKit/605.1.15 (KHTML, like Gecko) GSA/386.3.809454442 Mobile/15E148 Safari/604.1"
178.73.109.165 - - [10/Sep/2026:09:35:28 +0000] "GET /frontend/web/assets/310b352a/css/responsive.css?v=1775457232 HTTP/1.1" 304 0 "https://www.nabawater.com.sa/branch/checkout?type=1" "Mozilla/5.0 (iPhone; CPU iPhone OS 18_5_0 like Mac OS X) AppleWebKit/605.1.15 (KHTML, like Gecko) GSA/386.3.809454442 Mobile/15E148 Safari/604.1"
178.73.109.165 - - [10/Sep/2026:09:35:28 +0000] "GET /frontend/web/assets/310b352a/css/magnific-popup.css?v=1775457230 HTTP/1.1" 304 0 "https://www.nabawater.com.sa/branch/checkout?type=1" "Mozilla/5.0 (iPhone; CPU iPhone OS 18_5_0 like Mac OS X) AppleWebKit/605.1.15 (KHTML, like Gecko) GSA/386.3.809454442 Mobile/15E148 Safari/604.1"
178.73.109.165 - - [10/Sep/2026:09:35:28 +0000] "GET /frontend/web/assets/310b352a/css/jquery.toast.css?v=1775457230 HTTP/1.1" 304 0 "https://www.nabawater.com.sa/branch/checkout?type=1" "Mozilla/5.0 (iPhone; CPU iPhone OS 18_5_0 like Mac OS X) AppleWebKit/605.1.15 (KHTML, like Gecko) GSA/386.3.809454442 Mobile/15E148 Safari/604.1"
178.73.109.165 - - [10/Sep/2026:09:35:28 +0000] "GET /frontend/web/assets/3a935f50/authchoice.css?v=1562064141 HTTP/1.1" 304 0 "https://www.nabawater.com.sa/branch/checkout?type=1" "Mozilla/5.0 (iPhone; CPU iPhone OS 18_5_0 like Mac OS X) AppleWebKit/605.1.15 (KHTML, like Gecko) GSA/386.3.809454442 Mobile/15E148 Safari/604.1"
178.73.109.165 - - [10/Sep/2026:09:35:28 +0000] "GET /frontend/web/assets/310b352a/js/html5shiv.min.js?v=1775457370 HTTP/1.1" 304 0 "https://www.nabawater.com.sa/branch/checkout?type=1" "Mozilla/5.0 (iPhone; CPU iPhone OS 18_5_0 like Mac OS X) AppleWebKit/605.1.15 (KHTML, like Gecko) GSA/386.3.809454442 Mobile/15E148 Safari/604.1"
178.73.109.165 - - [10/Sep/2026:09:35:28 +0000] "GET /frontend/web/assets/3efb0241/js/runOnLoad.js?v=1775457045 HTTP/1.1" 304 0 "https://www.nabawater.com.sa/branch/checkout?type=1" "Mozilla/5.0 (iPhone; CPU iPhone OS 18_5_0 like Mac OS X) AppleWebKit/605.1.15 (KHTML, like Gecko) GSA/386.3.809454442 Mobile/15E148 Safari/604.1"
178.73.109.165 - - [10/Sep/2026:09:35:28 +0000] "GET /frontend/web/assets/584e7fc0/jquery.js?v=1516469217 HTTP/1.1" 304 0 "https://www.nabawater.com.sa/branch/checkout?type=1" "Mozilla/5.0 (iPhone; CPU iPhone OS 18_5_0 like Mac OS X) AppleWebKit/605.1.15 (KHTML, like Gecko) GSA/386.3.809454442 Mobile/15E148 Safari/604.1"
178.73.109.165 - - [10/Sep/2026:09:35:28 +0000] "GET /frontend/web/assets/9269f783/yii.js?v=1551337386 HTTP/1.1" 304 0 "https://www.nabawater.com.sa/branch/checkout?type=1" "Mozilla/5.0 (iPhone; CPU iPhone OS 18_5_0 like Mac OS X) AppleWebKit/605.1.15 (KHTML, like Gecko) GSA/386.3.809454442 Mobile/15E148 Safari/604.1"
178.73.109.165 - - [10/Sep/2026:09:35:28 +0000] "GET /frontend/web/assets/9269f783/yii.validation.js?v=1551337386 HTTP/1.1" 304 0 "https://www.nabawater.com.sa/branch/checkout?type=1" "Mozilla/5.0 (iPhone; CPU iPhone OS 18_5_0 like Mac OS X) AppleWebKit/605.1.15 (KHTML, like Gecko) GSA/386.3.809454442 Mobile/15E148 Safari/604.1"
178.73.109.165 - - [10/Sep/2026:09:35:28 +0000] "GET /frontend/web/assets/9269f783/yii.activeForm.js?v=1551337386 HTTP/1.1" 304 0 "https://www.nabawater.com.sa/branch/checkout?type=1" "Mozilla/5.0 (iPhone; CPU iPhone OS 18_5_0 like Mac OS X) AppleWebKit/605.1.15 (KHTML, like Gecko) GSA/386.3.809454442 Mobile/15E148 Safari/604.1"
178.73.109.165 - - [10/Sep/2026:09:35:28 +0000] "GET /frontend/web/assets/310b352a/js/lozad.min.js?v=1775457373 HTTP/1.1" 304 0 "https://www.nabawater.com.sa/branch/checkout?type=1" "Mozilla/5.0 (iPhone; CPU iPhone OS 18_5_0 like Mac OS X) AppleWebKit/605.1.15 (KHTML, like Gecko) GSA/386.3.809454442 Mobile/15E148 Safari/604.1"
178.73.109.165 - - [10/Sep/2026:09:35:28 +0000] "GET /frontend/web/assets/310b352a/js/bootstrap.min.js?v=1775457367 HTTP/1.1" 304 0 "https://www.nabawater.com.sa/branch/checkout?type=1" "Mozilla/5.0 (iPhone; CPU iPhone OS 18_5_0 like Mac OS X) AppleWebKit/605.1.15 (KHTML, like Gecko) GSA/386.3.809454442 Mobile/15E148 Safari/604.1"
178.73.109.165 - - [10/Sep/2026:09:35:28 +0000] "GET /frontend/web/assets/3efb0241/js/core.js?v=1775457044 HTTP/1.1" 304 0 "https://www.nabawater.com.sa/branch/checkout?type=1" "Mozilla/5.0 (iPhone; CPU iPhone OS 18_5_0 like Mac OS X) AppleWebKit/605.1.15 (KHTML, like Gecko) GSA/386.3.809454442 Mobile/15E148 Safari/604.1"
178.73.109.165 - - [10/Sep/2026:09:35:28 +0000] "GET /frontend/web/assets/310b352a/js/popper.min.js?v=1775457375 HTTP/1.1" 304 0 "https://www.nabawater.com.sa/branch/checkout?type=1" "Mozilla/5.0 (iPhone; CPU iPhone OS 18_5_0 like Mac OS X) AppleWebKit/605.1.15 (KHTML, like Gecko) GSA/386.3.809454442 Mobile/15E148 Safari/604.1"
178.73.109.165 - - [10/Sep/2026:09:35:28 +0000] "GET /frontend/web/assets/310b352a/js/iziToast.min.js?v=1775457370 HTTP/1.1" 304 0 "https://www.nabawater.com.sa/branch/checkout?type=1" "Mozilla/5.0 (iPhone; CPU iPhone OS 18_5_0 like Mac OS X) AppleWebKit/605.1.15 (KHTML, like Gecko) GSA/386.3.809454442 Mobile/15E148 Safari/604.1"
178.73.109.165 - - [10/Sep/2026:09:35:28 +0000] "GET /frontend/web/assets/310b352a/js/datepicker.min.js?v=1775457367 HTTP/1.1" 304 0 "https://www.nabawater.com.sa/branch/checkout?type=1" "Mozilla/5.0 (iPhone; CPU iPhone OS 18_5_0 like Mac OS X) AppleWebKit/605.1.15 (KHTML, like Gecko) GSA/386.3.809454442 Mobile/15E148 Safari/604.1"
178.73.109.165 - - [10/Sep/2026:09:35:28 +0000] "GET /frontend/web/assets/310b352a/js/intlTelInput.min.js?v=1775457370 HTTP/1.1" 304 0 "https://www.nabawater.com.sa/branch/checkout?type=1" "Mozilla/5.0 (iPhone; CPU iPhone OS 18_5_0 like Mac OS X) AppleWebKit/605.1.15 (KHTML, like Gecko) GSA/386.3.809454442 Mobile/15E148 Safari/604.1"
178.73.109.165 - - [10/Sep/2026:09:35:28 +0000] "GET /frontend/web/assets/310b352a/js/snackbar.min.js?v=1775457376 HTTP/1.1" 304 0 "https://www.nabawater.com.sa/branch/checkout?type=1" "Mozilla/5.0 (iPhone; CPU iPhone OS 18_5_0 like Mac OS X) AppleWebKit/605.1.15 (KHTML, like Gecko) GSA/386.3.809454442 Mobile/15E148 Safari/604.1"
