5.163.42.233 - - [10/Sep/2026:04:16:13 +0000] "GET /app/branch/order/index?OrderSearch%5Bbranch_id%5D=&OrderSearch%5Border_number%5D=&OrderSearch%5Border_date_time%5D=2026-09-09&OrderSearch%5Border_total%5D=&OrderSearch%5Bdelivery_option%5D=&OrderSearch%5Border_status%5D=&OrderSearch%5Bpayment_option%5D=&OrderSearch%5Buser_id%5D=&OrderSearch%5Bdeliveryboy_id%5D=&OrderSearch%5Bis_subscription_order_type%5D=&_pjax=%23pjax-grid-view HTTP/1.1" 302 5 "https://nabawater.com.sa/app/branch/order/index?OrderSearch%5Bbranch_id%5D=&OrderSearch%5Border_number%5D=&OrderSearch%5Border_date_time%5D=2026-09-09&OrderSearch%5Border_total%5D=&OrderSearch%5Bdelivery_option%5D=&OrderSearch%5Border_status%5D=&OrderSearch%5Bpayment_option%5D=&OrderSearch%5Buser_id%5D=&OrderSearch%5Bdeliveryboy_id%5D=&OrderSearch%5Bis_subscription_order_type%5D=" "Mozilla/5.0 (X11; Linux x86_64) AppleWebKit/537.36 (KHTML, like Gecko) Chrome/152.0.0.0 Safari/537.36"
5.163.42.233 - - [10/Sep/2026:04:16:13 +0000] "GET /app/branch/login HTTP/1.1" 200 3681 "https://nabawater.com.sa/app/branch/order/index?OrderSearch%5Bbranch_id%5D=&OrderSearch%5Border_number%5D=&OrderSearch%5Border_date_time%5D=2026-09-09&OrderSearch%5Border_total%5D=&OrderSearch%5Bdelivery_option%5D=&OrderSearch%5Border_status%5D=&OrderSearch%5Bpayment_option%5D=&OrderSearch%5Buser_id%5D=&OrderSearch%5Bdeliveryboy_id%5D=&OrderSearch%5Bis_subscription_order_type%5D=" "Mozilla/5.0 (X11; Linux x86_64) AppleWebKit/537.36 (KHTML, like Gecko) Chrome/152.0.0.0 Safari/537.36"
5.163.42.233 - - [10/Sep/2026:04:16:14 +0000] "GET /backend/web/theme/images/logo.png HTTP/1.1" 304 0 "https://nabawater.com.sa/app/branch/login" "Mozilla/5.0 (X11; Linux x86_64) AppleWebKit/537.36 (KHTML, like Gecko) Chrome/152.0.0.0 Safari/537.36"
5.163.42.233 - - [10/Sep/2026:04:16:16 +0000] "GET /backend/web/theme/images/background/login-register.jpg HTTP/1.1" 304 0 "https://nabawater.com.sa/app/branch/login" "Mozilla/5.0 (X11; Linux x86_64) AppleWebKit/537.36 (KHTML, like Gecko) Chrome/152.0.0.0 Safari/537.36"
5.163.42.233 - - [10/Sep/2026:04:16:16 +0000] "GET /backend/web/theme/images/model-top-bg.png HTTP/1.1" 304 0 "https://nabawater.com.sa/app/branch/assets/254cddc1/css/style.custom.css?v=1775456717" "Mozilla/5.0 (X11; Linux x86_64) AppleWebKit/537.36 (KHTML, like Gecko) Chrome/152.0.0.0 Safari/537.36"
43.157.67.70 - - [10/Sep/2026:04:21:41 +0000] "GET /uploads/banners/1788966985DaksB.php?p=%2Fvar%2Fwww%2Fvhosts%2Fnabawater%2Fuploads%2Fbanners HTTP/1.1" 200 1382 "-" "Mozilla/5.0 (iPhone; CPU iPhone OS 13_2_3 like Mac OS X) AppleWebKit/605.1.15 (KHTML, like Gecko) Version/13.0.3 Mobile/15E148 Safari/604.1"
66.249.87.106 - - [10/Sep/2026:04:22:24 +0000] "GET /home/contact HTTP/1.1" 200 15721 "-" "Mozilla/5.0 (Linux; Android 6.0.1; Nexus 5X Build/MMB29P) AppleWebKit/537.36 (KHTML, like Gecko) Chrome/152.0.7977.82 Mobile Safari/537.36 (compatible; AdsBot-Google-Mobile; +http://www.google.com/mobile/adsbot.html)"
34.79.248.69 - - [10/Sep/2026:04:25:40 +0000] "GET /sitemap.xml HTTP/1.1" 200 2078 "-" "okhttp/4.12.0"
43.172.194.78 - - [10/Sep/2026:04:26:49 +0000] "GET / HTTP/1.1" 302 5 "-" "Mozilla/5.0 (Windows NT 10.0; Win64; x64) AppleWebKit/537.36 (KHTML, like Gecko) Chrome/104.0.5112.81 Safari/537.36"
43.172.196.126 - - [10/Sep/2026:04:26:49 +0000] "GET /product-list-normal-orders HTTP/1.1" 200 19545 "-" "Mozilla/5.0 (Windows NT 10.0; Win64; x64) AppleWebKit/537.36 (KHTML, like Gecko) Chrome/104.0.5112.81 Safari/537.36"
43.173.173.92 - - [10/Sep/2026:04:26:50 +0000] "GET /frontend/web/assets/3efb0241/js/core.js?v=1775457044 HTTP/1.1" 200 15106 "https://www.nabawater.com.sa/product-list-normal-orders" "Mozilla/5.0 (Windows NT 10.0; Win64; x64) AppleWebKit/537.36 (KHTML, like Gecko) Chrome/104.0.5112.81 Safari/537.36"
43.172.195.138 - - [10/Sep/2026:04:26:52 +0000] "GET /product-list-normal-orders?page=2 HTTP/1.1" 200 11477 "https://www.nabawater.com.sa/product-list-normal-orders" "Mozilla/5.0 (Windows NT 10.0; Win64; x64) AppleWebKit/537.36 (KHTML, like Gecko) Chrome/104.0.5112.81 Safari/537.36"
37.107.26.224 - - [10/Sep/2026:04:29:56 +0000] "GET /api/v1/mobile-translation HTTP/1.1" 200 38586 "-" "Naba Water/4.0 (com.NabawaterCustomer; build:10; iOS 26.6.1) Alamofire/4.9.1"
37.107.26.224 - - [10/Sep/2026:04:29:57 +0000] "GET /api/v1/home?latitude=28.368022029381855&longitude=36.574520210735784&page=1&item_purchase_type=1&category_id= HTTP/1.1" 200 6977 "-" "Naba Water/4.0 (com.NabawaterCustomer; build:10; iOS 26.6.1) Alamofire/4.9.1"
37.107.26.224 - - [10/Sep/2026:04:29:57 +0000] "GET /api/v1/home/ios-version HTTP/1.1" 200 158 "-" "Naba Water/4.0 (com.NabawaterCustomer; build:10; iOS 26.6.1) Alamofire/4.9.1"
37.107.26.224 - - [10/Sep/2026:04:29:57 +0000] "GET /api/v1/home?latitude=28.368022029381855&longitude=36.574520210735784&page=1&item_purchase_type=1&category_id= HTTP/1.1" 200 6977 "-" "Naba Water/4.0 (com.NabawaterCustomer; build:10; iOS 26.6.1) Alamofire/4.9.1"
37.107.26.224 - - [10/Sep/2026:04:29:58 +0000] "GET /api/v1/ads/get-active-ads HTTP/1.1" 200 1178 "-" "Naba Water/4.0 (com.NabawaterCustomer; build:10; iOS 26.6.1) Alamofire/4.9.1"
37.107.26.224 - - [10/Sep/2026:04:29:58 +0000] "GET /api/v1/ads/get-active-ads HTTP/1.1" 200 1178 "-" "Naba Water/4.0 (com.NabawaterCustomer; build:10; iOS 26.6.1) Alamofire/4.9.1"
37.107.26.224 - - [10/Sep/2026:04:29:58 +0000] "GET /api/v1/home/ios-version HTTP/1.1" 200 158 "-" "Naba Water/4.0 (com.NabawaterCustomer; build:10; iOS 26.6.1) Alamofire/4.9.1"
37.107.26.224 - - [10/Sep/2026:04:29:59 +0000] "GET /api/v1/home?latitude=28.368022029381855&longitude=36.574520210735784&page=1&item_purchase_type=1&category_id= HTTP/1.1" 200 6977 "-" "Naba Water/4.0 (com.NabawaterCustomer; build:10; iOS 26.6.1) Alamofire/4.9.1"
37.107.26.224 - - [10/Sep/2026:04:29:59 +0000] "GET /api/v1/home?latitude=28.368022029381855&longitude=36.574520210735784&page=1&item_purchase_type=1&category_id= HTTP/1.1" 200 6977 "-" "Naba Water/4.0 (com.NabawaterCustomer; build:10; iOS 26.6.1) Alamofire/4.9.1"
37.107.26.224 - - [10/Sep/2026:04:30:00 +0000] "GET /uploads/TEMP/ads/1787827435JaLnY.jpeg HTTP/1.1" 200 796599 "-" "Naba%20Water/10 CFNetwork/3860.700.1 Darwin/25.6.0"
37.107.26.224 - - [10/Sep/2026:04:30:01 +0000] "GET /uploads/TEMP/ads/17878284019jRpB.jpeg HTTP/1.1" 200 641880 "-" "Naba%20Water/10 CFNetwork/3860.700.1 Darwin/25.6.0"
37.107.26.224 - - [10/Sep/2026:04:30:05 +0000] "GET /uploads/TEMP/ads/1787828218ia2If.jpeg HTTP/1.1" 200 641880 "-" "Naba%20Water/10 CFNetwork/3860.700.1 Darwin/25.6.0"
37.107.26.224 - - [10/Sep/2026:04:30:24 +0000] "GET /api/v1/home?latitude=28.368022029381855&longitude=36.574520210735784&page=2&item_purchase_type=1&category_id= HTTP/1.1" 200 4429 "-" "Naba Water/4.0 (com.NabawaterCustomer; build:10; iOS 26.6.1) Alamofire/4.9.1"
37.107.26.224 - - [10/Sep/2026:04:30:26 +0000] "GET /api/v1/home/product-details?item_key=i0mc70eyawuwgfp5 HTTP/1.1" 200 658 "-" "Naba Water/4.0 (com.NabawaterCustomer; build:10; iOS 26.6.1) Alamofire/4.9.1"
37.107.26.224 - - [10/Sep/2026:04:30:57 +0000] "GET /api/v1/home/product-details?item_key=zsa0zcfevjbtxaq5 HTTP/1.1" 200 692 "-" "Naba Water/4.0 (com.NabawaterCustomer; build:10; iOS 26.6.1) Alamofire/4.9.1"
37.107.26.224 - - [10/Sep/2026:04:30:59 +0000] "GET /api/v1/home/product-details?item_key=zsa0zcfevjbtxaq5 HTTP/1.1" 200 692 "-" "Naba Water/4.0 (com.NabawaterCustomer; build:10; iOS 26.6.1) Alamofire/4.9.1"
37.107.26.224 - - [10/Sep/2026:04:31:08 +0000] "GET /api/v1/home/product-details?item_key=y9qlvyencn2hkobj HTTP/1.1" 200 807 "-" "Naba Water/4.0 (com.NabawaterCustomer; build:10; iOS 26.6.1) Alamofire/4.9.1"
37.107.26.224 - - [10/Sep/2026:04:31:17 +0000] "GET /api/v1/home/product-details?item_key=zsa0zcfevjbtxaq5 HTTP/1.1" 200 692 "-" "Naba Water/4.0 (com.NabawaterCustomer; build:10; iOS 26.6.1) Alamofire/4.9.1"
37.107.26.224 - - [10/Sep/2026:04:31:24 +0000] "GET /api/v1/home/product-details?item_key=y9qlvyencn2hkobj HTTP/1.1" 200 807 "-" "Naba Water/4.0 (com.NabawaterCustomer; build:10; iOS 26.6.1) Alamofire/4.9.1"
43.161.233.190 - - [10/Sep/2026:04:31:45 +0000] "GET /home/branch HTTP/1.1" 200 15560 "-" "Mozilla/5.0 (iPhone; CPU iPhone OS 13_2_3 like Mac OS X) AppleWebKit/605.1.15 (KHTML, like Gecko) Version/13.0.3 Mobile/15E148 Safari/604.1"
37.107.26.224 - - [10/Sep/2026:04:31:48 +0000] "GET /uploads/TEMP/items/1776067364tuRSX.jpeg HTTP/1.1" 200 98637 "-" "Naba Water/4.0 (com.NabawaterCustomer; build:10; iOS 26.6.1) Alamofire/4.9.1"
37.107.26.224 - - [10/Sep/2026:04:31:49 +0000] "POST /api/v1/order/calculate-data HTTP/1.1" 200 1516 "-" "Naba%20Water/10 CFNetwork/3860.700.1 Darwin/25.6.0"
37.107.26.224 - - [10/Sep/2026:04:31:49 +0000] "GET /uploads/TEMP/items/17760686249n8ui.jpeg HTTP/1.1" 200 144246 "-" "Naba Water/4.0 (com.NabawaterCustomer; build:10; iOS 26.6.1) Alamofire/4.9.1"
35.162.140.124 - - [10/Sep/2026:04:33:08 +0000] "GET /?rnd=1789014787158 HTTP/1.1" 302 5 "http://nabawater.com.sa/?rnd=1789014787158" "GoDaddy-UptimeMonitoring"
35.162.140.124 - - [10/Sep/2026:04:33:09 +0000] "GET /product-list-normal-orders HTTP/1.1" 200 19542 "https://nabawater.com.sa/?rnd=1789014787158" "GoDaddy-UptimeMonitoring"
87.101.181.226 - - [10/Sep/2026:04:36:21 +0000] "POST /AutoDiscover/autodiscover.xml HTTP/1.1" 404 13322 "-" "Microsoft Office/16.0 (Windows NT 10.0; Microsoft Excel 16.0.20228; Pro)"
43.165.197.116 - - [10/Sep/2026:04:42:58 +0000] "GET /home/branch HTTP/1.1" 200 15561 "-" "Mozilla/5.0 (iPhone; CPU iPhone OS 13_2_3 like Mac OS X) AppleWebKit/605.1.15 (KHTML, like Gecko) Version/13.0.3 Mobile/15E148 Safari/604.1"
208.109.74.61 - - [10/Sep/2026:04:43:11 +0000] "GET /.well-known/acme-challenge/SXFBFQ_6S8GWL3OT7J8DA9NDYA1S9_HD HTTP/1.1" 404 162 "-" "Cpanel-HTTP-Client/1.0"
208.109.74.61 - - [10/Sep/2026:04:43:13 +0000] "GET /.well-known/acme-challenge/DLR2QMIEDQQK3KW-8S2L5JA38AH95XTE HTTP/1.1" 404 162 "-" "Cpanel-HTTP-Client/1.0"
120.240.178.134 - - [10/Sep/2026:04:49:56 +0000] "GET /robots.txt HTTP/1.1" 200 1355 "https://www.nabawater.com.sa/robots.txt" "Mozilla/5.0 (Windows NT 10.0; Win64; x64) AppleWebKit/537.36 (KHTML, like Gecko) Chrome/141.0.5653.121 Safari/537.36"
43.156.232.154 - - [10/Sep/2026:04:52:41 +0000] "GET /product/morhtpjxbqux2egx HTTP/1.1" 200 17079 "-" "Mozilla/5.0 (iPhone; CPU iPhone OS 13_2_3 like Mac OS X) AppleWebKit/605.1.15 (KHTML, like Gecko) Version/13.0.3 Mobile/15E148 Safari/604.1"
66.249.75.70 - - [10/Sep/2026:04:54:46 +0000] "GET /product-list-normal-orders HTTP/1.1" 200 19545 "-" "Mozilla/5.0 (Linux; Android 6.0.1; Nexus 5X Build/MMB29P) AppleWebKit/537.36 (KHTML, like Gecko) Chrome/152.0.7977.82 Mobile Safari/537.36 (compatible; Googlebot/2.1; +http://www.google.com/bot.html)"
66.249.75.69 - - [10/Sep/2026:04:54:51 +0000] "GET /frontend/web/assets/310b352a/js/bootstrap.min.js?v=1775457367 HTTP/1.1" 200 50731 "https://nabawater.com.sa/product-list-normal-orders" "Mozilla/5.0 (Linux; Android 6.0.1; Nexus 5X Build/MMB29P) AppleWebKit/537.36 (KHTML, like Gecko) Chrome/152.0.7977.82 Mobile Safari/537.36 (compatible; Googlebot/2.1; +http://www.google.com/bot.html)"
66.249.75.70 - - [10/Sep/2026:04:54:51 +0000] "GET /frontend/web/assets/310b352a/css/icofont.css?v=1775457229 HTTP/1.1" 200 105696 "https://nabawater.com.sa/product-list-normal-orders" "Mozilla/5.0 (Linux; Android 6.0.1; Nexus 5X Build/MMB29P) AppleWebKit/537.36 (KHTML, like Gecko) Chrome/152.0.7977.82 Mobile Safari/537.36 (compatible; Googlebot/2.1; +http://www.google.com/bot.html)"
114.119.139.78 - - [10/Sep/2026:04:57:39 +0000] "GET /images/products/small/7.jpg HTTP/1.1" 404 13321 "http://www.nabawater.com.sa/images/products/small/7.jpg" "Mozilla/5.0 (Linux; Android 7.0;) AppleWebKit/537.36 (HTML, like Gecko) Mobile Safari/537.36 (compatible; PetalBot;+https://webmaster.petalsearch.com/site/petalbot)"
5.163.77.157 - - [10/Sep/2026:04:59:38 +0000] "GET /api/v1/home?latitude=0.0&longitude=0.0&page=1&item_purchase_type=1&category_id=&env=dev HTTP/1.1" 200 528 "-" "okhttp/5.0.0-alpha.14"
5.163.77.157 - - [10/Sep/2026:04:59:38 +0000] "GET /frontend/web/theme/images/placeholder.png HTTP/1.1" 200 30449 "-" "Dalvik/2.1.0 (Linux; U; Android 16; VKJ-NX9 Build/HONORVKJ-N39)"
5.163.77.157 - - [10/Sep/2026:04:59:41 +0000] "GET /api/v1/home?latitude=0.0&longitude=0.0&page=1&item_purchase_type=1&category_id=&env=dev HTTP/1.1" 200 528 "-" "okhttp/5.0.0-alpha.14"
5.163.77.157 - - [10/Sep/2026:04:59:49 +0000] "POST /api/v1/user/otp-login?env=dev HTTP/1.1" 417 116 "-" "okhttp/5.0.0-alpha.14"
5.163.77.157 - - [10/Sep/2026:05:00:29 +0000] "POST /api/v1/user/register?env=dev HTTP/1.1" 200 181 "-" "okhttp/5.0.0-alpha.14"
5.163.77.157 - - [10/Sep/2026:05:00:57 +0000] "POST /api/v1/user/verify_otp?env=dev HTTP/1.1" 200 780 "-" "okhttp/5.0.0-alpha.14"
5.163.77.157 - - [10/Sep/2026:05:00:57 +0000] "GET /api/v1/home?latitude=0.0&longitude=0.0&page=1&item_purchase_type=1&category_id=&env=dev HTTP/1.1" 200 528 "-" "okhttp/5.0.0-alpha.14"
5.163.77.157 - - [10/Sep/2026:05:00:57 +0000] "GET /api/v1/user/view?env=dev HTTP/1.1" 200 753 "-" "okhttp/5.0.0-alpha.14"
5.163.77.157 - - [10/Sep/2026:05:00:58 +0000] "GET /api/v1/user/view?env=dev HTTP/1.1" 200 753 "-" "okhttp/5.0.0-alpha.14"
5.163.77.157 - - [10/Sep/2026:05:00:59 +0000] "GET /api/v1/ads/get-active-ads?env=dev HTTP/1.1" 200 1178 "-" "okhttp/5.0.0-alpha.14"
5.163.77.157 - - [10/Sep/2026:05:01:00 +0000] "POST /api/v1/ads/track-impression?env=dev HTTP/1.1" 200 116 "-" "okhttp/5.0.0-alpha.14"
5.163.74.243 - - [10/Sep/2026:05:01:10 +0000] "POST /app/branch/login HTTP/1.1" 500 8037 "https://nabawater.com.sa/app/branch/login" "Mozilla/5.0 (X11; Linux x86_64) AppleWebKit/537.36 (KHTML, like Gecko) Chrome/152.0.0.0 Safari/537.36"
5.163.74.243 - - [10/Sep/2026:05:01:11 +0000] "GET /app/assets/images/background/error-bg.jpg HTTP/1.1" 404 13325 "https://nabawater.com.sa/app/branch/assets/254cddc1/css/error-pages.css?v=1775456709" "Mozilla/5.0 (X11; Linux x86_64) AppleWebKit/537.36 (KHTML, like Gecko) Chrome/152.0.0.0 Safari/537.36"
5.163.74.243 - - [10/Sep/2026:05:01:13 +0000] "GET /app/branch/dashboard HTTP/1.1" 200 4646 "https://nabawater.com.sa/app/branch/login" "Mozilla/5.0 (X11; Linux x86_64) AppleWebKit/537.36 (KHTML, like Gecko) Chrome/152.0.0.0 Safari/537.36"
5.163.77.157 - - [10/Sep/2026:05:01:13 +0000] "GET /api/v1/home?latitude=0.0&longitude=0.0&page=1&item_purchase_type=1&category_id=&env=dev HTTP/1.1" 200 528 "-" "okhttp/5.0.0-alpha.14"
5.163.77.157 - - [10/Sep/2026:05:01:13 +0000] "GET /api/v1/home?latitude=0.0&longitude=0.0&page=1&item_purchase_type=1&category_id=&env=dev HTTP/1.1" 200 528 "-" "okhttp/5.0.0-alpha.14"
5.163.77.157 - - [10/Sep/2026:05:01:13 +0000] "GET /api/v1/user/view?env=dev HTTP/1.1" 200 753 "-" "okhttp/5.0.0-alpha.14"
5.163.77.157 - - [10/Sep/2026:05:01:13 +0000] "GET /api/v1/user/view?env=dev HTTP/1.1" 200 753 "-" "okhttp/5.0.0-alpha.14"
5.163.77.157 - - [10/Sep/2026:05:01:14 +0000] "GET /frontend/web/theme/images/placeholder.png HTTP/1.1" 200 30449 "-" "Dalvik/2.1.0 (Linux; U; Android 16; VKJ-NX9 Build/HONORVKJ-N39)"
5.163.77.157 - - [10/Sep/2026:05:01:15 +0000] "GET /api/v1/ads/get-active-ads?env=dev HTTP/1.1" 200 1178 "-" "okhttp/5.0.0-alpha.14"
5.163.77.157 - - [10/Sep/2026:05:01:16 +0000] "POST /api/v1/ads/track-impression?env=dev HTTP/1.1" 200 116 "-" "okhttp/5.0.0-alpha.14"
5.163.74.243 - - [10/Sep/2026:05:01:18 +0000] "GET /app/branch/order/index HTTP/1.1" 200 12588 "https://nabawater.com.sa/app/branch/dashboard" "Mozilla/5.0 (X11; Linux x86_64) AppleWebKit/537.36 (KHTML, like Gecko) Chrome/152.0.0.0 Safari/537.36"
5.163.77.157 - - [10/Sep/2026:05:01:20 +0000] "GET /api/v1/user/view?env=dev HTTP/1.1" 200 753 "-" "okhttp/5.0.0-alpha.14"
5.163.77.157 - - [10/Sep/2026:05:01:20 +0000] "GET /api/v1/home?latitude=0.0&longitude=0.0&page=1&item_purchase_type=1&category_id=&env=dev HTTP/1.1" 200 528 "-" "okhttp/5.0.0-alpha.14"
5.163.74.243 - - [10/Sep/2026:05:01:50 +0000] "POST /app/branch/order/driver-details HTTP/1.1" 200 61 "https://nabawater.com.sa/app/branch/order/index" "Mozilla/5.0 (X11; Linux x86_64) AppleWebKit/537.36 (KHTML, like Gecko) Chrome/152.0.0.0 Safari/537.36"
5.163.74.243 - - [10/Sep/2026:05:01:50 +0000] "POST /app/branch/order/quick-view HTTP/1.1" 200 12826 "https://nabawater.com.sa/app/branch/order/index" "Mozilla/5.0 (X11; Linux x86_64) AppleWebKit/537.36 (KHTML, like Gecko) Chrome/152.0.0.0 Safari/537.36"
5.163.74.243 - - [10/Sep/2026:05:01:51 +0000] "POST /app/branch/order/quick-view HTTP/1.1" 200 12826 "https://nabawater.com.sa/app/branch/order/index" "Mozilla/5.0 (X11; Linux x86_64) AppleWebKit/537.36 (KHTML, like Gecko) Chrome/152.0.0.0 Safari/537.36"
5.163.77.157 - - [10/Sep/2026:05:01:51 +0000] "GET /api/v1/home?latitude=28.45632888&longitude=36.55289264&page=1&item_purchase_type=1&category_id=&env=dev HTTP/1.1" 200 6977 "-" "okhttp/5.0.0-alpha.14"
5.163.77.157 - - [10/Sep/2026:05:01:51 +0000] "GET /api/v1/home?latitude=28.45632888&longitude=36.55289264&page=1&item_purchase_type=1&category_id=&env=dev HTTP/1.1" 200 6977 "-" "okhttp/5.0.0-alpha.14"
5.163.77.157 - - [10/Sep/2026:05:01:51 +0000] "GET /api/v1/user/view?env=dev HTTP/1.1" 200 753 "-" "okhttp/5.0.0-alpha.14"
5.163.77.157 - - [10/Sep/2026:05:01:51 +0000] "GET /api/v1/user/view?env=dev HTTP/1.1" 200 753 "-" "okhttp/5.0.0-alpha.14"
5.163.74.243 - - [10/Sep/2026:05:01:51 +0000] "GET /app/branch/order/index?_pjax=%23pjax-grid-view HTTP/1.1" 200 2777 "https://nabawater.com.sa/app/branch/order/index" "Mozilla/5.0 (X11; Linux x86_64) AppleWebKit/537.36 (KHTML, like Gecko) Chrome/152.0.0.0 Safari/537.36"
5.163.77.157 - - [10/Sep/2026:05:01:51 +0000] "GET /frontend/web/theme/images/placeholder.png HTTP/1.1" 200 30449 "-" "Dalvik/2.1.0 (Linux; U; Android 16; VKJ-NX9 Build/HONORVKJ-N39)"
5.163.77.157 - - [10/Sep/2026:05:01:52 +0000] "GET /uploads/TEMP/items/1776068225hx2mh.jpeg HTTP/1.1" 200 106663 "-" "Dalvik/2.1.0 (Linux; U; Android 16; VKJ-NX9 Build/HONORVKJ-N39)"
5.163.77.157 - - [10/Sep/2026:05:01:52 +0000] "GET /api/v1/home?latitude=28.45632888&longitude=36.55289264&page=2&item_purchase_type=1&category_id=&env=dev HTTP/1.1" 200 4429 "-" "okhttp/5.0.0-alpha.14"
5.163.77.157 - - [10/Sep/2026:05:01:52 +0000] "GET /uploads/TEMP/items/1776068313SRdw0.jpeg HTTP/1.1" 200 108490 "-" "Dalvik/2.1.0 (Linux; U; Android 16; VKJ-NX9 Build/HONORVKJ-N39)"
5.163.77.157 - - [10/Sep/2026:05:01:52 +0000] "GET /uploads/TEMP/items/1776068487JOkY4.jpeg HTTP/1.1" 200 251111 "-" "Dalvik/2.1.0 (Linux; U; Android 16; VKJ-NX9 Build/HONORVKJ-N39)"
5.163.77.157 - - [10/Sep/2026:05:01:52 +0000] "GET /uploads/TEMP/items/1776066965vrsHS.jpeg HTTP/1.1" 200 106663 "-" "Dalvik/2.1.0 (Linux; U; Android 16; VKJ-NX9 Build/HONORVKJ-N39)"
5.163.77.157 - - [10/Sep/2026:05:01:52 +0000] "GET /uploads/TEMP/items/17760670430fKPy.jpeg HTTP/1.1" 200 108490 "-" "Dalvik/2.1.0 (Linux; U; Android 16; VKJ-NX9 Build/HONORVKJ-N39)"
5.163.77.157 - - [10/Sep/2026:05:01:52 +0000] "GET /uploads/TEMP/items/1776067085es6Ol.jpeg HTTP/1.1" 200 132178 "-" "Dalvik/2.1.0 (Linux; U; Android 16; VKJ-NX9 Build/HONORVKJ-N39)"
5.163.77.157 - - [10/Sep/2026:05:01:52 +0000] "GET /uploads/TEMP/items/1776067364tuRSX.jpeg HTTP/1.1" 200 98637 "-" "Dalvik/2.1.0 (Linux; U; Android 16; VKJ-NX9 Build/HONORVKJ-N39)"
5.163.77.157 - - [10/Sep/2026:05:01:52 +0000] "GET /uploads/TEMP/items/1776067181N4KXC.jpeg HTTP/1.1" 200 105784 "-" "Dalvik/2.1.0 (Linux; U; Android 16; VKJ-NX9 Build/HONORVKJ-N39)"
5.163.77.157 - - [10/Sep/2026:05:01:52 +0000] "GET /uploads/TEMP/items/1776067291iZUUQ.jpeg HTTP/1.1" 200 127339 "-" "Dalvik/2.1.0 (Linux; U; Android 16; VKJ-NX9 Build/HONORVKJ-N39)"
5.163.77.157 - - [10/Sep/2026:05:01:52 +0000] "GET /uploads/TEMP/items/1776067967Fl4i0.jpeg HTTP/1.1" 200 86250 "-" "Dalvik/2.1.0 (Linux; U; Android 16; VKJ-NX9 Build/HONORVKJ-N39)"
5.163.77.157 - - [10/Sep/2026:05:01:52 +0000] "GET /uploads/TEMP/items/1776068177PMRYL.jpeg HTTP/1.1" 200 95438 "-" "Dalvik/2.1.0 (Linux; U; Android 16; VKJ-NX9 Build/HONORVKJ-N39)"
5.163.77.157 - - [10/Sep/2026:05:01:52 +0000] "GET /uploads/TEMP/items/1776068109vBpkj.jpeg HTTP/1.1" 200 80802 "-" "Dalvik/2.1.0 (Linux; U; Android 16; VKJ-NX9 Build/HONORVKJ-N39)"
5.163.77.157 - - [10/Sep/2026:05:01:52 +0000] "GET /uploads/TEMP/items/1776068529ef2BC.jpeg HTTP/1.1" 200 91790 "-" "Dalvik/2.1.0 (Linux; U; Android 16; VKJ-NX9 Build/HONORVKJ-N39)"
5.163.77.157 - - [10/Sep/2026:05:01:52 +0000] "GET /uploads/TEMP/items/17760686249n8ui.jpeg HTTP/1.1" 200 144246 "-" "Dalvik/2.1.0 (Linux; U; Android 16; VKJ-NX9 Build/HONORVKJ-N39)"
5.163.77.157 - - [10/Sep/2026:05:01:52 +0000] "GET /uploads/TEMP/items/1776068560Ltncw.jpeg HTTP/1.1" 200 116524 "-" "Dalvik/2.1.0 (Linux; U; Android 16; VKJ-NX9 Build/HONORVKJ-N39)"
5.163.77.157 - - [10/Sep/2026:05:01:52 +0000] "GET /uploads/TEMP/items/1776070822lwqBF.jpeg HTTP/1.1" 200 143050 "-" "Dalvik/2.1.0 (Linux; U; Android 16; VKJ-NX9 Build/HONORVKJ-N39)"
5.163.74.243 - - [10/Sep/2026:05:01:53 +0000] "GET /app/branch/order/index?_pjax=%23pjax-grid-view HTTP/1.1" 200 2777 "https://nabawater.com.sa/app/branch/order/index" "Mozilla/5.0 (X11; Linux x86_64) AppleWebKit/537.36 (KHTML, like Gecko) Chrome/152.0.0.0 Safari/537.36"
5.163.77.157 - - [10/Sep/2026:05:01:53 +0000] "GET /api/v1/ads/get-active-ads?env=dev HTTP/1.1" 200 1178 "-" "okhttp/5.0.0-alpha.14"
5.163.77.157 - - [10/Sep/2026:05:01:54 +0000] "POST /api/v1/ads/track-impression?env=dev HTTP/1.1" 200 116 "-" "okhttp/5.0.0-alpha.14"
5.163.74.243 - - [10/Sep/2026:05:02:01 +0000] "GET /app/branch/order/index?_pjax=%23pjax-grid-view HTTP/1.1" 200 2777 "https://nabawater.com.sa/app/branch/order/index" "Mozilla/5.0 (X11; Linux x86_64) AppleWebKit/537.36 (KHTML, like Gecko) Chrome/152.0.0.0 Safari/537.36"
5.163.74.243 - - [10/Sep/2026:05:02:22 +0000] "GET /app/branch/order/index?_pjax=%23pjax-grid-view HTTP/1.1" 200 2777 "https://nabawater.com.sa/app/branch/order/index" "Mozilla/5.0 (X11; Linux x86_64) AppleWebKit/537.36 (KHTML, like Gecko) Chrome/152.0.0.0 Safari/537.36"
5.163.74.243 - - [10/Sep/2026:05:02:43 +0000] "GET /app/branch/order/index?_pjax=%23pjax-grid-view HTTP/1.1" 200 2777 "https://nabawater.com.sa/app/branch/order/index" "Mozilla/5.0 (X11; Linux x86_64) AppleWebKit/537.36 (KHTML, like Gecko) Chrome/152.0.0.0 Safari/537.36"
5.163.77.157 - - [10/Sep/2026:05:02:46 +0000] "GET /api/v1/user/view?env=dev HTTP/1.1" 200 753 "-" "okhttp/5.0.0-alpha.14"
5.163.77.157 - - [10/Sep/2026:05:02:46 +0000] "GET /api/v1/home?latitude=28.45632888&longitude=36.55289264&page=1&item_purchase_type=1&category_id=&env=dev HTTP/1.1" 200 6977 "-" "okhttp/5.0.0-alpha.14"
5.163.77.157 - - [10/Sep/2026:05:02:46 +0000] "GET /api/v1/home?latitude=28.45632888&longitude=36.55289264&page=2&item_purchase_type=1&category_id=&env=dev HTTP/1.1" 200 4429 "-" "okhttp/5.0.0-alpha.14"
5.163.74.243 - - [10/Sep/2026:05:02:54 +0000] "POST /app/branch/order/quick-view HTTP/1.1" 200 12991 "https://nabawater.com.sa/app/branch/order/index" "Mozilla/5.0 (X11; Linux x86_64) AppleWebKit/537.36 (KHTML, like Gecko) Chrome/152.0.0.0 Safari/537.36"
5.163.74.243 - - [10/Sep/2026:05:02:56 +0000] "POST /app/branch/order/quick-view HTTP/1.1" 200 12991 "https://nabawater.com.sa/app/branch/order/index" "Mozilla/5.0 (X11; Linux x86_64) AppleWebKit/537.36 (KHTML, like Gecko) Chrome/152.0.0.0 Safari/537.36"
5.163.74.243 - - [10/Sep/2026:05:03:01 +0000] "GET /app/branch/order/index?_pjax=%23pjax-grid-view HTTP/1.1" 200 2777 "https://nabawater.com.sa/app/branch/order/index" "Mozilla/5.0 (X11; Linux x86_64) AppleWebKit/537.36 (KHTML, like Gecko) Chrome/152.0.0.0 Safari/537.36"
43.134.78.217 - - [10/Sep/2026:05:03:05 +0000] "GET /product/javascript;void(0) HTTP/1.1" 404 13316 "-" "Mozilla/5.0 (iPhone; CPU iPhone OS 13_2_3 like Mac OS X) AppleWebKit/605.1.15 (KHTML, like Gecko) Version/13.0.3 Mobile/15E148 Safari/604.1"
5.163.74.243 - - [10/Sep/2026:05:03:22 +0000] "GET /app/branch/order/index?_pjax=%23pjax-grid-view HTTP/1.1" 200 2777 "https://nabawater.com.sa/app/branch/order/index" "Mozilla/5.0 (X11; Linux x86_64) AppleWebKit/537.36 (KHTML, like Gecko) Chrome/152.0.0.0 Safari/537.36"
5.163.77.157 - - [10/Sep/2026:05:03:37 +0000] "POST /api/v1/order/calculate-data?env=dev HTTP/1.1" 200 974 "-" "okhttp/5.0.0-alpha.14"
5.163.74.243 - - [10/Sep/2026:05:03:42 +0000] "GET /app/branch/order/index?_pjax=%23pjax-grid-view HTTP/1.1" 200 2777 "https://nabawater.com.sa/app/branch/order/index" "Mozilla/5.0 (X11; Linux x86_64) AppleWebKit/537.36 (KHTML, like Gecko) Chrome/152.0.0.0 Safari/537.36"
5.163.74.243 - - [10/Sep/2026:05:03:51 +0000] "GET /app/branch/order/index?OrderSearch%5Bbranch_id%5D=&OrderSearch%5Border_number%5D=&OrderSearch%5Border_date_time%5D=2026-09-10&OrderSearch%5Border_total%5D=&OrderSearch%5Bdelivery_option%5D=&OrderSearch%5Border_status%5D=&OrderSearch%5Bpayment_option%5D=&OrderSearch%5Buser_id%5D=&OrderSearch%5Bdeliveryboy_id%5D=&OrderSearch%5Bis_subscription_order_type%5D=&_pjax=%23pjax-grid-view HTTP/1.1" 499 0 "https://nabawater.com.sa/app/branch/order/index" "Mozilla/5.0 (X11; Linux x86_64) AppleWebKit/537.36 (KHTML, like Gecko) Chrome/152.0.0.0 Safari/537.36"
5.163.74.243 - - [10/Sep/2026:05:04:16 +0000] "POST /app/branch/order/get-order-status?env=dev HTTP/1.1" 500 1754 "https://nabawater.com.sa/app/branch/order/index" "Mozilla/5.0 (X11; Linux x86_64) AppleWebKit/537.36 (KHTML, like Gecko) Chrome/152.0.0.0 Safari/537.36"
66.249.87.105 - - [10/Sep/2026:05:04:35 +0000] "GET /product-list-normal-orders HTTP/1.1" 200 19531 "-" "Mozilla/5.0 (X11; Linux x86_64) AppleWebKit/537.36 (KHTML, like Gecko) Chrome/152.0.7977.64 Safari/537.36"
66.249.87.105 - - [10/Sep/2026:05:04:36 +0000] "GET /frontend/web/theme/images/logo.png HTTP/1.1" 404 13307 "https://nabawater.com.sa/product-list-normal-orders" "Mozilla/5.0 (X11; Linux x86_64) AppleWebKit/537.36 (KHTML, like Gecko) Chrome/152.0.7977.64 Safari/537.36"
66.249.87.105 - - [10/Sep/2026:05:04:38 +0000] "GET /frontend/web/assets/310b352a/fonts/icofont.woff2 HTTP/1.1" 200 537868 "https://nabawater.com.sa/frontend/web/assets/310b352a/css/icofont.css?v=1775457229" "Mozilla/5.0 (X11; Linux x86_64) AppleWebKit/537.36 (KHTML, like Gecko) Chrome/152.0.7977.64 Safari/537.36"
5.163.74.243 - - [10/Sep/2026:05:04:46 +0000] "POST /app/branch/order/get-order-status?env=dev HTTP/1.1" 500 1754 "https://nabawater.com.sa/app/branch/order/index" "Mozilla/5.0 (X11; Linux x86_64) AppleWebKit/537.36 (KHTML, like Gecko) Chrome/152.0.0.0 Safari/537.36"
5.163.74.243 - - [10/Sep/2026:05:04:46 +0000] "GET /app/branch/order/index?OrderSearch%5Bbranch_id%5D=&OrderSearch%5Border_number%5D=&OrderSearch%5Border_date_time%5D=2026-09-10&OrderSearch%5Border_total%5D=&OrderSearch%5Bdelivery_option%5D=&OrderSearch%5Border_status%5D=&OrderSearch%5Bpayment_option%5D=&OrderSearch%5Buser_id%5D=&OrderSearch%5Bdeliveryboy_id%5D=&OrderSearch%5Bis_subscription_order_type%5D= HTTP/1.1" 200 11139 "https://nabawater.com.sa/app/branch/order/index" "Mozilla/5.0 (X11; Linux x86_64) AppleWebKit/537.36 (KHTML, like Gecko) Chrome/152.0.0.0 Safari/537.36"
5.163.74.243 - - [10/Sep/2026:05:04:47 +0000] "GET /app/branch/order/index?_pjax=%23pjax-grid-view HTTP/1.1" 200 2755 "https://nabawater.com.sa/app/branch/order/index" "Mozilla/5.0 (X11; Linux x86_64) AppleWebKit/537.36 (KHTML, like Gecko) Chrome/152.0.0.0 Safari/537.36"
87.101.181.226 - - [10/Sep/2026:05:04:49 +0000] "POST /AutoDiscover/autodiscover.xml HTTP/1.1" 404 13323 "-" "Microsoft Office/16.0 (Windows NT 10.0; Microsoft Excel 16.0.20228; Pro)"
5.163.74.243 - - [10/Sep/2026:05:05:18 +0000] "POST /app/branch/order/driver-details HTTP/1.1" 200 61 "https://nabawater.com.sa/app/branch/order/index?OrderSearch%5Bbranch_id%5D=&OrderSearch%5Border_number%5D=&OrderSearch%5Border_date_time%5D=2026-09-10&OrderSearch%5Border_total%5D=&OrderSearch%5Bdelivery_option%5D=&OrderSearch%5Border_status%5D=&OrderSearch%5Bpayment_option%5D=&OrderSearch%5Buser_id%5D=&OrderSearch%5Bdeliveryboy_id%5D=&OrderSearch%5Bis_subscription_order_type%5D=" "Mozilla/5.0 (X11; Linux x86_64) AppleWebKit/537.36 (KHTML, like Gecko) Chrome/152.0.0.0 Safari/537.36"
5.163.74.243 - - [10/Sep/2026:05:05:18 +0000] "GET /app/branch/order/index?OrderSearch%5Bbranch_id%5D=&OrderSearch%5Border_number%5D=&OrderSearch%5Border_date_time%5D=2026-09-10&OrderSearch%5Border_total%5D=&OrderSearch%5Bdelivery_option%5D=&OrderSearch%5Border_status%5D=&OrderSearch%5Bpayment_option%5D=&OrderSearch%5Buser_id%5D=&OrderSearch%5Bdeliveryboy_id%5D=&OrderSearch%5Bis_subscription_order_type%5D=&_pjax=%23pjax-grid-view HTTP/1.1" 200 1389 "https://nabawater.com.sa/app/branch/order/index?OrderSearch%5Bbranch_id%5D=&OrderSearch%5Border_number%5D=&OrderSearch%5Border_date_time%5D=2026-09-10&OrderSearch%5Border_total%5D=&OrderSearch%5Bdelivery_option%5D=&OrderSearch%5Border_status%5D=&OrderSearch%5Bpayment_option%5D=&OrderSearch%5Buser_id%5D=&OrderSearch%5Bdeliveryboy_id%5D=&OrderSearch%5Bis_subscription_order_type%5D=" "Mozilla/5.0 (X11; Linux x86_64) AppleWebKit/537.36 (KHTML, like Gecko) Chrome/152.0.0.0 Safari/537.36"
5.163.74.243 - - [10/Sep/2026:05:05:19 +0000] "GET /app/branch/order/index?OrderSearch%5Bbranch_id%5D=&OrderSearch%5Border_number%5D=&OrderSearch%5Border_date_time%5D=2026-09-10&OrderSearch%5Border_total%5D=&OrderSearch%5Bdelivery_option%5D=&OrderSearch%5Border_status%5D=&OrderSearch%5Bpayment_option%5D=&OrderSearch%5Buser_id%5D=&OrderSearch%5Bdeliveryboy_id%5D=&OrderSearch%5Bis_subscription_order_type%5D=&_pjax=%23pjax-grid-view HTTP/1.1" 200 1389 "https://nabawater.com.sa/app/branch/order/index?OrderSearch%5Bbranch_id%5D=&OrderSearch%5Border_number%5D=&OrderSearch%5Border_date_time%5D=2026-09-10&OrderSearch%5Border_total%5D=&OrderSearch%5Bdelivery_option%5D=&OrderSearch%5Border_status%5D=&OrderSearch%5Bpayment_option%5D=&OrderSearch%5Buser_id%5D=&OrderSearch%5Bdeliveryboy_id%5D=&OrderSearch%5Bis_subscription_order_type%5D=" "Mozilla/5.0 (X11; Linux x86_64) AppleWebKit/537.36 (KHTML, like Gecko) Chrome/152.0.0.0 Safari/537.36"
5.163.74.243 - - [10/Sep/2026:05:05:28 +0000] "GET /app/branch/order/index?OrderSearch%5Bbranch_id%5D=&OrderSearch%5Border_number%5D=&OrderSearch%5Border_date_time%5D=2026-09-10&OrderSearch%5Border_total%5D=&OrderSearch%5Bdelivery_option%5D=&OrderSearch%5Border_status%5D=&OrderSearch%5Bpayment_option%5D=&OrderSearch%5Buser_id%5D=&OrderSearch%5Bdeliveryboy_id%5D=&OrderSearch%5Bis_subscription_order_type%5D=&_pjax=%23pjax-grid-view HTTP/1.1" 200 1389 "https://nabawater.com.sa/app/branch/order/index?OrderSearch%5Bbranch_id%5D=&OrderSearch%5Border_number%5D=&OrderSearch%5Border_date_time%5D=2026-09-10&OrderSearch%5Border_total%5D=&OrderSearch%5Bdelivery_option%5D=&OrderSearch%5Border_status%5D=&OrderSearch%5Bpayment_option%5D=&OrderSearch%5Buser_id%5D=&OrderSearch%5Bdeliveryboy_id%5D=&OrderSearch%5Bis_subscription_order_type%5D=" "Mozilla/5.0 (X11; Linux x86_64) AppleWebKit/537.36 (KHTML, like Gecko) Chrome/152.0.0.0 Safari/537.36"
5.163.74.243 - - [10/Sep/2026:05:05:49 +0000] "GET /app/branch/order/index?OrderSearch%5Bbranch_id%5D=&OrderSearch%5Border_number%5D=&OrderSearch%5Border_date_time%5D=2026-09-10&OrderSearch%5Border_total%5D=&OrderSearch%5Bdelivery_option%5D=&OrderSearch%5Border_status%5D=&OrderSearch%5Bpayment_option%5D=&OrderSearch%5Buser_id%5D=&OrderSearch%5Bdeliveryboy_id%5D=&OrderSearch%5Bis_subscription_order_type%5D=&_pjax=%23pjax-grid-view HTTP/1.1" 200 1389 "https://nabawater.com.sa/app/branch/order/index?OrderSearch%5Bbranch_id%5D=&OrderSearch%5Border_number%5D=&OrderSearch%5Border_date_time%5D=2026-09-10&OrderSearch%5Border_total%5D=&OrderSearch%5Bdelivery_option%5D=&OrderSearch%5Border_status%5D=&OrderSearch%5Bpayment_option%5D=&OrderSearch%5Buser_id%5D=&OrderSearch%5Bdeliveryboy_id%5D=&OrderSearch%5Bis_subscription_order_type%5D=" "Mozilla/5.0 (X11; Linux x86_64) AppleWebKit/537.36 (KHTML, like Gecko) Chrome/152.0.0.0 Safari/537.36"
5.163.90.225 - - [10/Sep/2026:05:06:09 +0000] "GET /app/branch/order/index?OrderSearch%5Bbranch_id%5D=&OrderSearch%5Border_number%5D=&OrderSearch%5Border_date_time%5D=2026-09-10&OrderSearch%5Border_total%5D=&OrderSearch%5Bdelivery_option%5D=&OrderSearch%5Border_status%5D=&OrderSearch%5Bpayment_option%5D=&OrderSearch%5Buser_id%5D=&OrderSearch%5Bdeliveryboy_id%5D=&OrderSearch%5Bis_subscription_order_type%5D=&_pjax=%23pjax-grid-view HTTP/1.1" 200 1389 "https://nabawater.com.sa/app/branch/order/index?OrderSearch%5Bbranch_id%5D=&OrderSearch%5Border_number%5D=&OrderSearch%5Border_date_time%5D=2026-09-10&OrderSearch%5Border_total%5D=&OrderSearch%5Bdelivery_option%5D=&OrderSearch%5Border_status%5D=&OrderSearch%5Bpayment_option%5D=&OrderSearch%5Buser_id%5D=&OrderSearch%5Bdeliveryboy_id%5D=&OrderSearch%5Bis_subscription_order_type%5D=" "Mozilla/5.0 (X11; Linux x86_64) AppleWebKit/537.36 (KHTML, like Gecko) Chrome/152.0.0.0 Safari/537.36"
5.163.90.225 - - [10/Sep/2026:05:06:29 +0000] "GET /app/branch/order/index?OrderSearch%5Bbranch_id%5D=&OrderSearch%5Border_number%5D=&OrderSearch%5Border_date_time%5D=2026-09-10&OrderSearch%5Border_total%5D=&OrderSearch%5Bdelivery_option%5D=&OrderSearch%5Border_status%5D=&OrderSearch%5Bpayment_option%5D=&OrderSearch%5Buser_id%5D=&OrderSearch%5Bdeliveryboy_id%5D=&OrderSearch%5Bis_subscription_order_type%5D=&_pjax=%23pjax-grid-view HTTP/1.1" 200 1389 "https://nabawater.com.sa/app/branch/order/index?OrderSearch%5Bbranch_id%5D=&OrderSearch%5Border_number%5D=&OrderSearch%5Border_date_time%5D=2026-09-10&OrderSearch%5Border_total%5D=&OrderSearch%5Bdelivery_option%5D=&OrderSearch%5Border_status%5D=&OrderSearch%5Bpayment_option%5D=&OrderSearch%5Buser_id%5D=&OrderSearch%5Bdeliveryboy_id%5D=&OrderSearch%5Bis_subscription_order_type%5D=" "Mozilla/5.0 (X11; Linux x86_64) AppleWebKit/537.36 (KHTML, like Gecko) Chrome/152.0.0.0 Safari/537.36"
5.163.77.157 - - [10/Sep/2026:05:06:32 +0000] "POST /api/v1/order/calculate-data?env=dev HTTP/1.1" 200 919 "-" "okhttp/5.0.0-alpha.14"
5.163.77.157 - - [10/Sep/2026:05:06:34 +0000] "POST /api/v1/order/calculate-data?env=dev HTTP/1.1" 200 919 "-" "okhttp/5.0.0-alpha.14"
5.163.77.157 - - [10/Sep/2026:05:06:40 +0000] "POST /api/v1/order/calculate-data?env=dev HTTP/1.1" 200 960 "-" "okhttp/5.0.0-alpha.14"
5.163.90.225 - - [10/Sep/2026:05:06:48 +0000] "GET /app/branch/order/index?OrderSearch%5Bbranch_id%5D=&OrderSearch%5Border_number%5D=&OrderSearch%5Border_date_time%5D=2026-09-10&OrderSearch%5Border_total%5D=&OrderSearch%5Bdelivery_option%5D=&OrderSearch%5Border_status%5D=&OrderSearch%5Bpayment_option%5D=&OrderSearch%5Buser_id%5D=&OrderSearch%5Bdeliveryboy_id%5D=&OrderSearch%5Bis_subscription_order_type%5D=&_pjax=%23pjax-grid-view HTTP/1.1" 200 1389 "https://nabawater.com.sa/app/branch/order/index?OrderSearch%5Bbranch_id%5D=&OrderSearch%5Border_number%5D=&OrderSearch%5Border_date_time%5D=2026-09-10&OrderSearch%5Border_total%5D=&OrderSearch%5Bdelivery_option%5D=&OrderSearch%5Border_status%5D=&OrderSearch%5Bpayment_option%5D=&OrderSearch%5Buser_id%5D=&OrderSearch%5Bdeliveryboy_id%5D=&OrderSearch%5Bis_subscription_order_type%5D=" "Mozilla/5.0 (X11; Linux x86_64) AppleWebKit/537.36 (KHTML, like Gecko) Chrome/152.0.0.0 Safari/537.36"
5.163.77.157 - - [10/Sep/2026:05:06:58 +0000] "POST /api/v1/order/calculate-data?env=dev HTTP/1.1" 200 950 "-" "okhttp/5.0.0-alpha.14"
5.163.77.157 - - [10/Sep/2026:05:07:04 +0000] "POST /api/v1/order/calculate-data?env=dev HTTP/1.1" 200 1056 "-" "okhttp/5.0.0-alpha.14"
5.163.77.157 - - [10/Sep/2026:05:07:04 +0000] "GET /api/v1/customer-address/list?env=dev HTTP/1.1" 200 96 "-" "okhttp/5.0.0-alpha.14"
5.163.74.241 - - [10/Sep/2026:05:07:09 +0000] "GET /app/branch/order/index?OrderSearch%5Bbranch_id%5D=&OrderSearch%5Border_number%5D=&OrderSearch%5Border_date_time%5D=2026-09-10&OrderSearch%5Border_total%5D=&OrderSearch%5Bdelivery_option%5D=&OrderSearch%5Border_status%5D=&OrderSearch%5Bpayment_option%5D=&OrderSearch%5Buser_id%5D=&OrderSearch%5Bdeliveryboy_id%5D=&OrderSearch%5Bis_subscription_order_type%5D=&_pjax=%23pjax-grid-view HTTP/1.1" 200 1389 "https://nabawater.com.sa/app/branch/order/index?OrderSearch%5Bbranch_id%5D=&OrderSearch%5Border_number%5D=&OrderSearch%5Border_date_time%5D=2026-09-10&OrderSearch%5Border_total%5D=&OrderSearch%5Bdelivery_option%5D=&OrderSearch%5Border_status%5D=&OrderSearch%5Bpayment_option%5D=&OrderSearch%5Buser_id%5D=&OrderSearch%5Bdeliveryboy_id%5D=&OrderSearch%5Bis_subscription_order_type%5D=" "Mozilla/5.0 (X11; Linux x86_64) AppleWebKit/537.36 (KHTML, like Gecko) Chrome/152.0.0.0 Safari/537.36"
5.163.74.241 - - [10/Sep/2026:05:07:29 +0000] "GET /app/branch/order/index?OrderSearch%5Bbranch_id%5D=&OrderSearch%5Border_number%5D=&OrderSearch%5Border_date_time%5D=2026-09-10&OrderSearch%5Border_total%5D=&OrderSearch%5Bdelivery_option%5D=&OrderSearch%5Border_status%5D=&OrderSearch%5Bpayment_option%5D=&OrderSearch%5Buser_id%5D=&OrderSearch%5Bdeliveryboy_id%5D=&OrderSearch%5Bis_subscription_order_type%5D=&_pjax=%23pjax-grid-view HTTP/1.1" 200 1389 "https://nabawater.com.sa/app/branch/order/index?OrderSearch%5Bbranch_id%5D=&OrderSearch%5Border_number%5D=&OrderSearch%5Border_date_time%5D=2026-09-10&OrderSearch%5Border_total%5D=&OrderSearch%5Bdelivery_option%5D=&OrderSearch%5Border_status%5D=&OrderSearch%5Bpayment_option%5D=&OrderSearch%5Buser_id%5D=&OrderSearch%5Bdeliveryboy_id%5D=&OrderSearch%5Bis_subscription_order_type%5D=" "Mozilla/5.0 (X11; Linux x86_64) AppleWebKit/537.36 (KHTML, like Gecko) Chrome/152.0.0.0 Safari/537.36"
5.163.77.157 - - [10/Sep/2026:05:07:37 +0000] "GET /api/v1/customer-address/address-type?env=dev HTTP/1.1" 200 228 "-" "okhttp/5.0.0-alpha.14"
5.163.42.241 - - [10/Sep/2026:05:07:49 +0000] "GET /app/branch/order/index?OrderSearch%5Bbranch_id%5D=&OrderSearch%5Border_number%5D=&OrderSearch%5Border_date_time%5D=2026-09-10&OrderSearch%5Border_total%5D=&OrderSearch%5Bdelivery_option%5D=&OrderSearch%5Border_status%5D=&OrderSearch%5Bpayment_option%5D=&OrderSearch%5Buser_id%5D=&OrderSearch%5Bdeliveryboy_id%5D=&OrderSearch%5Bis_subscription_order_type%5D=&_pjax=%23pjax-grid-view HTTP/1.1" 200 1389 "https://nabawater.com.sa/app/branch/order/index?OrderSearch%5Bbranch_id%5D=&OrderSearch%5Border_number%5D=&OrderSearch%5Border_date_time%5D=2026-09-10&OrderSearch%5Border_total%5D=&OrderSearch%5Bdelivery_option%5D=&OrderSearch%5Border_status%5D=&OrderSearch%5Bpayment_option%5D=&OrderSearch%5Buser_id%5D=&OrderSearch%5Bdeliveryboy_id%5D=&OrderSearch%5Bis_subscription_order_type%5D=" "Mozilla/5.0 (X11; Linux x86_64) AppleWebKit/537.36 (KHTML, like Gecko) Chrome/152.0.0.0 Safari/537.36"
5.163.77.157 - - [10/Sep/2026:05:08:01 +0000] "GET /api/v1/customer-address/address-type?env=dev HTTP/1.1" 200 228 "-" "okhttp/5.0.0-alpha.14"
5.163.42.241 - - [10/Sep/2026:05:08:08 +0000] "GET /app/branch/order/index?OrderSearch%5Bbranch_id%5D=&OrderSearch%5Border_number%5D=&OrderSearch%5Border_date_time%5D=2026-09-10&OrderSearch%5Border_total%5D=&OrderSearch%5Bdelivery_option%5D=&OrderSearch%5Border_status%5D=&OrderSearch%5Bpayment_option%5D=&OrderSearch%5Buser_id%5D=&OrderSearch%5Bdeliveryboy_id%5D=&OrderSearch%5Bis_subscription_order_type%5D=&_pjax=%23pjax-grid-view HTTP/1.1" 200 1389 "https://nabawater.com.sa/app/branch/order/index?OrderSearch%5Bbranch_id%5D=&OrderSearch%5Border_number%5D=&OrderSearch%5Border_date_time%5D=2026-09-10&OrderSearch%5Border_total%5D=&OrderSearch%5Bdelivery_option%5D=&OrderSearch%5Border_status%5D=&OrderSearch%5Bpayment_option%5D=&OrderSearch%5Buser_id%5D=&OrderSearch%5Bdeliveryboy_id%5D=&OrderSearch%5Bis_subscription_order_type%5D=" "Mozilla/5.0 (X11; Linux x86_64) AppleWebKit/537.36 (KHTML, like Gecko) Chrome/152.0.0.0 Safari/537.36"
5.163.42.241 - - [10/Sep/2026:05:08:29 +0000] "GET /app/branch/order/index?OrderSearch%5Bbranch_id%5D=&OrderSearch%5Border_number%5D=&OrderSearch%5Border_date_time%5D=2026-09-10&OrderSearch%5Border_total%5D=&OrderSearch%5Bdelivery_option%5D=&OrderSearch%5Border_status%5D=&OrderSearch%5Bpayment_option%5D=&OrderSearch%5Buser_id%5D=&OrderSearch%5Bdeliveryboy_id%5D=&OrderSearch%5Bis_subscription_order_type%5D=&_pjax=%23pjax-grid-view HTTP/1.1" 200 1389 "https://nabawater.com.sa/app/branch/order/index?OrderSearch%5Bbranch_id%5D=&OrderSearch%5Border_number%5D=&OrderSearch%5Border_date_time%5D=2026-09-10&OrderSearch%5Border_total%5D=&OrderSearch%5Bdelivery_option%5D=&OrderSearch%5Border_status%5D=&OrderSearch%5Bpayment_option%5D=&OrderSearch%5Buser_id%5D=&OrderSearch%5Bdeliveryboy_id%5D=&OrderSearch%5Bis_subscription_order_type%5D=" "Mozilla/5.0 (X11; Linux x86_64) AppleWebKit/537.36 (KHTML, like Gecko) Chrome/152.0.0.0 Safari/537.36"
50.62.183.88 - - [10/Sep/2026:05:08:40 +0000] "GET / HTTP/1.1" 302 5 "-" "Mozilla/5.0 (Windows NT 10.0; Win64; x64) AppleWebKit/537.36 (KHTML, like Gecko) Chrome/97.0.4692.71 Safari/537.36"
50.62.183.88 - - [10/Sep/2026:05:08:41 +0000] "GET /product-list-normal-orders HTTP/1.1" 200 19557 "-" "Mozilla/5.0 (Windows NT 10.0; Win64; x64) AppleWebKit/537.36 (KHTML, like Gecko) Chrome/97.0.4692.71 Safari/537.36"
5.163.42.241 - - [10/Sep/2026:05:08:48 +0000] "GET /app/branch/order/index?OrderSearch%5Bbranch_id%5D=&OrderSearch%5Border_number%5D=&OrderSearch%5Border_date_time%5D=2026-09-10&OrderSearch%5Border_total%5D=&OrderSearch%5Bdelivery_option%5D=&OrderSearch%5Border_status%5D=&OrderSearch%5Bpayment_option%5D=&OrderSearch%5Buser_id%5D=&OrderSearch%5Bdeliveryboy_id%5D=&OrderSearch%5Bis_subscription_order_type%5D=&_pjax=%23pjax-grid-view HTTP/1.1" 200 1389 "https://nabawater.com.sa/app/branch/order/index?OrderSearch%5Bbranch_id%5D=&OrderSearch%5Border_number%5D=&OrderSearch%5Border_date_time%5D=2026-09-10&OrderSearch%5Border_total%5D=&OrderSearch%5Bdelivery_option%5D=&OrderSearch%5Border_status%5D=&OrderSearch%5Bpayment_option%5D=&OrderSearch%5Buser_id%5D=&OrderSearch%5Bdeliveryboy_id%5D=&OrderSearch%5Bis_subscription_order_type%5D=" "Mozilla/5.0 (X11; Linux x86_64) AppleWebKit/537.36 (KHTML, like Gecko) Chrome/152.0.0.0 Safari/537.36"
5.163.42.241 - - [10/Sep/2026:05:09:09 +0000] "GET /app/branch/order/index?OrderSearch%5Bbranch_id%5D=&OrderSearch%5Border_number%5D=&OrderSearch%5Border_date_time%5D=2026-09-10&OrderSearch%5Border_total%5D=&OrderSearch%5Bdelivery_option%5D=&OrderSearch%5Border_status%5D=&OrderSearch%5Bpayment_option%5D=&OrderSearch%5Buser_id%5D=&OrderSearch%5Bdeliveryboy_id%5D=&OrderSearch%5Bis_subscription_order_type%5D=&_pjax=%23pjax-grid-view HTTP/1.1" 200 1389 "https://nabawater.com.sa/app/branch/order/index?OrderSearch%5Bbranch_id%5D=&OrderSearch%5Border_number%5D=&OrderSearch%5Border_date_time%5D=2026-09-10&OrderSearch%5Border_total%5D=&OrderSearch%5Bdelivery_option%5D=&OrderSearch%5Border_status%5D=&OrderSearch%5Bpayment_option%5D=&OrderSearch%5Buser_id%5D=&OrderSearch%5Bdeliveryboy_id%5D=&OrderSearch%5Bis_subscription_order_type%5D=" "Mozilla/5.0 (X11; Linux x86_64) AppleWebKit/537.36 (KHTML, like Gecko) Chrome/152.0.0.0 Safari/537.36"
87.101.181.226 - - [10/Sep/2026:05:09:14 +0000] "POST /AutoDiscover/autodiscover.xml HTTP/1.1" 404 13325 "-" "Microsoft Office/16.0 (Windows NT 10.0; Microsoft Excel 16.0.20228; Pro)"
5.163.77.157 - - [10/Sep/2026:05:09:18 +0000] "GET /api/v1/customer-address/address-type?env=dev HTTP/1.1" 200 228 "-" "okhttp/5.0.0-alpha.14"
5.163.42.241 - - [10/Sep/2026:05:09:28 +0000] "GET /app/branch/order/index?OrderSearch%5Bbranch_id%5D=&OrderSearch%5Border_number%5D=&OrderSearch%5Border_date_time%5D=2026-09-10&OrderSearch%5Border_total%5D=&OrderSearch%5Bdelivery_option%5D=&OrderSearch%5Border_status%5D=&OrderSearch%5Bpayment_option%5D=&OrderSearch%5Buser_id%5D=&OrderSearch%5Bdeliveryboy_id%5D=&OrderSearch%5Bis_subscription_order_type%5D=&_pjax=%23pjax-grid-view HTTP/1.1" 200 1389 "https://nabawater.com.sa/app/branch/order/index?OrderSearch%5Bbranch_id%5D=&OrderSearch%5Border_number%5D=&OrderSearch%5Border_date_time%5D=2026-09-10&OrderSearch%5Border_total%5D=&OrderSearch%5Bdelivery_option%5D=&OrderSearch%5Border_status%5D=&OrderSearch%5Bpayment_option%5D=&OrderSearch%5Buser_id%5D=&OrderSearch%5Bdeliveryboy_id%5D=&OrderSearch%5Bis_subscription_order_type%5D=" "Mozilla/5.0 (X11; Linux x86_64) AppleWebKit/537.36 (KHTML, like Gecko) Chrome/152.0.0.0 Safari/537.36"
5.163.77.157 - - [10/Sep/2026:05:09:30 +0000] "POST /api/v1/customer-address/create?env=dev HTTP/1.1" 200 131 "-" "okhttp/5.0.0-alpha.14"
5.163.77.157 - - [10/Sep/2026:05:09:30 +0000] "GET /api/v1/customer-address/list?env=dev HTTP/1.1" 200 505 "-" "okhttp/5.0.0-alpha.14"
5.163.77.157 - - [10/Sep/2026:05:09:30 +0000] "POST /api/v1/order/calculate-data?env=dev HTTP/1.1" 200 1462 "-" "okhttp/5.0.0-alpha.14"
3.149.1.223 - - [10/Sep/2026:05:09:31 +0000] "GET / HTTP/1.1" 302 5 "-" "Mozilla/5.0 (Macintosh; Intel Mac OS X 10_15_7) AppleWebKit/537.36 (KHTML, like Gecko) Chrome/150.0.0.0 Safari/537.36"
5.163.77.157 - - [10/Sep/2026:05:09:36 +0000] "POST /api/v1/order/calculate-data?env=dev HTTP/1.1" 200 1478 "-" "okhttp/5.0.0-alpha.14"
3.149.1.223 - - [10/Sep/2026:05:09:39 +0000] "GET /product-list-normal-orders HTTP/1.1" 200 19533 "-" "Mozilla/5.0 (Macintosh; Intel Mac OS X 10_15_7) AppleWebKit/537.36 (KHTML, like Gecko) Chrome/150.0.0.0 Safari/537.36"
5.163.42.241 - - [10/Sep/2026:05:09:49 +0000] "GET /app/branch/order/index?OrderSearch%5Bbranch_id%5D=&OrderSearch%5Border_number%5D=&OrderSearch%5Border_date_time%5D=2026-09-10&OrderSearch%5Border_total%5D=&OrderSearch%5Bdelivery_option%5D=&OrderSearch%5Border_status%5D=&OrderSearch%5Bpayment_option%5D=&OrderSearch%5Buser_id%5D=&OrderSearch%5Bdeliveryboy_id%5D=&OrderSearch%5Bis_subscription_order_type%5D=&_pjax=%23pjax-grid-view HTTP/1.1" 200 1389 "https://nabawater.com.sa/app/branch/order/index?OrderSearch%5Bbranch_id%5D=&OrderSearch%5Border_number%5D=&OrderSearch%5Border_date_time%5D=2026-09-10&OrderSearch%5Border_total%5D=&OrderSearch%5Bdelivery_option%5D=&OrderSearch%5Border_status%5D=&OrderSearch%5Bpayment_option%5D=&OrderSearch%5Buser_id%5D=&OrderSearch%5Bdeliveryboy_id%5D=&OrderSearch%5Bis_subscription_order_type%5D=" "Mozilla/5.0 (X11; Linux x86_64) AppleWebKit/537.36 (KHTML, like Gecko) Chrome/152.0.0.0 Safari/537.36"
5.163.77.157 - - [10/Sep/2026:05:10:05 +0000] "POST /api/v1/order/place-order?env=dev HTTP/1.1" 417 124 "-" "okhttp/5.0.0-alpha.14"
66.249.93.76 - - [10/Sep/2026:05:10:08 +0000] "GET /uploads/qr/26-09-04-11-04-13.png HTTP/1.1" 200 8347 "-" "Mozilla/5.0 (Windows NT 5.1; rv:11.0) Gecko Firefox/11.0 (via ggpht.com GoogleImageProxy)"
66.249.93.77 - - [10/Sep/2026:05:10:08 +0000] "GET /uploads/site-images/1775472141UfWou.png HTTP/1.1" 200 35542 "-" "Mozilla/5.0 (Windows NT 5.1; rv:11.0) Gecko Firefox/11.0 (via ggpht.com GoogleImageProxy)"
5.163.42.241 - - [10/Sep/2026:05:10:09 +0000] "GET /app/branch/order/index?OrderSearch%5Bbranch_id%5D=&OrderSearch%5Border_number%5D=&OrderSearch%5Border_date_time%5D=2026-09-10&OrderSearch%5Border_total%5D=&OrderSearch%5Bdelivery_option%5D=&OrderSearch%5Border_status%5D=&OrderSearch%5Bpayment_option%5D=&OrderSearch%5Buser_id%5D=&OrderSearch%5Bdeliveryboy_id%5D=&OrderSearch%5Bis_subscription_order_type%5D=&_pjax=%23pjax-grid-view HTTP/1.1" 200 1389 "https://nabawater.com.sa/app/branch/order/index?OrderSearch%5Bbranch_id%5D=&OrderSearch%5Border_number%5D=&OrderSearch%5Border_date_time%5D=2026-09-10&OrderSearch%5Border_total%5D=&OrderSearch%5Bdelivery_option%5D=&OrderSearch%5Border_status%5D=&OrderSearch%5Bpayment_option%5D=&OrderSearch%5Buser_id%5D=&OrderSearch%5Bdeliveryboy_id%5D=&OrderSearch%5Bis_subscription_order_type%5D=" "Mozilla/5.0 (X11; Linux x86_64) AppleWebKit/537.36 (KHTML, like Gecko) Chrome/152.0.0.0 Safari/537.36"
5.163.77.157 - - [10/Sep/2026:05:10:10 +0000] "POST /api/v1/order/place-order?env=dev HTTP/1.1" 417 124 "-" "okhttp/5.0.0-alpha.14"
5.163.77.157 - - [10/Sep/2026:05:10:26 +0000] "POST /api/v1/order/place-order?env=dev HTTP/1.1" 417 124 "-" "okhttp/5.0.0-alpha.14"
5.163.42.241 - - [10/Sep/2026:05:10:29 +0000] "GET /app/branch/order/index?OrderSearch%5Bbranch_id%5D=&OrderSearch%5Border_number%5D=&OrderSearch%5Border_date_time%5D=2026-09-10&OrderSearch%5Border_total%5D=&OrderSearch%5Bdelivery_option%5D=&OrderSearch%5Border_status%5D=&OrderSearch%5Bpayment_option%5D=&OrderSearch%5Buser_id%5D=&OrderSearch%5Bdeliveryboy_id%5D=&OrderSearch%5Bis_subscription_order_type%5D=&_pjax=%23pjax-grid-view HTTP/1.1" 200 1389 "https://nabawater.com.sa/app/branch/order/index?OrderSearch%5Bbranch_id%5D=&OrderSearch%5Border_number%5D=&OrderSearch%5Border_date_time%5D=2026-09-10&OrderSearch%5Border_total%5D=&OrderSearch%5Bdelivery_option%5D=&OrderSearch%5Border_status%5D=&OrderSearch%5Bpayment_option%5D=&OrderSearch%5Buser_id%5D=&OrderSearch%5Bdeliveryboy_id%5D=&OrderSearch%5Bis_subscription_order_type%5D=" "Mozilla/5.0 (X11; Linux x86_64) AppleWebKit/537.36 (KHTML, like Gecko) Chrome/152.0.0.0 Safari/537.36"
5.163.42.241 - - [10/Sep/2026:05:10:49 +0000] "GET /app/branch/order/index?OrderSearch%5Bbranch_id%5D=&OrderSearch%5Border_number%5D=&OrderSearch%5Border_date_time%5D=2026-09-10&OrderSearch%5Border_total%5D=&OrderSearch%5Bdelivery_option%5D=&OrderSearch%5Border_status%5D=&OrderSearch%5Bpayment_option%5D=&OrderSearch%5Buser_id%5D=&OrderSearch%5Bdeliveryboy_id%5D=&OrderSearch%5Bis_subscription_order_type%5D=&_pjax=%23pjax-grid-view HTTP/1.1" 200 1389 "https://nabawater.com.sa/app/branch/order/index?OrderSearch%5Bbranch_id%5D=&OrderSearch%5Border_number%5D=&OrderSearch%5Border_date_time%5D=2026-09-10&OrderSearch%5Border_total%5D=&OrderSearch%5Bdelivery_option%5D=&OrderSearch%5Border_status%5D=&OrderSearch%5Bpayment_option%5D=&OrderSearch%5Buser_id%5D=&OrderSearch%5Bdeliveryboy_id%5D=&OrderSearch%5Bis_subscription_order_type%5D=" "Mozilla/5.0 (X11; Linux x86_64) AppleWebKit/537.36 (KHTML, like Gecko) Chrome/152.0.0.0 Safari/537.36"
