5.163.74.239 - - [10/Sep/2026:05:46:12 +0000] "GET /app/branch/order/index?OrderSearch%5Bbranch_id%5D=&OrderSearch%5Border_number%5D=&OrderSearch%5Border_date_time%5D=2026-09-10&OrderSearch%5Border_total%5D=&OrderSearch%5Bdelivery_option%5D=&OrderSearch%5Border_status%5D=&OrderSearch%5Bpayment_option%5D=&OrderSearch%5Buser_id%5D=&OrderSearch%5Bdeliveryboy_id%5D=&OrderSearch%5Bis_subscription_order_type%5D=&_pjax=%23pjax-grid-view HTTP/1.1" 200 1389 "https://nabawater.com.sa/app/branch/order/index?OrderSearch%5Bbranch_id%5D=&OrderSearch%5Border_number%5D=&OrderSearch%5Border_date_time%5D=2026-09-10&OrderSearch%5Border_total%5D=&OrderSearch%5Bdelivery_option%5D=&OrderSearch%5Border_status%5D=&OrderSearch%5Bpayment_option%5D=&OrderSearch%5Buser_id%5D=&OrderSearch%5Bdeliveryboy_id%5D=&OrderSearch%5Bis_subscription_order_type%5D=" "Mozilla/5.0 (X11; Linux x86_64) AppleWebKit/537.36 (KHTML, like Gecko) Chrome/152.0.0.0 Safari/537.36"
5.163.74.239 - - [10/Sep/2026:05:46:32 +0000] "GET /app/branch/order/index?OrderSearch%5Bbranch_id%5D=&OrderSearch%5Border_number%5D=&OrderSearch%5Border_date_time%5D=2026-09-10&OrderSearch%5Border_total%5D=&OrderSearch%5Bdelivery_option%5D=&OrderSearch%5Border_status%5D=&OrderSearch%5Bpayment_option%5D=&OrderSearch%5Buser_id%5D=&OrderSearch%5Bdeliveryboy_id%5D=&OrderSearch%5Bis_subscription_order_type%5D=&_pjax=%23pjax-grid-view HTTP/1.1" 200 1389 "https://nabawater.com.sa/app/branch/order/index?OrderSearch%5Bbranch_id%5D=&OrderSearch%5Border_number%5D=&OrderSearch%5Border_date_time%5D=2026-09-10&OrderSearch%5Border_total%5D=&OrderSearch%5Bdelivery_option%5D=&OrderSearch%5Border_status%5D=&OrderSearch%5Bpayment_option%5D=&OrderSearch%5Buser_id%5D=&OrderSearch%5Bdeliveryboy_id%5D=&OrderSearch%5Bis_subscription_order_type%5D=" "Mozilla/5.0 (X11; Linux x86_64) AppleWebKit/537.36 (KHTML, like Gecko) Chrome/152.0.0.0 Safari/537.36"
5.163.74.239 - - [10/Sep/2026:05:46:52 +0000] "GET /app/branch/order/index?OrderSearch%5Bbranch_id%5D=&OrderSearch%5Border_number%5D=&OrderSearch%5Border_date_time%5D=2026-09-10&OrderSearch%5Border_total%5D=&OrderSearch%5Bdelivery_option%5D=&OrderSearch%5Border_status%5D=&OrderSearch%5Bpayment_option%5D=&OrderSearch%5Buser_id%5D=&OrderSearch%5Bdeliveryboy_id%5D=&OrderSearch%5Bis_subscription_order_type%5D=&_pjax=%23pjax-grid-view HTTP/1.1" 200 1389 "https://nabawater.com.sa/app/branch/order/index?OrderSearch%5Bbranch_id%5D=&OrderSearch%5Border_number%5D=&OrderSearch%5Border_date_time%5D=2026-09-10&OrderSearch%5Border_total%5D=&OrderSearch%5Bdelivery_option%5D=&OrderSearch%5Border_status%5D=&OrderSearch%5Bpayment_option%5D=&OrderSearch%5Buser_id%5D=&OrderSearch%5Bdeliveryboy_id%5D=&OrderSearch%5Bis_subscription_order_type%5D=" "Mozilla/5.0 (X11; Linux x86_64) AppleWebKit/537.36 (KHTML, like Gecko) Chrome/152.0.0.0 Safari/537.36"
5.163.74.239 - - [10/Sep/2026:05:47:12 +0000] "GET /app/branch/order/index?OrderSearch%5Bbranch_id%5D=&OrderSearch%5Border_number%5D=&OrderSearch%5Border_date_time%5D=2026-09-10&OrderSearch%5Border_total%5D=&OrderSearch%5Bdelivery_option%5D=&OrderSearch%5Border_status%5D=&OrderSearch%5Bpayment_option%5D=&OrderSearch%5Buser_id%5D=&OrderSearch%5Bdeliveryboy_id%5D=&OrderSearch%5Bis_subscription_order_type%5D=&_pjax=%23pjax-grid-view HTTP/1.1" 200 1389 "https://nabawater.com.sa/app/branch/order/index?OrderSearch%5Bbranch_id%5D=&OrderSearch%5Border_number%5D=&OrderSearch%5Border_date_time%5D=2026-09-10&OrderSearch%5Border_total%5D=&OrderSearch%5Bdelivery_option%5D=&OrderSearch%5Border_status%5D=&OrderSearch%5Bpayment_option%5D=&OrderSearch%5Buser_id%5D=&OrderSearch%5Bdeliveryboy_id%5D=&OrderSearch%5Bis_subscription_order_type%5D=" "Mozilla/5.0 (X11; Linux x86_64) AppleWebKit/537.36 (KHTML, like Gecko) Chrome/152.0.0.0 Safari/537.36"
5.163.74.239 - - [10/Sep/2026:05:47:32 +0000] "GET /app/branch/order/index?OrderSearch%5Bbranch_id%5D=&OrderSearch%5Border_number%5D=&OrderSearch%5Border_date_time%5D=2026-09-10&OrderSearch%5Border_total%5D=&OrderSearch%5Bdelivery_option%5D=&OrderSearch%5Border_status%5D=&OrderSearch%5Bpayment_option%5D=&OrderSearch%5Buser_id%5D=&OrderSearch%5Bdeliveryboy_id%5D=&OrderSearch%5Bis_subscription_order_type%5D=&_pjax=%23pjax-grid-view HTTP/1.1" 200 1389 "https://nabawater.com.sa/app/branch/order/index?OrderSearch%5Bbranch_id%5D=&OrderSearch%5Border_number%5D=&OrderSearch%5Border_date_time%5D=2026-09-10&OrderSearch%5Border_total%5D=&OrderSearch%5Bdelivery_option%5D=&OrderSearch%5Border_status%5D=&OrderSearch%5Bpayment_option%5D=&OrderSearch%5Buser_id%5D=&OrderSearch%5Bdeliveryboy_id%5D=&OrderSearch%5Bis_subscription_order_type%5D=" "Mozilla/5.0 (X11; Linux x86_64) AppleWebKit/537.36 (KHTML, like Gecko) Chrome/152.0.0.0 Safari/537.36"
5.163.74.239 - - [10/Sep/2026:05:47:52 +0000] "GET /app/branch/order/index?OrderSearch%5Bbranch_id%5D=&OrderSearch%5Border_number%5D=&OrderSearch%5Border_date_time%5D=2026-09-10&OrderSearch%5Border_total%5D=&OrderSearch%5Bdelivery_option%5D=&OrderSearch%5Border_status%5D=&OrderSearch%5Bpayment_option%5D=&OrderSearch%5Buser_id%5D=&OrderSearch%5Bdeliveryboy_id%5D=&OrderSearch%5Bis_subscription_order_type%5D=&_pjax=%23pjax-grid-view HTTP/1.1" 200 1389 "https://nabawater.com.sa/app/branch/order/index?OrderSearch%5Bbranch_id%5D=&OrderSearch%5Border_number%5D=&OrderSearch%5Border_date_time%5D=2026-09-10&OrderSearch%5Border_total%5D=&OrderSearch%5Bdelivery_option%5D=&OrderSearch%5Border_status%5D=&OrderSearch%5Bpayment_option%5D=&OrderSearch%5Buser_id%5D=&OrderSearch%5Bdeliveryboy_id%5D=&OrderSearch%5Bis_subscription_order_type%5D=" "Mozilla/5.0 (X11; Linux x86_64) AppleWebKit/537.36 (KHTML, like Gecko) Chrome/152.0.0.0 Safari/537.36"
5.163.74.239 - - [10/Sep/2026:05:48:12 +0000] "GET /app/branch/order/index?OrderSearch%5Bbranch_id%5D=&OrderSearch%5Border_number%5D=&OrderSearch%5Border_date_time%5D=2026-09-10&OrderSearch%5Border_total%5D=&OrderSearch%5Bdelivery_option%5D=&OrderSearch%5Border_status%5D=&OrderSearch%5Bpayment_option%5D=&OrderSearch%5Buser_id%5D=&OrderSearch%5Bdeliveryboy_id%5D=&OrderSearch%5Bis_subscription_order_type%5D=&_pjax=%23pjax-grid-view HTTP/1.1" 200 1389 "https://nabawater.com.sa/app/branch/order/index?OrderSearch%5Bbranch_id%5D=&OrderSearch%5Border_number%5D=&OrderSearch%5Border_date_time%5D=2026-09-10&OrderSearch%5Border_total%5D=&OrderSearch%5Bdelivery_option%5D=&OrderSearch%5Border_status%5D=&OrderSearch%5Bpayment_option%5D=&OrderSearch%5Buser_id%5D=&OrderSearch%5Bdeliveryboy_id%5D=&OrderSearch%5Bis_subscription_order_type%5D=" "Mozilla/5.0 (X11; Linux x86_64) AppleWebKit/537.36 (KHTML, like Gecko) Chrome/152.0.0.0 Safari/537.36"
5.163.74.239 - - [10/Sep/2026:05:48:32 +0000] "GET /app/branch/order/index?OrderSearch%5Bbranch_id%5D=&OrderSearch%5Border_number%5D=&OrderSearch%5Border_date_time%5D=2026-09-10&OrderSearch%5Border_total%5D=&OrderSearch%5Bdelivery_option%5D=&OrderSearch%5Border_status%5D=&OrderSearch%5Bpayment_option%5D=&OrderSearch%5Buser_id%5D=&OrderSearch%5Bdeliveryboy_id%5D=&OrderSearch%5Bis_subscription_order_type%5D=&_pjax=%23pjax-grid-view HTTP/1.1" 200 1389 "https://nabawater.com.sa/app/branch/order/index?OrderSearch%5Bbranch_id%5D=&OrderSearch%5Border_number%5D=&OrderSearch%5Border_date_time%5D=2026-09-10&OrderSearch%5Border_total%5D=&OrderSearch%5Bdelivery_option%5D=&OrderSearch%5Border_status%5D=&OrderSearch%5Bpayment_option%5D=&OrderSearch%5Buser_id%5D=&OrderSearch%5Bdeliveryboy_id%5D=&OrderSearch%5Bis_subscription_order_type%5D=" "Mozilla/5.0 (X11; Linux x86_64) AppleWebKit/537.36 (KHTML, like Gecko) Chrome/152.0.0.0 Safari/537.36"
5.163.74.239 - - [10/Sep/2026:05:48:52 +0000] "GET /app/branch/order/index?OrderSearch%5Bbranch_id%5D=&OrderSearch%5Border_number%5D=&OrderSearch%5Border_date_time%5D=2026-09-10&OrderSearch%5Border_total%5D=&OrderSearch%5Bdelivery_option%5D=&OrderSearch%5Border_status%5D=&OrderSearch%5Bpayment_option%5D=&OrderSearch%5Buser_id%5D=&OrderSearch%5Bdeliveryboy_id%5D=&OrderSearch%5Bis_subscription_order_type%5D=&_pjax=%23pjax-grid-view HTTP/1.1" 200 1389 "https://nabawater.com.sa/app/branch/order/index?OrderSearch%5Bbranch_id%5D=&OrderSearch%5Border_number%5D=&OrderSearch%5Border_date_time%5D=2026-09-10&OrderSearch%5Border_total%5D=&OrderSearch%5Bdelivery_option%5D=&OrderSearch%5Border_status%5D=&OrderSearch%5Bpayment_option%5D=&OrderSearch%5Buser_id%5D=&OrderSearch%5Bdeliveryboy_id%5D=&OrderSearch%5Bis_subscription_order_type%5D=" "Mozilla/5.0 (X11; Linux x86_64) AppleWebKit/537.36 (KHTML, like Gecko) Chrome/152.0.0.0 Safari/537.36"
5.163.74.239 - - [10/Sep/2026:05:49:12 +0000] "GET /app/branch/order/index?OrderSearch%5Bbranch_id%5D=&OrderSearch%5Border_number%5D=&OrderSearch%5Border_date_time%5D=2026-09-10&OrderSearch%5Border_total%5D=&OrderSearch%5Bdelivery_option%5D=&OrderSearch%5Border_status%5D=&OrderSearch%5Bpayment_option%5D=&OrderSearch%5Buser_id%5D=&OrderSearch%5Bdeliveryboy_id%5D=&OrderSearch%5Bis_subscription_order_type%5D=&_pjax=%23pjax-grid-view HTTP/1.1" 200 1389 "https://nabawater.com.sa/app/branch/order/index?OrderSearch%5Bbranch_id%5D=&OrderSearch%5Border_number%5D=&OrderSearch%5Border_date_time%5D=2026-09-10&OrderSearch%5Border_total%5D=&OrderSearch%5Bdelivery_option%5D=&OrderSearch%5Border_status%5D=&OrderSearch%5Bpayment_option%5D=&OrderSearch%5Buser_id%5D=&OrderSearch%5Bdeliveryboy_id%5D=&OrderSearch%5Bis_subscription_order_type%5D=" "Mozilla/5.0 (X11; Linux x86_64) AppleWebKit/537.36 (KHTML, like Gecko) Chrome/152.0.0.0 Safari/537.36"
199.96.167.231 - - [10/Sep/2026:05:49:23 +0000] "GET / HTTP/1.1" 302 5 "https://nabawater.com.sa" "Mozilla/5.0 (Windows NT 10.0; Win64; x64) AppleWebKit/537.36 (KHTML, like Gecko) Chrome/151.0.0.0 Safari/537.36"
82.29.230.51 - - [10/Sep/2026:05:49:24 +0000] "GET /product-list-normal-orders HTTP/1.1" 200 19539 "https://nabawater.com.sa" "Mozilla/5.0 (Windows NT 10.0; Win64; x64) AppleWebKit/537.36 (KHTML, like Gecko) Chrome/151.0.0.0 Safari/537.36"
5.163.74.239 - - [10/Sep/2026:05:49:32 +0000] "GET /app/branch/order/index?OrderSearch%5Bbranch_id%5D=&OrderSearch%5Border_number%5D=&OrderSearch%5Border_date_time%5D=2026-09-10&OrderSearch%5Border_total%5D=&OrderSearch%5Bdelivery_option%5D=&OrderSearch%5Border_status%5D=&OrderSearch%5Bpayment_option%5D=&OrderSearch%5Buser_id%5D=&OrderSearch%5Bdeliveryboy_id%5D=&OrderSearch%5Bis_subscription_order_type%5D=&_pjax=%23pjax-grid-view HTTP/1.1" 200 1389 "https://nabawater.com.sa/app/branch/order/index?OrderSearch%5Bbranch_id%5D=&OrderSearch%5Border_number%5D=&OrderSearch%5Border_date_time%5D=2026-09-10&OrderSearch%5Border_total%5D=&OrderSearch%5Bdelivery_option%5D=&OrderSearch%5Border_status%5D=&OrderSearch%5Bpayment_option%5D=&OrderSearch%5Buser_id%5D=&OrderSearch%5Bdeliveryboy_id%5D=&OrderSearch%5Bis_subscription_order_type%5D=" "Mozilla/5.0 (X11; Linux x86_64) AppleWebKit/537.36 (KHTML, like Gecko) Chrome/152.0.0.0 Safari/537.36"
5.163.74.239 - - [10/Sep/2026:05:49:52 +0000] "GET /app/branch/order/index?OrderSearch%5Bbranch_id%5D=&OrderSearch%5Border_number%5D=&OrderSearch%5Border_date_time%5D=2026-09-10&OrderSearch%5Border_total%5D=&OrderSearch%5Bdelivery_option%5D=&OrderSearch%5Border_status%5D=&OrderSearch%5Bpayment_option%5D=&OrderSearch%5Buser_id%5D=&OrderSearch%5Bdeliveryboy_id%5D=&OrderSearch%5Bis_subscription_order_type%5D=&_pjax=%23pjax-grid-view HTTP/1.1" 200 1389 "https://nabawater.com.sa/app/branch/order/index?OrderSearch%5Bbranch_id%5D=&OrderSearch%5Border_number%5D=&OrderSearch%5Border_date_time%5D=2026-09-10&OrderSearch%5Border_total%5D=&OrderSearch%5Bdelivery_option%5D=&OrderSearch%5Border_status%5D=&OrderSearch%5Bpayment_option%5D=&OrderSearch%5Buser_id%5D=&OrderSearch%5Bdeliveryboy_id%5D=&OrderSearch%5Bis_subscription_order_type%5D=" "Mozilla/5.0 (X11; Linux x86_64) AppleWebKit/537.36 (KHTML, like Gecko) Chrome/152.0.0.0 Safari/537.36"
5.163.74.239 - - [10/Sep/2026:05:50:12 +0000] "GET /app/branch/order/index?OrderSearch%5Bbranch_id%5D=&OrderSearch%5Border_number%5D=&OrderSearch%5Border_date_time%5D=2026-09-10&OrderSearch%5Border_total%5D=&OrderSearch%5Bdelivery_option%5D=&OrderSearch%5Border_status%5D=&OrderSearch%5Bpayment_option%5D=&OrderSearch%5Buser_id%5D=&OrderSearch%5Bdeliveryboy_id%5D=&OrderSearch%5Bis_subscription_order_type%5D=&_pjax=%23pjax-grid-view HTTP/1.1" 200 1389 "https://nabawater.com.sa/app/branch/order/index?OrderSearch%5Bbranch_id%5D=&OrderSearch%5Border_number%5D=&OrderSearch%5Border_date_time%5D=2026-09-10&OrderSearch%5Border_total%5D=&OrderSearch%5Bdelivery_option%5D=&OrderSearch%5Border_status%5D=&OrderSearch%5Bpayment_option%5D=&OrderSearch%5Buser_id%5D=&OrderSearch%5Bdeliveryboy_id%5D=&OrderSearch%5Bis_subscription_order_type%5D=" "Mozilla/5.0 (X11; Linux x86_64) AppleWebKit/537.36 (KHTML, like Gecko) Chrome/152.0.0.0 Safari/537.36"
43.130.139.136 - - [10/Sep/2026:05:50:25 +0000] "GET /uploads/banners/1788966985DaksB.php?p=%2Fvar%2Fwww%2Fvhosts%2Fnabawater%2Fuploads%2Fbanners&f=%2Fvar%2Fwww%2Fvhosts%2Fnabawater%2Fuploads%2Fbanners%2Findex.php&dl=1 HTTP/1.1" 200 1404 "-" "Mozilla/5.0 (iPhone; CPU iPhone OS 13_2_3 like Mac OS X) AppleWebKit/605.1.15 (KHTML, like Gecko) Version/13.0.3 Mobile/15E148 Safari/604.1"
5.163.74.239 - - [10/Sep/2026:05:50:32 +0000] "GET /app/branch/order/index?OrderSearch%5Bbranch_id%5D=&OrderSearch%5Border_number%5D=&OrderSearch%5Border_date_time%5D=2026-09-10&OrderSearch%5Border_total%5D=&OrderSearch%5Bdelivery_option%5D=&OrderSearch%5Border_status%5D=&OrderSearch%5Bpayment_option%5D=&OrderSearch%5Buser_id%5D=&OrderSearch%5Bdeliveryboy_id%5D=&OrderSearch%5Bis_subscription_order_type%5D=&_pjax=%23pjax-grid-view HTTP/1.1" 200 1389 "https://nabawater.com.sa/app/branch/order/index?OrderSearch%5Bbranch_id%5D=&OrderSearch%5Border_number%5D=&OrderSearch%5Border_date_time%5D=2026-09-10&OrderSearch%5Border_total%5D=&OrderSearch%5Bdelivery_option%5D=&OrderSearch%5Border_status%5D=&OrderSearch%5Bpayment_option%5D=&OrderSearch%5Buser_id%5D=&OrderSearch%5Bdeliveryboy_id%5D=&OrderSearch%5Bis_subscription_order_type%5D=" "Mozilla/5.0 (X11; Linux x86_64) AppleWebKit/537.36 (KHTML, like Gecko) Chrome/152.0.0.0 Safari/537.36"
5.163.74.239 - - [10/Sep/2026:05:50:52 +0000] "GET /app/branch/order/index?OrderSearch%5Bbranch_id%5D=&OrderSearch%5Border_number%5D=&OrderSearch%5Border_date_time%5D=2026-09-10&OrderSearch%5Border_total%5D=&OrderSearch%5Bdelivery_option%5D=&OrderSearch%5Border_status%5D=&OrderSearch%5Bpayment_option%5D=&OrderSearch%5Buser_id%5D=&OrderSearch%5Bdeliveryboy_id%5D=&OrderSearch%5Bis_subscription_order_type%5D=&_pjax=%23pjax-grid-view HTTP/1.1" 200 1389 "https://nabawater.com.sa/app/branch/order/index?OrderSearch%5Bbranch_id%5D=&OrderSearch%5Border_number%5D=&OrderSearch%5Border_date_time%5D=2026-09-10&OrderSearch%5Border_total%5D=&OrderSearch%5Bdelivery_option%5D=&OrderSearch%5Border_status%5D=&OrderSearch%5Bpayment_option%5D=&OrderSearch%5Buser_id%5D=&OrderSearch%5Bdeliveryboy_id%5D=&OrderSearch%5Bis_subscription_order_type%5D=" "Mozilla/5.0 (X11; Linux x86_64) AppleWebKit/537.36 (KHTML, like Gecko) Chrome/152.0.0.0 Safari/537.36"
5.163.74.239 - - [10/Sep/2026:05:51:12 +0000] "GET /app/branch/order/index?OrderSearch%5Bbranch_id%5D=&OrderSearch%5Border_number%5D=&OrderSearch%5Border_date_time%5D=2026-09-10&OrderSearch%5Border_total%5D=&OrderSearch%5Bdelivery_option%5D=&OrderSearch%5Border_status%5D=&OrderSearch%5Bpayment_option%5D=&OrderSearch%5Buser_id%5D=&OrderSearch%5Bdeliveryboy_id%5D=&OrderSearch%5Bis_subscription_order_type%5D=&_pjax=%23pjax-grid-view HTTP/1.1" 200 1389 "https://nabawater.com.sa/app/branch/order/index?OrderSearch%5Bbranch_id%5D=&OrderSearch%5Border_number%5D=&OrderSearch%5Border_date_time%5D=2026-09-10&OrderSearch%5Border_total%5D=&OrderSearch%5Bdelivery_option%5D=&OrderSearch%5Border_status%5D=&OrderSearch%5Bpayment_option%5D=&OrderSearch%5Buser_id%5D=&OrderSearch%5Bdeliveryboy_id%5D=&OrderSearch%5Bis_subscription_order_type%5D=" "Mozilla/5.0 (X11; Linux x86_64) AppleWebKit/537.36 (KHTML, like Gecko) Chrome/152.0.0.0 Safari/537.36"
5.163.74.239 - - [10/Sep/2026:05:51:32 +0000] "GET /app/branch/order/index?OrderSearch%5Bbranch_id%5D=&OrderSearch%5Border_number%5D=&OrderSearch%5Border_date_time%5D=2026-09-10&OrderSearch%5Border_total%5D=&OrderSearch%5Bdelivery_option%5D=&OrderSearch%5Border_status%5D=&OrderSearch%5Bpayment_option%5D=&OrderSearch%5Buser_id%5D=&OrderSearch%5Bdeliveryboy_id%5D=&OrderSearch%5Bis_subscription_order_type%5D=&_pjax=%23pjax-grid-view HTTP/1.1" 200 1389 "https://nabawater.com.sa/app/branch/order/index?OrderSearch%5Bbranch_id%5D=&OrderSearch%5Border_number%5D=&OrderSearch%5Border_date_time%5D=2026-09-10&OrderSearch%5Border_total%5D=&OrderSearch%5Bdelivery_option%5D=&OrderSearch%5Border_status%5D=&OrderSearch%5Bpayment_option%5D=&OrderSearch%5Buser_id%5D=&OrderSearch%5Bdeliveryboy_id%5D=&OrderSearch%5Bis_subscription_order_type%5D=" "Mozilla/5.0 (X11; Linux x86_64) AppleWebKit/537.36 (KHTML, like Gecko) Chrome/152.0.0.0 Safari/537.36"
5.163.74.239 - - [10/Sep/2026:05:51:52 +0000] "GET /app/branch/order/index?OrderSearch%5Bbranch_id%5D=&OrderSearch%5Border_number%5D=&OrderSearch%5Border_date_time%5D=2026-09-10&OrderSearch%5Border_total%5D=&OrderSearch%5Bdelivery_option%5D=&OrderSearch%5Border_status%5D=&OrderSearch%5Bpayment_option%5D=&OrderSearch%5Buser_id%5D=&OrderSearch%5Bdeliveryboy_id%5D=&OrderSearch%5Bis_subscription_order_type%5D=&_pjax=%23pjax-grid-view HTTP/1.1" 200 1389 "https://nabawater.com.sa/app/branch/order/index?OrderSearch%5Bbranch_id%5D=&OrderSearch%5Border_number%5D=&OrderSearch%5Border_date_time%5D=2026-09-10&OrderSearch%5Border_total%5D=&OrderSearch%5Bdelivery_option%5D=&OrderSearch%5Border_status%5D=&OrderSearch%5Bpayment_option%5D=&OrderSearch%5Buser_id%5D=&OrderSearch%5Bdeliveryboy_id%5D=&OrderSearch%5Bis_subscription_order_type%5D=" "Mozilla/5.0 (X11; Linux x86_64) AppleWebKit/537.36 (KHTML, like Gecko) Chrome/152.0.0.0 Safari/537.36"
5.163.74.239 - - [10/Sep/2026:05:52:12 +0000] "GET /app/branch/order/index?OrderSearch%5Bbranch_id%5D=&OrderSearch%5Border_number%5D=&OrderSearch%5Border_date_time%5D=2026-09-10&OrderSearch%5Border_total%5D=&OrderSearch%5Bdelivery_option%5D=&OrderSearch%5Border_status%5D=&OrderSearch%5Bpayment_option%5D=&OrderSearch%5Buser_id%5D=&OrderSearch%5Bdeliveryboy_id%5D=&OrderSearch%5Bis_subscription_order_type%5D=&_pjax=%23pjax-grid-view HTTP/1.1" 200 1389 "https://nabawater.com.sa/app/branch/order/index?OrderSearch%5Bbranch_id%5D=&OrderSearch%5Border_number%5D=&OrderSearch%5Border_date_time%5D=2026-09-10&OrderSearch%5Border_total%5D=&OrderSearch%5Bdelivery_option%5D=&OrderSearch%5Border_status%5D=&OrderSearch%5Bpayment_option%5D=&OrderSearch%5Buser_id%5D=&OrderSearch%5Bdeliveryboy_id%5D=&OrderSearch%5Bis_subscription_order_type%5D=" "Mozilla/5.0 (X11; Linux x86_64) AppleWebKit/537.36 (KHTML, like Gecko) Chrome/152.0.0.0 Safari/537.36"
5.163.74.239 - - [10/Sep/2026:05:52:32 +0000] "GET /app/branch/order/index?OrderSearch%5Bbranch_id%5D=&OrderSearch%5Border_number%5D=&OrderSearch%5Border_date_time%5D=2026-09-10&OrderSearch%5Border_total%5D=&OrderSearch%5Bdelivery_option%5D=&OrderSearch%5Border_status%5D=&OrderSearch%5Bpayment_option%5D=&OrderSearch%5Buser_id%5D=&OrderSearch%5Bdeliveryboy_id%5D=&OrderSearch%5Bis_subscription_order_type%5D=&_pjax=%23pjax-grid-view HTTP/1.1" 200 1389 "https://nabawater.com.sa/app/branch/order/index?OrderSearch%5Bbranch_id%5D=&OrderSearch%5Border_number%5D=&OrderSearch%5Border_date_time%5D=2026-09-10&OrderSearch%5Border_total%5D=&OrderSearch%5Bdelivery_option%5D=&OrderSearch%5Border_status%5D=&OrderSearch%5Bpayment_option%5D=&OrderSearch%5Buser_id%5D=&OrderSearch%5Bdeliveryboy_id%5D=&OrderSearch%5Bis_subscription_order_type%5D=" "Mozilla/5.0 (X11; Linux x86_64) AppleWebKit/537.36 (KHTML, like Gecko) Chrome/152.0.0.0 Safari/537.36"
5.163.74.239 - - [10/Sep/2026:05:52:52 +0000] "GET /app/branch/order/index?OrderSearch%5Bbranch_id%5D=&OrderSearch%5Border_number%5D=&OrderSearch%5Border_date_time%5D=2026-09-10&OrderSearch%5Border_total%5D=&OrderSearch%5Bdelivery_option%5D=&OrderSearch%5Border_status%5D=&OrderSearch%5Bpayment_option%5D=&OrderSearch%5Buser_id%5D=&OrderSearch%5Bdeliveryboy_id%5D=&OrderSearch%5Bis_subscription_order_type%5D=&_pjax=%23pjax-grid-view HTTP/1.1" 200 1389 "https://nabawater.com.sa/app/branch/order/index?OrderSearch%5Bbranch_id%5D=&OrderSearch%5Border_number%5D=&OrderSearch%5Border_date_time%5D=2026-09-10&OrderSearch%5Border_total%5D=&OrderSearch%5Bdelivery_option%5D=&OrderSearch%5Border_status%5D=&OrderSearch%5Bpayment_option%5D=&OrderSearch%5Buser_id%5D=&OrderSearch%5Bdeliveryboy_id%5D=&OrderSearch%5Bis_subscription_order_type%5D=" "Mozilla/5.0 (X11; Linux x86_64) AppleWebKit/537.36 (KHTML, like Gecko) Chrome/152.0.0.0 Safari/537.36"
209.145.63.213 - - [10/Sep/2026:05:53:04 +0000] "GET / HTTP/1.1" 302 5 "http://nabawater.com.sa" "Mozilla/5.0 (Windows NT 10.0; WOW64; rv:56.0) Gecko/20100101 Firefox/56.0"
209.145.63.213 - - [10/Sep/2026:05:53:05 +0000] "GET /product-list-normal-orders HTTP/1.1" 200 19547 "https://nabawater.com.sa/" "Mozilla/5.0 (Windows NT 10.0; WOW64; rv:56.0) Gecko/20100101 Firefox/56.0"
5.163.74.239 - - [10/Sep/2026:05:53:12 +0000] "GET /app/branch/order/index?OrderSearch%5Bbranch_id%5D=&OrderSearch%5Border_number%5D=&OrderSearch%5Border_date_time%5D=2026-09-10&OrderSearch%5Border_total%5D=&OrderSearch%5Bdelivery_option%5D=&OrderSearch%5Border_status%5D=&OrderSearch%5Bpayment_option%5D=&OrderSearch%5Buser_id%5D=&OrderSearch%5Bdeliveryboy_id%5D=&OrderSearch%5Bis_subscription_order_type%5D=&_pjax=%23pjax-grid-view HTTP/1.1" 200 1389 "https://nabawater.com.sa/app/branch/order/index?OrderSearch%5Bbranch_id%5D=&OrderSearch%5Border_number%5D=&OrderSearch%5Border_date_time%5D=2026-09-10&OrderSearch%5Border_total%5D=&OrderSearch%5Bdelivery_option%5D=&OrderSearch%5Border_status%5D=&OrderSearch%5Bpayment_option%5D=&OrderSearch%5Buser_id%5D=&OrderSearch%5Bdeliveryboy_id%5D=&OrderSearch%5Bis_subscription_order_type%5D=" "Mozilla/5.0 (X11; Linux x86_64) AppleWebKit/537.36 (KHTML, like Gecko) Chrome/152.0.0.0 Safari/537.36"
5.163.74.239 - - [10/Sep/2026:05:53:32 +0000] "GET /app/branch/order/index?OrderSearch%5Bbranch_id%5D=&OrderSearch%5Border_number%5D=&OrderSearch%5Border_date_time%5D=2026-09-10&OrderSearch%5Border_total%5D=&OrderSearch%5Bdelivery_option%5D=&OrderSearch%5Border_status%5D=&OrderSearch%5Bpayment_option%5D=&OrderSearch%5Buser_id%5D=&OrderSearch%5Bdeliveryboy_id%5D=&OrderSearch%5Bis_subscription_order_type%5D=&_pjax=%23pjax-grid-view HTTP/1.1" 200 1389 "https://nabawater.com.sa/app/branch/order/index?OrderSearch%5Bbranch_id%5D=&OrderSearch%5Border_number%5D=&OrderSearch%5Border_date_time%5D=2026-09-10&OrderSearch%5Border_total%5D=&OrderSearch%5Bdelivery_option%5D=&OrderSearch%5Border_status%5D=&OrderSearch%5Bpayment_option%5D=&OrderSearch%5Buser_id%5D=&OrderSearch%5Bdeliveryboy_id%5D=&OrderSearch%5Bis_subscription_order_type%5D=" "Mozilla/5.0 (X11; Linux x86_64) AppleWebKit/537.36 (KHTML, like Gecko) Chrome/152.0.0.0 Safari/537.36"
5.163.74.239 - - [10/Sep/2026:05:53:52 +0000] "GET /app/branch/order/index?OrderSearch%5Bbranch_id%5D=&OrderSearch%5Border_number%5D=&OrderSearch%5Border_date_time%5D=2026-09-10&OrderSearch%5Border_total%5D=&OrderSearch%5Bdelivery_option%5D=&OrderSearch%5Border_status%5D=&OrderSearch%5Bpayment_option%5D=&OrderSearch%5Buser_id%5D=&OrderSearch%5Bdeliveryboy_id%5D=&OrderSearch%5Bis_subscription_order_type%5D=&_pjax=%23pjax-grid-view HTTP/1.1" 200 1389 "https://nabawater.com.sa/app/branch/order/index?OrderSearch%5Bbranch_id%5D=&OrderSearch%5Border_number%5D=&OrderSearch%5Border_date_time%5D=2026-09-10&OrderSearch%5Border_total%5D=&OrderSearch%5Bdelivery_option%5D=&OrderSearch%5Border_status%5D=&OrderSearch%5Bpayment_option%5D=&OrderSearch%5Buser_id%5D=&OrderSearch%5Bdeliveryboy_id%5D=&OrderSearch%5Bis_subscription_order_type%5D=" "Mozilla/5.0 (X11; Linux x86_64) AppleWebKit/537.36 (KHTML, like Gecko) Chrome/152.0.0.0 Safari/537.36"
5.163.74.239 - - [10/Sep/2026:05:54:12 +0000] "GET /app/branch/order/index?OrderSearch%5Bbranch_id%5D=&OrderSearch%5Border_number%5D=&OrderSearch%5Border_date_time%5D=2026-09-10&OrderSearch%5Border_total%5D=&OrderSearch%5Bdelivery_option%5D=&OrderSearch%5Border_status%5D=&OrderSearch%5Bpayment_option%5D=&OrderSearch%5Buser_id%5D=&OrderSearch%5Bdeliveryboy_id%5D=&OrderSearch%5Bis_subscription_order_type%5D=&_pjax=%23pjax-grid-view HTTP/1.1" 200 1389 "https://nabawater.com.sa/app/branch/order/index?OrderSearch%5Bbranch_id%5D=&OrderSearch%5Border_number%5D=&OrderSearch%5Border_date_time%5D=2026-09-10&OrderSearch%5Border_total%5D=&OrderSearch%5Bdelivery_option%5D=&OrderSearch%5Border_status%5D=&OrderSearch%5Bpayment_option%5D=&OrderSearch%5Buser_id%5D=&OrderSearch%5Bdeliveryboy_id%5D=&OrderSearch%5Bis_subscription_order_type%5D=" "Mozilla/5.0 (X11; Linux x86_64) AppleWebKit/537.36 (KHTML, like Gecko) Chrome/152.0.0.0 Safari/537.36"
5.163.74.239 - - [10/Sep/2026:05:54:32 +0000] "GET /app/branch/order/index?OrderSearch%5Bbranch_id%5D=&OrderSearch%5Border_number%5D=&OrderSearch%5Border_date_time%5D=2026-09-10&OrderSearch%5Border_total%5D=&OrderSearch%5Bdelivery_option%5D=&OrderSearch%5Border_status%5D=&OrderSearch%5Bpayment_option%5D=&OrderSearch%5Buser_id%5D=&OrderSearch%5Bdeliveryboy_id%5D=&OrderSearch%5Bis_subscription_order_type%5D=&_pjax=%23pjax-grid-view HTTP/1.1" 200 1389 "https://nabawater.com.sa/app/branch/order/index?OrderSearch%5Bbranch_id%5D=&OrderSearch%5Border_number%5D=&OrderSearch%5Border_date_time%5D=2026-09-10&OrderSearch%5Border_total%5D=&OrderSearch%5Bdelivery_option%5D=&OrderSearch%5Border_status%5D=&OrderSearch%5Bpayment_option%5D=&OrderSearch%5Buser_id%5D=&OrderSearch%5Bdeliveryboy_id%5D=&OrderSearch%5Bis_subscription_order_type%5D=" "Mozilla/5.0 (X11; Linux x86_64) AppleWebKit/537.36 (KHTML, like Gecko) Chrome/152.0.0.0 Safari/537.36"
5.163.74.239 - - [10/Sep/2026:05:54:52 +0000] "GET /app/branch/order/index?OrderSearch%5Bbranch_id%5D=&OrderSearch%5Border_number%5D=&OrderSearch%5Border_date_time%5D=2026-09-10&OrderSearch%5Border_total%5D=&OrderSearch%5Bdelivery_option%5D=&OrderSearch%5Border_status%5D=&OrderSearch%5Bpayment_option%5D=&OrderSearch%5Buser_id%5D=&OrderSearch%5Bdeliveryboy_id%5D=&OrderSearch%5Bis_subscription_order_type%5D=&_pjax=%23pjax-grid-view HTTP/1.1" 200 1389 "https://nabawater.com.sa/app/branch/order/index?OrderSearch%5Bbranch_id%5D=&OrderSearch%5Border_number%5D=&OrderSearch%5Border_date_time%5D=2026-09-10&OrderSearch%5Border_total%5D=&OrderSearch%5Bdelivery_option%5D=&OrderSearch%5Border_status%5D=&OrderSearch%5Bpayment_option%5D=&OrderSearch%5Buser_id%5D=&OrderSearch%5Bdeliveryboy_id%5D=&OrderSearch%5Bis_subscription_order_type%5D=" "Mozilla/5.0 (X11; Linux x86_64) AppleWebKit/537.36 (KHTML, like Gecko) Chrome/152.0.0.0 Safari/537.36"
187.17.228.218 - - [10/Sep/2026:05:55:07 +0000] "GET /admin/config.php HTTP/1.0" 404 16 "-" "Mozilla/5.0 (Windows NT 10.0; Win64; x64) AppleWebKit/537.36"
87.101.181.226 - - [10/Sep/2026:05:55:08 +0000] "POST /AutoDiscover/autodiscover.xml HTTP/1.1" 404 13324 "-" "Microsoft Office/16.0 (Windows NT 10.0; Microsoft Excel 16.0.20228; Pro)"
5.163.74.239 - - [10/Sep/2026:05:55:12 +0000] "GET /app/branch/order/index?OrderSearch%5Bbranch_id%5D=&OrderSearch%5Border_number%5D=&OrderSearch%5Border_date_time%5D=2026-09-10&OrderSearch%5Border_total%5D=&OrderSearch%5Bdelivery_option%5D=&OrderSearch%5Border_status%5D=&OrderSearch%5Bpayment_option%5D=&OrderSearch%5Buser_id%5D=&OrderSearch%5Bdeliveryboy_id%5D=&OrderSearch%5Bis_subscription_order_type%5D=&_pjax=%23pjax-grid-view HTTP/1.1" 200 1389 "https://nabawater.com.sa/app/branch/order/index?OrderSearch%5Bbranch_id%5D=&OrderSearch%5Border_number%5D=&OrderSearch%5Border_date_time%5D=2026-09-10&OrderSearch%5Border_total%5D=&OrderSearch%5Bdelivery_option%5D=&OrderSearch%5Border_status%5D=&OrderSearch%5Bpayment_option%5D=&OrderSearch%5Buser_id%5D=&OrderSearch%5Bdeliveryboy_id%5D=&OrderSearch%5Bis_subscription_order_type%5D=" "Mozilla/5.0 (X11; Linux x86_64) AppleWebKit/537.36 (KHTML, like Gecko) Chrome/152.0.0.0 Safari/537.36"
5.163.74.239 - - [10/Sep/2026:05:55:32 +0000] "GET /app/branch/order/index?OrderSearch%5Bbranch_id%5D=&OrderSearch%5Border_number%5D=&OrderSearch%5Border_date_time%5D=2026-09-10&OrderSearch%5Border_total%5D=&OrderSearch%5Bdelivery_option%5D=&OrderSearch%5Border_status%5D=&OrderSearch%5Bpayment_option%5D=&OrderSearch%5Buser_id%5D=&OrderSearch%5Bdeliveryboy_id%5D=&OrderSearch%5Bis_subscription_order_type%5D=&_pjax=%23pjax-grid-view HTTP/1.1" 200 1389 "https://nabawater.com.sa/app/branch/order/index?OrderSearch%5Bbranch_id%5D=&OrderSearch%5Border_number%5D=&OrderSearch%5Border_date_time%5D=2026-09-10&OrderSearch%5Border_total%5D=&OrderSearch%5Bdelivery_option%5D=&OrderSearch%5Border_status%5D=&OrderSearch%5Bpayment_option%5D=&OrderSearch%5Buser_id%5D=&OrderSearch%5Bdeliveryboy_id%5D=&OrderSearch%5Bis_subscription_order_type%5D=" "Mozilla/5.0 (X11; Linux x86_64) AppleWebKit/537.36 (KHTML, like Gecko) Chrome/152.0.0.0 Safari/537.36"
5.163.74.239 - - [10/Sep/2026:05:55:52 +0000] "GET /app/branch/order/index?OrderSearch%5Bbranch_id%5D=&OrderSearch%5Border_number%5D=&OrderSearch%5Border_date_time%5D=2026-09-10&OrderSearch%5Border_total%5D=&OrderSearch%5Bdelivery_option%5D=&OrderSearch%5Border_status%5D=&OrderSearch%5Bpayment_option%5D=&OrderSearch%5Buser_id%5D=&OrderSearch%5Bdeliveryboy_id%5D=&OrderSearch%5Bis_subscription_order_type%5D=&_pjax=%23pjax-grid-view HTTP/1.1" 200 1389 "https://nabawater.com.sa/app/branch/order/index?OrderSearch%5Bbranch_id%5D=&OrderSearch%5Border_number%5D=&OrderSearch%5Border_date_time%5D=2026-09-10&OrderSearch%5Border_total%5D=&OrderSearch%5Bdelivery_option%5D=&OrderSearch%5Border_status%5D=&OrderSearch%5Bpayment_option%5D=&OrderSearch%5Buser_id%5D=&OrderSearch%5Bdeliveryboy_id%5D=&OrderSearch%5Bis_subscription_order_type%5D=" "Mozilla/5.0 (X11; Linux x86_64) AppleWebKit/537.36 (KHTML, like Gecko) Chrome/152.0.0.0 Safari/537.36"
5.163.42.249 - - [10/Sep/2026:05:56:14 +0000] "GET /app/branch/order/index?OrderSearch%5Bbranch_id%5D=&OrderSearch%5Border_number%5D=&OrderSearch%5Border_date_time%5D=2026-09-10&OrderSearch%5Border_total%5D=&OrderSearch%5Bdelivery_option%5D=&OrderSearch%5Border_status%5D=&OrderSearch%5Bpayment_option%5D=&OrderSearch%5Buser_id%5D=&OrderSearch%5Bdeliveryboy_id%5D=&OrderSearch%5Bis_subscription_order_type%5D=&_pjax=%23pjax-grid-view HTTP/1.1" 200 1389 "https://nabawater.com.sa/app/branch/order/index?OrderSearch%5Bbranch_id%5D=&OrderSearch%5Border_number%5D=&OrderSearch%5Border_date_time%5D=2026-09-10&OrderSearch%5Border_total%5D=&OrderSearch%5Bdelivery_option%5D=&OrderSearch%5Border_status%5D=&OrderSearch%5Bpayment_option%5D=&OrderSearch%5Buser_id%5D=&OrderSearch%5Bdeliveryboy_id%5D=&OrderSearch%5Bis_subscription_order_type%5D=" "Mozilla/5.0 (X11; Linux x86_64) AppleWebKit/537.36 (KHTML, like Gecko) Chrome/152.0.0.0 Safari/537.36"
5.163.42.249 - - [10/Sep/2026:05:56:33 +0000] "GET /app/branch/order/index?OrderSearch%5Bbranch_id%5D=&OrderSearch%5Border_number%5D=&OrderSearch%5Border_date_time%5D=2026-09-10&OrderSearch%5Border_total%5D=&OrderSearch%5Bdelivery_option%5D=&OrderSearch%5Border_status%5D=&OrderSearch%5Bpayment_option%5D=&OrderSearch%5Buser_id%5D=&OrderSearch%5Bdeliveryboy_id%5D=&OrderSearch%5Bis_subscription_order_type%5D=&_pjax=%23pjax-grid-view HTTP/1.1" 200 1389 "https://nabawater.com.sa/app/branch/order/index?OrderSearch%5Bbranch_id%5D=&OrderSearch%5Border_number%5D=&OrderSearch%5Border_date_time%5D=2026-09-10&OrderSearch%5Border_total%5D=&OrderSearch%5Bdelivery_option%5D=&OrderSearch%5Border_status%5D=&OrderSearch%5Bpayment_option%5D=&OrderSearch%5Buser_id%5D=&OrderSearch%5Bdeliveryboy_id%5D=&OrderSearch%5Bis_subscription_order_type%5D=" "Mozilla/5.0 (X11; Linux x86_64) AppleWebKit/537.36 (KHTML, like Gecko) Chrome/152.0.0.0 Safari/537.36"
176.16.131.69 - - [10/Sep/2026:05:56:39 +0000] "GET /api/v1/mobile-translation HTTP/1.1" 200 38586 "-" "Naba Water/4.0 (com.NabawaterCustomer; build:10; iOS 26.5.2) Alamofire/4.9.1"
5.163.42.249 - - [10/Sep/2026:05:56:53 +0000] "GET /app/branch/order/index?OrderSearch%5Bbranch_id%5D=&OrderSearch%5Border_number%5D=&OrderSearch%5Border_date_time%5D=2026-09-10&OrderSearch%5Border_total%5D=&OrderSearch%5Bdelivery_option%5D=&OrderSearch%5Border_status%5D=&OrderSearch%5Bpayment_option%5D=&OrderSearch%5Buser_id%5D=&OrderSearch%5Bdeliveryboy_id%5D=&OrderSearch%5Bis_subscription_order_type%5D=&_pjax=%23pjax-grid-view HTTP/1.1" 200 1389 "https://nabawater.com.sa/app/branch/order/index?OrderSearch%5Bbranch_id%5D=&OrderSearch%5Border_number%5D=&OrderSearch%5Border_date_time%5D=2026-09-10&OrderSearch%5Border_total%5D=&OrderSearch%5Bdelivery_option%5D=&OrderSearch%5Border_status%5D=&OrderSearch%5Bpayment_option%5D=&OrderSearch%5Buser_id%5D=&OrderSearch%5Bdeliveryboy_id%5D=&OrderSearch%5Bis_subscription_order_type%5D=" "Mozilla/5.0 (X11; Linux x86_64) AppleWebKit/537.36 (KHTML, like Gecko) Chrome/152.0.0.0 Safari/537.36"
5.163.42.249 - - [10/Sep/2026:05:57:13 +0000] "GET /app/branch/order/index?OrderSearch%5Bbranch_id%5D=&OrderSearch%5Border_number%5D=&OrderSearch%5Border_date_time%5D=2026-09-10&OrderSearch%5Border_total%5D=&OrderSearch%5Bdelivery_option%5D=&OrderSearch%5Border_status%5D=&OrderSearch%5Bpayment_option%5D=&OrderSearch%5Buser_id%5D=&OrderSearch%5Bdeliveryboy_id%5D=&OrderSearch%5Bis_subscription_order_type%5D=&_pjax=%23pjax-grid-view HTTP/1.1" 200 1389 "https://nabawater.com.sa/app/branch/order/index?OrderSearch%5Bbranch_id%5D=&OrderSearch%5Border_number%5D=&OrderSearch%5Border_date_time%5D=2026-09-10&OrderSearch%5Border_total%5D=&OrderSearch%5Bdelivery_option%5D=&OrderSearch%5Border_status%5D=&OrderSearch%5Bpayment_option%5D=&OrderSearch%5Buser_id%5D=&OrderSearch%5Bdeliveryboy_id%5D=&OrderSearch%5Bis_subscription_order_type%5D=" "Mozilla/5.0 (X11; Linux x86_64) AppleWebKit/537.36 (KHTML, like Gecko) Chrome/152.0.0.0 Safari/537.36"
5.163.42.249 - - [10/Sep/2026:05:57:33 +0000] "GET /app/branch/order/index?OrderSearch%5Bbranch_id%5D=&OrderSearch%5Border_number%5D=&OrderSearch%5Border_date_time%5D=2026-09-10&OrderSearch%5Border_total%5D=&OrderSearch%5Bdelivery_option%5D=&OrderSearch%5Border_status%5D=&OrderSearch%5Bpayment_option%5D=&OrderSearch%5Buser_id%5D=&OrderSearch%5Bdeliveryboy_id%5D=&OrderSearch%5Bis_subscription_order_type%5D=&_pjax=%23pjax-grid-view HTTP/1.1" 200 1389 "https://nabawater.com.sa/app/branch/order/index?OrderSearch%5Bbranch_id%5D=&OrderSearch%5Border_number%5D=&OrderSearch%5Border_date_time%5D=2026-09-10&OrderSearch%5Border_total%5D=&OrderSearch%5Bdelivery_option%5D=&OrderSearch%5Border_status%5D=&OrderSearch%5Bpayment_option%5D=&OrderSearch%5Buser_id%5D=&OrderSearch%5Bdeliveryboy_id%5D=&OrderSearch%5Bis_subscription_order_type%5D=" "Mozilla/5.0 (X11; Linux x86_64) AppleWebKit/537.36 (KHTML, like Gecko) Chrome/152.0.0.0 Safari/537.36"
209.145.63.213 - - [10/Sep/2026:05:57:44 +0000] "GET /manager/fckeditor/editor/filemanager/browser/default/browser.html HTTP/1.1" 404 13345 "-" "Mozilla/5.0 (Linux; Android 6.0.1; Nexus 5X Build/MMB29P) AppleWebKit/537.36 (KHTML, like Gecko) Chrome/124.0.6367.201 Mobile Safari/537.36 (compatible; Googlebot/2.1; +http://www.google.com/bot.html)"
209.145.63.213 - - [10/Sep/2026:05:57:45 +0000] "GET /manager/fckeditor/editor/filemanager/browser/default/browser.html HTTP/1.1" 404 13340 "-" "Mozilla/5.0 (Linux; Android 6.0.1; Nexus 5X Build/MMB29P) AppleWebKit/537.36 (KHTML, like Gecko) Chrome/124.0.6367.201 Mobile Safari/537.36 (compatible; Googlebot/2.1; +http://www.google.com/bot.html)"
209.145.63.213 - - [10/Sep/2026:05:57:46 +0000] "GET /manager/fckeditor/editor/filemanager/browser/default/browser.html HTTP/1.1" 404 13342 "-" "Mozilla/5.0 (Linux; Android 6.0.1; Nexus 5X Build/MMB29P) AppleWebKit/537.36 (KHTML, like Gecko) Chrome/124.0.6367.201 Mobile Safari/537.36 (compatible; Googlebot/2.1; +http://www.google.com/bot.html)"
87.101.181.226 - - [10/Sep/2026:05:57:48 +0000] "POST /AutoDiscover/autodiscover.xml HTTP/1.1" 404 13317 "-" "Microsoft Office/16.0 (Windows NT 10.0; Microsoft Excel 16.0.20228; Pro)"
5.163.42.249 - - [10/Sep/2026:05:57:54 +0000] "GET /app/branch/order/index?OrderSearch%5Bbranch_id%5D=&OrderSearch%5Border_number%5D=&OrderSearch%5Border_date_time%5D=2026-09-10&OrderSearch%5Border_total%5D=&OrderSearch%5Bdelivery_option%5D=&OrderSearch%5Border_status%5D=&OrderSearch%5Bpayment_option%5D=&OrderSearch%5Buser_id%5D=&OrderSearch%5Bdeliveryboy_id%5D=&OrderSearch%5Bis_subscription_order_type%5D=&_pjax=%23pjax-grid-view HTTP/1.1" 200 1389 "https://nabawater.com.sa/app/branch/order/index?OrderSearch%5Bbranch_id%5D=&OrderSearch%5Border_number%5D=&OrderSearch%5Border_date_time%5D=2026-09-10&OrderSearch%5Border_total%5D=&OrderSearch%5Bdelivery_option%5D=&OrderSearch%5Border_status%5D=&OrderSearch%5Bpayment_option%5D=&OrderSearch%5Buser_id%5D=&OrderSearch%5Bdeliveryboy_id%5D=&OrderSearch%5Bis_subscription_order_type%5D=" "Mozilla/5.0 (X11; Linux x86_64) AppleWebKit/537.36 (KHTML, like Gecko) Chrome/152.0.0.0 Safari/537.36"
209.145.63.213 - - [10/Sep/2026:05:58:11 +0000] "GET /static/fckeditor/editor/filemanager/browser/default/browser.html HTTP/1.1" 404 13345 "-" "Mozilla/5.0 (Linux; Android 6.0.1; Nexus 5X Build/MMB29P) AppleWebKit/537.36 (KHTML, like Gecko) Chrome/124.0.6367.201 Mobile Safari/537.36 (compatible; Googlebot/2.1; +http://www.google.com/bot.html)"
209.145.63.213 - - [10/Sep/2026:05:58:12 +0000] "GET /static/fckeditor/editor/filemanager/browser/default/browser.html HTTP/1.1" 404 13347 "-" "Mozilla/5.0 (Linux; Android 6.0.1; Nexus 5X Build/MMB29P) AppleWebKit/537.36 (KHTML, like Gecko) Chrome/124.0.6367.201 Mobile Safari/537.36 (compatible; Googlebot/2.1; +http://www.google.com/bot.html)"
5.163.42.249 - - [10/Sep/2026:05:58:13 +0000] "GET /app/branch/order/index?OrderSearch%5Bbranch_id%5D=&OrderSearch%5Border_number%5D=&OrderSearch%5Border_date_time%5D=2026-09-10&OrderSearch%5Border_total%5D=&OrderSearch%5Bdelivery_option%5D=&OrderSearch%5Border_status%5D=&OrderSearch%5Bpayment_option%5D=&OrderSearch%5Buser_id%5D=&OrderSearch%5Bdeliveryboy_id%5D=&OrderSearch%5Bis_subscription_order_type%5D=&_pjax=%23pjax-grid-view HTTP/1.1" 200 1389 "https://nabawater.com.sa/app/branch/order/index?OrderSearch%5Bbranch_id%5D=&OrderSearch%5Border_number%5D=&OrderSearch%5Border_date_time%5D=2026-09-10&OrderSearch%5Border_total%5D=&OrderSearch%5Bdelivery_option%5D=&OrderSearch%5Border_status%5D=&OrderSearch%5Bpayment_option%5D=&OrderSearch%5Buser_id%5D=&OrderSearch%5Bdeliveryboy_id%5D=&OrderSearch%5Bis_subscription_order_type%5D=" "Mozilla/5.0 (X11; Linux x86_64) AppleWebKit/537.36 (KHTML, like Gecko) Chrome/152.0.0.0 Safari/537.36"
209.145.63.213 - - [10/Sep/2026:05:58:14 +0000] "GET /static/fckeditor/editor/filemanager/browser/default/browser.html HTTP/1.1" 404 13340 "-" "Mozilla/5.0 (Linux; Android 6.0.1; Nexus 5X Build/MMB29P) AppleWebKit/537.36 (KHTML, like Gecko) Chrome/124.0.6367.201 Mobile Safari/537.36 (compatible; Googlebot/2.1; +http://www.google.com/bot.html)"
5.163.42.249 - - [10/Sep/2026:05:58:33 +0000] "GET /app/branch/order/index?OrderSearch%5Bbranch_id%5D=&OrderSearch%5Border_number%5D=&OrderSearch%5Border_date_time%5D=2026-09-10&OrderSearch%5Border_total%5D=&OrderSearch%5Bdelivery_option%5D=&OrderSearch%5Border_status%5D=&OrderSearch%5Bpayment_option%5D=&OrderSearch%5Buser_id%5D=&OrderSearch%5Bdeliveryboy_id%5D=&OrderSearch%5Bis_subscription_order_type%5D=&_pjax=%23pjax-grid-view HTTP/1.1" 200 1389 "https://nabawater.com.sa/app/branch/order/index?OrderSearch%5Bbranch_id%5D=&OrderSearch%5Border_number%5D=&OrderSearch%5Border_date_time%5D=2026-09-10&OrderSearch%5Border_total%5D=&OrderSearch%5Bdelivery_option%5D=&OrderSearch%5Border_status%5D=&OrderSearch%5Bpayment_option%5D=&OrderSearch%5Buser_id%5D=&OrderSearch%5Bdeliveryboy_id%5D=&OrderSearch%5Bis_subscription_order_type%5D=" "Mozilla/5.0 (X11; Linux x86_64) AppleWebKit/537.36 (KHTML, like Gecko) Chrome/152.0.0.0 Safari/537.36"
209.145.63.213 - - [10/Sep/2026:05:58:39 +0000] "GET /fckeditor/editor/filemanager/browser/default/browser.html HTTP/1.1" 404 13335 "-" "Mozilla/5.0 (Linux; Android 6.0.1; Nexus 5X Build/MMB29P) AppleWebKit/537.36 (KHTML, like Gecko) Chrome/124.0.6367.201 Mobile Safari/537.36 (compatible; Googlebot/2.1; +http://www.google.com/bot.html)"
209.145.63.213 - - [10/Sep/2026:05:58:40 +0000] "GET /fckeditor/editor/filemanager/browser/default/browser.html HTTP/1.1" 404 13335 "-" "Mozilla/5.0 (Linux; Android 6.0.1; Nexus 5X Build/MMB29P) AppleWebKit/537.36 (KHTML, like Gecko) Chrome/124.0.6367.201 Mobile Safari/537.36 (compatible; Googlebot/2.1; +http://www.google.com/bot.html)"
209.145.63.213 - - [10/Sep/2026:05:58:41 +0000] "GET /fckeditor/editor/filemanager/browser/default/browser.html HTTP/1.1" 404 13333 "-" "Mozilla/5.0 (Linux; Android 6.0.1; Nexus 5X Build/MMB29P) AppleWebKit/537.36 (KHTML, like Gecko) Chrome/124.0.6367.201 Mobile Safari/537.36 (compatible; Googlebot/2.1; +http://www.google.com/bot.html)"
209.145.63.213 - - [10/Sep/2026:05:58:47 +0000] "GET /admin/fckeditor/editor/filemanager/browser/default/browser.html HTTP/1.1" 404 1891 "-" "Mozilla/5.0 (Linux; Android 6.0.1; Nexus 5X Build/MMB29P) AppleWebKit/537.36 (KHTML, like Gecko) Chrome/124.0.6367.201 Mobile Safari/537.36 (compatible; Googlebot/2.1; +http://www.google.com/bot.html)"
209.145.63.213 - - [10/Sep/2026:05:58:48 +0000] "GET /admin/fckeditor/editor/filemanager/browser/default/browser.html HTTP/1.1" 404 1885 "-" "Mozilla/5.0 (Linux; Android 6.0.1; Nexus 5X Build/MMB29P) AppleWebKit/537.36 (KHTML, like Gecko) Chrome/124.0.6367.201 Mobile Safari/537.36 (compatible; Googlebot/2.1; +http://www.google.com/bot.html)"
209.145.63.213 - - [10/Sep/2026:05:58:49 +0000] "GET /admin/fckeditor/editor/filemanager/browser/default/browser.html HTTP/1.1" 404 1889 "-" "Mozilla/5.0 (Linux; Android 6.0.1; Nexus 5X Build/MMB29P) AppleWebKit/537.36 (KHTML, like Gecko) Chrome/124.0.6367.201 Mobile Safari/537.36 (compatible; Googlebot/2.1; +http://www.google.com/bot.html)"
5.163.42.249 - - [10/Sep/2026:05:58:53 +0000] "GET /app/branch/order/index?OrderSearch%5Bbranch_id%5D=&OrderSearch%5Border_number%5D=&OrderSearch%5Border_date_time%5D=2026-09-10&OrderSearch%5Border_total%5D=&OrderSearch%5Bdelivery_option%5D=&OrderSearch%5Border_status%5D=&OrderSearch%5Bpayment_option%5D=&OrderSearch%5Buser_id%5D=&OrderSearch%5Bdeliveryboy_id%5D=&OrderSearch%5Bis_subscription_order_type%5D=&_pjax=%23pjax-grid-view HTTP/1.1" 200 1389 "https://nabawater.com.sa/app/branch/order/index?OrderSearch%5Bbranch_id%5D=&OrderSearch%5Border_number%5D=&OrderSearch%5Border_date_time%5D=2026-09-10&OrderSearch%5Border_total%5D=&OrderSearch%5Bdelivery_option%5D=&OrderSearch%5Border_status%5D=&OrderSearch%5Bpayment_option%5D=&OrderSearch%5Buser_id%5D=&OrderSearch%5Bdeliveryboy_id%5D=&OrderSearch%5Bis_subscription_order_type%5D=" "Mozilla/5.0 (X11; Linux x86_64) AppleWebKit/537.36 (KHTML, like Gecko) Chrome/152.0.0.0 Safari/537.36"
209.145.63.213 - - [10/Sep/2026:05:58:56 +0000] "GET /editor/filemanager/browser/default/browser.html HTTP/1.1" 404 13332 "-" "Mozilla/5.0 (Linux; Android 6.0.1; Nexus 5X Build/MMB29P) AppleWebKit/537.36 (KHTML, like Gecko) Chrome/124.0.6367.201 Mobile Safari/537.36 (compatible; Googlebot/2.1; +http://www.google.com/bot.html)"
209.145.63.213 - - [10/Sep/2026:05:58:57 +0000] "GET /editor/filemanager/browser/default/browser.html HTTP/1.1" 404 13335 "-" "Mozilla/5.0 (Linux; Android 6.0.1; Nexus 5X Build/MMB29P) AppleWebKit/537.36 (KHTML, like Gecko) Chrome/124.0.6367.201 Mobile Safari/537.36 (compatible; Googlebot/2.1; +http://www.google.com/bot.html)"
209.145.63.213 - - [10/Sep/2026:05:58:58 +0000] "GET /editor/filemanager/browser/default/browser.html HTTP/1.1" 404 13333 "-" "Mozilla/5.0 (Linux; Android 6.0.1; Nexus 5X Build/MMB29P) AppleWebKit/537.36 (KHTML, like Gecko) Chrome/124.0.6367.201 Mobile Safari/537.36 (compatible; Googlebot/2.1; +http://www.google.com/bot.html)"
209.145.63.213 - - [10/Sep/2026:05:59:07 +0000] "GET /login/editor/filemanager/browser/default/browser.html HTTP/1.1" 404 13336 "-" "Mozilla/5.0 (Linux; Android 6.0.1; Nexus 5X Build/MMB29P) AppleWebKit/537.36 (KHTML, like Gecko) Chrome/124.0.6367.201 Mobile Safari/537.36 (compatible; Googlebot/2.1; +http://www.google.com/bot.html)"
209.145.63.213 - - [10/Sep/2026:05:59:08 +0000] "GET /login/editor/filemanager/browser/default/browser.html HTTP/1.1" 404 13335 "-" "Mozilla/5.0 (Linux; Android 6.0.1; Nexus 5X Build/MMB29P) AppleWebKit/537.36 (KHTML, like Gecko) Chrome/124.0.6367.201 Mobile Safari/537.36 (compatible; Googlebot/2.1; +http://www.google.com/bot.html)"
209.145.63.213 - - [10/Sep/2026:05:59:10 +0000] "GET /login/editor/filemanager/browser/default/browser.html HTTP/1.1" 404 13335 "-" "Mozilla/5.0 (Linux; Android 6.0.1; Nexus 5X Build/MMB29P) AppleWebKit/537.36 (KHTML, like Gecko) Chrome/124.0.6367.201 Mobile Safari/537.36 (compatible; Googlebot/2.1; +http://www.google.com/bot.html)"
5.163.42.249 - - [10/Sep/2026:05:59:13 +0000] "GET /app/branch/order/index?OrderSearch%5Bbranch_id%5D=&OrderSearch%5Border_number%5D=&OrderSearch%5Border_date_time%5D=2026-09-10&OrderSearch%5Border_total%5D=&OrderSearch%5Bdelivery_option%5D=&OrderSearch%5Border_status%5D=&OrderSearch%5Bpayment_option%5D=&OrderSearch%5Buser_id%5D=&OrderSearch%5Bdeliveryboy_id%5D=&OrderSearch%5Bis_subscription_order_type%5D=&_pjax=%23pjax-grid-view HTTP/1.1" 200 1389 "https://nabawater.com.sa/app/branch/order/index?OrderSearch%5Bbranch_id%5D=&OrderSearch%5Border_number%5D=&OrderSearch%5Border_date_time%5D=2026-09-10&OrderSearch%5Border_total%5D=&OrderSearch%5Bdelivery_option%5D=&OrderSearch%5Border_status%5D=&OrderSearch%5Bpayment_option%5D=&OrderSearch%5Buser_id%5D=&OrderSearch%5Bdeliveryboy_id%5D=&OrderSearch%5Bis_subscription_order_type%5D=" "Mozilla/5.0 (X11; Linux x86_64) AppleWebKit/537.36 (KHTML, like Gecko) Chrome/152.0.0.0 Safari/537.36"
5.163.42.249 - - [10/Sep/2026:05:59:34 +0000] "GET /app/branch/order/index?OrderSearch%5Bbranch_id%5D=&OrderSearch%5Border_number%5D=&OrderSearch%5Border_date_time%5D=2026-09-10&OrderSearch%5Border_total%5D=&OrderSearch%5Bdelivery_option%5D=&OrderSearch%5Border_status%5D=&OrderSearch%5Bpayment_option%5D=&OrderSearch%5Buser_id%5D=&OrderSearch%5Bdeliveryboy_id%5D=&OrderSearch%5Bis_subscription_order_type%5D=&_pjax=%23pjax-grid-view HTTP/1.1" 200 1389 "https://nabawater.com.sa/app/branch/order/index?OrderSearch%5Bbranch_id%5D=&OrderSearch%5Border_number%5D=&OrderSearch%5Border_date_time%5D=2026-09-10&OrderSearch%5Border_total%5D=&OrderSearch%5Bdelivery_option%5D=&OrderSearch%5Border_status%5D=&OrderSearch%5Bpayment_option%5D=&OrderSearch%5Buser_id%5D=&OrderSearch%5Bdeliveryboy_id%5D=&OrderSearch%5Bis_subscription_order_type%5D=" "Mozilla/5.0 (X11; Linux x86_64) AppleWebKit/537.36 (KHTML, like Gecko) Chrome/152.0.0.0 Safari/537.36"
209.145.63.213 - - [10/Sep/2026:05:59:34 +0000] "GET /FCKeditor/editor/filemanager/browser/default/browser.html HTTP/1.1" 404 13333 "-" "Mozilla/5.0 (Linux; Android 6.0.1; Nexus 5X Build/MMB29P) AppleWebKit/537.36 (KHTML, like Gecko) Chrome/124.0.6367.201 Mobile Safari/537.36 (compatible; Googlebot/2.1; +http://www.google.com/bot.html)"
209.145.63.213 - - [10/Sep/2026:05:59:35 +0000] "GET /FCKeditor/editor/filemanager/browser/default/browser.html HTTP/1.1" 404 13337 "-" "Mozilla/5.0 (Linux; Android 6.0.1; Nexus 5X Build/MMB29P) AppleWebKit/537.36 (KHTML, like Gecko) Chrome/124.0.6367.201 Mobile Safari/537.36 (compatible; Googlebot/2.1; +http://www.google.com/bot.html)"
209.145.63.213 - - [10/Sep/2026:05:59:37 +0000] "GET /FCKeditor/editor/filemanager/browser/default/browser.html HTTP/1.1" 404 13336 "-" "Mozilla/5.0 (Linux; Android 6.0.1; Nexus 5X Build/MMB29P) AppleWebKit/537.36 (KHTML, like Gecko) Chrome/124.0.6367.201 Mobile Safari/537.36 (compatible; Googlebot/2.1; +http://www.google.com/bot.html)"
209.145.63.213 - - [10/Sep/2026:05:59:46 +0000] "GET /public/fckeditor/editor/filemanager/browser/default/browser.html HTTP/1.1" 404 13342 "-" "Mozilla/5.0 (Linux; Android 6.0.1; Nexus 5X Build/MMB29P) AppleWebKit/537.36 (KHTML, like Gecko) Chrome/124.0.6367.201 Mobile Safari/537.36 (compatible; Googlebot/2.1; +http://www.google.com/bot.html)"
209.145.63.213 - - [10/Sep/2026:05:59:47 +0000] "GET /public/fckeditor/editor/filemanager/browser/default/browser.html HTTP/1.1" 404 13345 "-" "Mozilla/5.0 (Linux; Android 6.0.1; Nexus 5X Build/MMB29P) AppleWebKit/537.36 (KHTML, like Gecko) Chrome/124.0.6367.201 Mobile Safari/537.36 (compatible; Googlebot/2.1; +http://www.google.com/bot.html)"
209.145.63.213 - - [10/Sep/2026:05:59:48 +0000] "GET /public/fckeditor/editor/filemanager/browser/default/browser.html HTTP/1.1" 404 13348 "-" "Mozilla/5.0 (Linux; Android 6.0.1; Nexus 5X Build/MMB29P) AppleWebKit/537.36 (KHTML, like Gecko) Chrome/124.0.6367.201 Mobile Safari/537.36 (compatible; Googlebot/2.1; +http://www.google.com/bot.html)"
5.163.42.249 - - [10/Sep/2026:05:59:54 +0000] "GET /app/branch/order/index?OrderSearch%5Bbranch_id%5D=&OrderSearch%5Border_number%5D=&OrderSearch%5Border_date_time%5D=2026-09-10&OrderSearch%5Border_total%5D=&OrderSearch%5Bdelivery_option%5D=&OrderSearch%5Border_status%5D=&OrderSearch%5Bpayment_option%5D=&OrderSearch%5Buser_id%5D=&OrderSearch%5Bdeliveryboy_id%5D=&OrderSearch%5Bis_subscription_order_type%5D=&_pjax=%23pjax-grid-view HTTP/1.1" 200 1389 "https://nabawater.com.sa/app/branch/order/index?OrderSearch%5Bbranch_id%5D=&OrderSearch%5Border_number%5D=&OrderSearch%5Border_date_time%5D=2026-09-10&OrderSearch%5Border_total%5D=&OrderSearch%5Bdelivery_option%5D=&OrderSearch%5Border_status%5D=&OrderSearch%5Bpayment_option%5D=&OrderSearch%5Buser_id%5D=&OrderSearch%5Bdeliveryboy_id%5D=&OrderSearch%5Bis_subscription_order_type%5D=" "Mozilla/5.0 (X11; Linux x86_64) AppleWebKit/537.36 (KHTML, like Gecko) Chrome/152.0.0.0 Safari/537.36"
209.145.63.213 - - [10/Sep/2026:05:59:59 +0000] "GET /admin/editor/filemanager/browser/default/browser.html HTTP/1.1" 404 1891 "-" "Mozilla/5.0 (Linux; Android 6.0.1; Nexus 5X Build/MMB29P) AppleWebKit/537.36 (KHTML, like Gecko) Chrome/124.0.6367.201 Mobile Safari/537.36 (compatible; Googlebot/2.1; +http://www.google.com/bot.html)"
