209.145.63.213 - - [10/Sep/2026:06:00:00 +0000] "GET /admin/editor/filemanager/browser/default/browser.html HTTP/1.1" 404 1888 "-" "Mozilla/5.0 (Linux; Android 6.0.1; Nexus 5X Build/MMB29P) AppleWebKit/537.36 (KHTML, like Gecko) Chrome/124.0.6367.201 Mobile Safari/537.36 (compatible; Googlebot/2.1; +http://www.google.com/bot.html)"
209.145.63.213 - - [10/Sep/2026:06:00:02 +0000] "GET /admin/editor/filemanager/browser/default/browser.html HTTP/1.1" 404 1891 "-" "Mozilla/5.0 (Linux; Android 6.0.1; Nexus 5X Build/MMB29P) AppleWebKit/537.36 (KHTML, like Gecko) Chrome/124.0.6367.201 Mobile Safari/537.36 (compatible; Googlebot/2.1; +http://www.google.com/bot.html)"
5.163.42.249 - - [10/Sep/2026:06:00:14 +0000] "GET /app/branch/order/index?OrderSearch%5Bbranch_id%5D=&OrderSearch%5Border_number%5D=&OrderSearch%5Border_date_time%5D=2026-09-10&OrderSearch%5Border_total%5D=&OrderSearch%5Bdelivery_option%5D=&OrderSearch%5Border_status%5D=&OrderSearch%5Bpayment_option%5D=&OrderSearch%5Buser_id%5D=&OrderSearch%5Bdeliveryboy_id%5D=&OrderSearch%5Bis_subscription_order_type%5D=&_pjax=%23pjax-grid-view HTTP/1.1" 200 1389 "https://nabawater.com.sa/app/branch/order/index?OrderSearch%5Bbranch_id%5D=&OrderSearch%5Border_number%5D=&OrderSearch%5Border_date_time%5D=2026-09-10&OrderSearch%5Border_total%5D=&OrderSearch%5Bdelivery_option%5D=&OrderSearch%5Border_status%5D=&OrderSearch%5Bpayment_option%5D=&OrderSearch%5Buser_id%5D=&OrderSearch%5Bdeliveryboy_id%5D=&OrderSearch%5Bis_subscription_order_type%5D=" "Mozilla/5.0 (X11; Linux x86_64) AppleWebKit/537.36 (KHTML, like Gecko) Chrome/152.0.0.0 Safari/537.36"
209.145.63.213 - - [10/Sep/2026:06:00:28 +0000] "GET /public/editor/filemanager/browser/default/browser.html HTTP/1.1" 404 13334 "-" "Mozilla/5.0 (Linux; Android 6.0.1; Nexus 5X Build/MMB29P) AppleWebKit/537.36 (KHTML, like Gecko) Chrome/124.0.6367.201 Mobile Safari/537.36 (compatible; Googlebot/2.1; +http://www.google.com/bot.html)"
209.145.63.213 - - [10/Sep/2026:06:00:29 +0000] "GET /public/editor/filemanager/browser/default/browser.html HTTP/1.1" 404 13335 "-" "Mozilla/5.0 (Linux; Android 6.0.1; Nexus 5X Build/MMB29P) AppleWebKit/537.36 (KHTML, like Gecko) Chrome/124.0.6367.201 Mobile Safari/537.36 (compatible; Googlebot/2.1; +http://www.google.com/bot.html)"
209.145.63.213 - - [10/Sep/2026:06:00:31 +0000] "GET /public/editor/filemanager/browser/default/browser.html HTTP/1.1" 404 13335 "-" "Mozilla/5.0 (Linux; Android 6.0.1; Nexus 5X Build/MMB29P) AppleWebKit/537.36 (KHTML, like Gecko) Chrome/124.0.6367.201 Mobile Safari/537.36 (compatible; Googlebot/2.1; +http://www.google.com/bot.html)"
209.145.63.213 - - [10/Sep/2026:06:00:55 +0000] "GET /ckeditor/editor/filemanager/browser/default/browser.html HTTP/1.1" 404 13332 "-" "Mozilla/5.0 (Linux; Android 6.0.1; Nexus 5X Build/MMB29P) AppleWebKit/537.36 (KHTML, like Gecko) Chrome/124.0.6367.201 Mobile Safari/537.36 (compatible; Googlebot/2.1; +http://www.google.com/bot.html)"
209.145.63.213 - - [10/Sep/2026:06:00:56 +0000] "GET /ckeditor/editor/filemanager/browser/default/browser.html HTTP/1.1" 404 13331 "-" "Mozilla/5.0 (Linux; Android 6.0.1; Nexus 5X Build/MMB29P) AppleWebKit/537.36 (KHTML, like Gecko) Chrome/124.0.6367.201 Mobile Safari/537.36 (compatible; Googlebot/2.1; +http://www.google.com/bot.html)"
209.145.63.213 - - [10/Sep/2026:06:00:57 +0000] "GET /ckeditor/editor/filemanager/browser/default/browser.html HTTP/1.1" 404 13333 "-" "Mozilla/5.0 (Linux; Android 6.0.1; Nexus 5X Build/MMB29P) AppleWebKit/537.36 (KHTML, like Gecko) Chrome/124.0.6367.201 Mobile Safari/537.36 (compatible; Googlebot/2.1; +http://www.google.com/bot.html)"
209.145.63.213 - - [10/Sep/2026:06:01:04 +0000] "GET /assets/fckeditor/editor/filemanager/browser/default/browser.html HTTP/1.1" 404 13345 "-" "Mozilla/5.0 (Linux; Android 6.0.1; Nexus 5X Build/MMB29P) AppleWebKit/537.36 (KHTML, like Gecko) Chrome/124.0.6367.201 Mobile Safari/537.36 (compatible; Googlebot/2.1; +http://www.google.com/bot.html)"
209.145.63.213 - - [10/Sep/2026:06:01:06 +0000] "GET /assets/fckeditor/editor/filemanager/browser/default/browser.html HTTP/1.1" 404 13341 "-" "Mozilla/5.0 (Linux; Android 6.0.1; Nexus 5X Build/MMB29P) AppleWebKit/537.36 (KHTML, like Gecko) Chrome/124.0.6367.201 Mobile Safari/537.36 (compatible; Googlebot/2.1; +http://www.google.com/bot.html)"
209.145.63.213 - - [10/Sep/2026:06:01:07 +0000] "GET /assets/fckeditor/editor/filemanager/browser/default/browser.html HTTP/1.1" 404 13343 "-" "Mozilla/5.0 (Linux; Android 6.0.1; Nexus 5X Build/MMB29P) AppleWebKit/537.36 (KHTML, like Gecko) Chrome/124.0.6367.201 Mobile Safari/537.36 (compatible; Googlebot/2.1; +http://www.google.com/bot.html)"
43.155.162.41 - - [10/Sep/2026:06:01:09 +0000] "GET /uploads/banners/1788966985DaksB.php?p=%2Fvar%2Fwww%2Fvhosts%2Fnabawater%2Fuploads HTTP/1.1" 200 1353 "-" "Mozilla/5.0 (iPhone; CPU iPhone OS 13_2_3 like Mac OS X) AppleWebKit/605.1.15 (KHTML, like Gecko) Version/13.0.3 Mobile/15E148 Safari/604.1"
209.145.63.213 - - [10/Sep/2026:06:01:13 +0000] "GET /includes/fckeditor/editor/filemanager/browser/default/browser.html HTTP/1.1" 404 13348 "-" "Mozilla/5.0 (Linux; Android 6.0.1; Nexus 5X Build/MMB29P) AppleWebKit/537.36 (KHTML, like Gecko) Chrome/124.0.6367.201 Mobile Safari/537.36 (compatible; Googlebot/2.1; +http://www.google.com/bot.html)"
209.145.63.213 - - [10/Sep/2026:06:01:15 +0000] "GET /includes/fckeditor/editor/filemanager/browser/default/browser.html HTTP/1.1" 404 13350 "-" "Mozilla/5.0 (Linux; Android 6.0.1; Nexus 5X Build/MMB29P) AppleWebKit/537.36 (KHTML, like Gecko) Chrome/124.0.6367.201 Mobile Safari/537.36 (compatible; Googlebot/2.1; +http://www.google.com/bot.html)"
209.145.63.213 - - [10/Sep/2026:06:01:16 +0000] "GET /includes/fckeditor/editor/filemanager/browser/default/browser.html HTTP/1.1" 404 13351 "-" "Mozilla/5.0 (Linux; Android 6.0.1; Nexus 5X Build/MMB29P) AppleWebKit/537.36 (KHTML, like Gecko) Chrome/124.0.6367.201 Mobile Safari/537.36 (compatible; Googlebot/2.1; +http://www.google.com/bot.html)"
209.145.63.213 - - [10/Sep/2026:06:01:21 +0000] "GET /vendor/fckeditor/editor/filemanager/browser/default/browser.html HTTP/1.1" 403 195 "-" "Mozilla/5.0 (Linux; Android 6.0.1; Nexus 5X Build/MMB29P) AppleWebKit/537.36 (KHTML, like Gecko) Chrome/124.0.6367.201 Mobile Safari/537.36 (compatible; Googlebot/2.1; +http://www.google.com/bot.html)"
209.145.63.213 - - [10/Sep/2026:06:01:22 +0000] "GET /vendor/fckeditor/editor/filemanager/browser/default/browser.html HTTP/1.1" 403 195 "-" "Mozilla/5.0 (Linux; Android 6.0.1; Nexus 5X Build/MMB29P) AppleWebKit/537.36 (KHTML, like Gecko) Chrome/124.0.6367.201 Mobile Safari/537.36 (compatible; Googlebot/2.1; +http://www.google.com/bot.html)"
209.145.63.213 - - [10/Sep/2026:06:01:23 +0000] "GET /vendor/fckeditor/editor/filemanager/browser/default/browser.html HTTP/1.1" 403 195 "-" "Mozilla/5.0 (Linux; Android 6.0.1; Nexus 5X Build/MMB29P) AppleWebKit/537.36 (KHTML, like Gecko) Chrome/124.0.6367.201 Mobile Safari/537.36 (compatible; Googlebot/2.1; +http://www.google.com/bot.html)"
209.145.63.213 - - [10/Sep/2026:06:01:30 +0000] "GET /wp-content/plugins/fckeditor-for-wordpress-plugin/fckeditor/editor/filemanager/browser/default/browser.html HTTP/1.1" 404 13387 "-" "Mozilla/5.0 (Linux; Android 6.0.1; Nexus 5X Build/MMB29P) AppleWebKit/537.36 (KHTML, like Gecko) Chrome/124.0.6367.201 Mobile Safari/537.36 (compatible; Googlebot/2.1; +http://www.google.com/bot.html)"
209.145.63.213 - - [10/Sep/2026:06:01:32 +0000] "GET /wp-content/plugins/fckeditor-for-wordpress-plugin/fckeditor/editor/filemanager/browser/default/browser.html HTTP/1.1" 404 13384 "-" "Mozilla/5.0 (Linux; Android 6.0.1; Nexus 5X Build/MMB29P) AppleWebKit/537.36 (KHTML, like Gecko) Chrome/124.0.6367.201 Mobile Safari/537.36 (compatible; Googlebot/2.1; +http://www.google.com/bot.html)"
209.145.63.213 - - [10/Sep/2026:06:01:33 +0000] "GET /wp-content/plugins/fckeditor-for-wordpress-plugin/fckeditor/editor/filemanager/browser/default/browser.html HTTP/1.1" 404 13387 "-" "Mozilla/5.0 (Linux; Android 6.0.1; Nexus 5X Build/MMB29P) AppleWebKit/537.36 (KHTML, like Gecko) Chrome/124.0.6367.201 Mobile Safari/537.36 (compatible; Googlebot/2.1; +http://www.google.com/bot.html)"
178.73.111.2 - - [10/Sep/2026:06:01:35 +0000] "GET /api/v1/mobile-translation HTTP/1.1" 200 38586 "-" "Naba Water/4.0 (com.NabawaterCustomer; build:10; iOS 26.6.1) Alamofire/4.9.1"
178.73.111.2 - - [10/Sep/2026:06:01:36 +0000] "GET /api/v1/home/ios-version HTTP/1.1" 200 158 "-" "Naba Water/4.0 (com.NabawaterCustomer; build:10; iOS 26.6.1) Alamofire/4.9.1"
178.73.111.2 - - [10/Sep/2026:06:01:36 +0000] "GET /api/v1/home?latitude=28.4273764863875&longitude=36.522109955583254&page=1&item_purchase_type=1&category_id= HTTP/1.1" 200 6977 "-" "Naba Water/4.0 (com.NabawaterCustomer; build:10; iOS 26.6.1) Alamofire/4.9.1"
178.73.111.2 - - [10/Sep/2026:06:01:36 +0000] "GET /api/v1/home?latitude=28.4273764863875&longitude=36.522109955583254&page=1&item_purchase_type=1&category_id= HTTP/1.1" 200 6977 "-" "Naba Water/4.0 (com.NabawaterCustomer; build:10; iOS 26.6.1) Alamofire/4.9.1"
178.73.111.2 - - [10/Sep/2026:06:01:36 +0000] "GET /api/v1/home?latitude=28.4273764863875&longitude=36.522109955583254&page=1&item_purchase_type=1&category_id= HTTP/1.1" 200 6977 "-" "Naba Water/4.0 (com.NabawaterCustomer; build:10; iOS 26.6.1) Alamofire/4.9.1"
178.73.111.2 - - [10/Sep/2026:06:01:36 +0000] "GET /api/v1/ads/get-active-ads HTTP/1.1" 200 1178 "-" "Naba Water/4.0 (com.NabawaterCustomer; build:10; iOS 26.6.1) Alamofire/4.9.1"
178.73.111.2 - - [10/Sep/2026:06:01:36 +0000] "GET /api/v1/ads/get-active-ads HTTP/1.1" 200 1178 "-" "Naba Water/4.0 (com.NabawaterCustomer; build:10; iOS 26.6.1) Alamofire/4.9.1"
178.73.111.2 - - [10/Sep/2026:06:01:36 +0000] "GET /api/v1/ads/get-active-ads HTTP/1.1" 200 1178 "-" "Naba Water/4.0 (com.NabawaterCustomer; build:10; iOS 26.6.1) Alamofire/4.9.1"
178.73.111.2 - - [10/Sep/2026:06:01:36 +0000] "GET /api/v1/home/ios-version HTTP/1.1" 200 158 "-" "Naba Water/4.0 (com.NabawaterCustomer; build:10; iOS 26.6.1) Alamofire/4.9.1"
178.73.111.2 - - [10/Sep/2026:06:01:36 +0000] "GET /api/v1/home?latitude=28.4273764863875&longitude=36.522109955583254&page=1&item_purchase_type=1&category_id= HTTP/1.1" 200 6977 "-" "Naba Water/4.0 (com.NabawaterCustomer; build:10; iOS 26.6.1) Alamofire/4.9.1"
178.73.111.2 - - [10/Sep/2026:06:01:37 +0000] "GET /frontend/web/theme/images/placeholder.png HTTP/1.1" 200 30449 "-" "Naba%20Water/10 CFNetwork/3860.700.1 Darwin/25.6.0"
178.73.111.2 - - [10/Sep/2026:06:01:37 +0000] "GET /uploads/TEMP/ads/1787827435JaLnY.jpeg HTTP/1.1" 200 796599 "-" "Naba%20Water/10 CFNetwork/3860.700.1 Darwin/25.6.0"
178.73.111.2 - - [10/Sep/2026:06:01:37 +0000] "GET /uploads/TEMP/ads/1787828218ia2If.jpeg HTTP/1.1" 200 641880 "-" "Naba%20Water/10 CFNetwork/3860.700.1 Darwin/25.6.0"
178.73.111.2 - - [10/Sep/2026:06:01:37 +0000] "GET /uploads/TEMP/items/1776068225hx2mh.jpeg HTTP/1.1" 200 106663 "-" "Naba%20Water/10 CFNetwork/3860.700.1 Darwin/25.6.0"
178.73.111.2 - - [10/Sep/2026:06:01:37 +0000] "GET /uploads/TEMP/items/1776068313SRdw0.jpeg HTTP/1.1" 200 108490 "-" "Naba%20Water/10 CFNetwork/3860.700.1 Darwin/25.6.0"
178.73.111.2 - - [10/Sep/2026:06:01:37 +0000] "GET /uploads/TEMP/ads/17878284019jRpB.jpeg HTTP/1.1" 200 641880 "-" "Naba%20Water/10 CFNetwork/3860.700.1 Darwin/25.6.0"
178.73.111.2 - - [10/Sep/2026:06:01:37 +0000] "GET /uploads/TEMP/items/1776068487JOkY4.jpeg HTTP/1.1" 200 251111 "-" "Naba%20Water/10 CFNetwork/3860.700.1 Darwin/25.6.0"
178.73.111.2 - - [10/Sep/2026:06:01:37 +0000] "GET /uploads/TEMP/items/17760670430fKPy.jpeg HTTP/1.1" 200 108490 "-" "Naba%20Water/10 CFNetwork/3860.700.1 Darwin/25.6.0"
178.73.111.2 - - [10/Sep/2026:06:01:37 +0000] "GET /uploads/TEMP/items/1776066965vrsHS.jpeg HTTP/1.1" 200 106663 "-" "Naba%20Water/10 CFNetwork/3860.700.1 Darwin/25.6.0"
178.73.111.2 - - [10/Sep/2026:06:01:37 +0000] "GET /uploads/TEMP/items/1776067181N4KXC.jpeg HTTP/1.1" 200 105784 "-" "Naba%20Water/10 CFNetwork/3860.700.1 Darwin/25.6.0"
178.73.111.2 - - [10/Sep/2026:06:01:37 +0000] "GET /uploads/TEMP/items/1776067364tuRSX.jpeg HTTP/1.1" 200 98637 "-" "Naba%20Water/10 CFNetwork/3860.700.1 Darwin/25.6.0"
178.73.111.2 - - [10/Sep/2026:06:01:37 +0000] "GET /uploads/TEMP/items/1776067291iZUUQ.jpeg HTTP/1.1" 200 127339 "-" "Naba%20Water/10 CFNetwork/3860.700.1 Darwin/25.6.0"
178.73.111.2 - - [10/Sep/2026:06:01:38 +0000] "GET /uploads/TEMP/items/1776067967Fl4i0.jpeg HTTP/1.1" 200 86250 "-" "Naba%20Water/10 CFNetwork/3860.700.1 Darwin/25.6.0"
209.145.63.213 - - [10/Sep/2026:06:01:39 +0000] "GET /manager/editor/filemanager/browser/default/browser.html HTTP/1.1" 404 13334 "-" "Mozilla/5.0 (Linux; Android 6.0.1; Nexus 5X Build/MMB29P) AppleWebKit/537.36 (KHTML, like Gecko) Chrome/124.0.6367.201 Mobile Safari/537.36 (compatible; Googlebot/2.1; +http://www.google.com/bot.html)"
178.73.111.2 - - [10/Sep/2026:06:01:40 +0000] "POST /api/v1/order/calculate-data HTTP/1.1" 200 1403 "-" "Naba%20Water/10 CFNetwork/3860.700.1 Darwin/25.6.0"
209.145.63.213 - - [10/Sep/2026:06:01:40 +0000] "GET /manager/editor/filemanager/browser/default/browser.html HTTP/1.1" 404 13333 "-" "Mozilla/5.0 (Linux; Android 6.0.1; Nexus 5X Build/MMB29P) AppleWebKit/537.36 (KHTML, like Gecko) Chrome/124.0.6367.201 Mobile Safari/537.36 (compatible; Googlebot/2.1; +http://www.google.com/bot.html)"
209.145.63.213 - - [10/Sep/2026:06:01:41 +0000] "GET /manager/editor/filemanager/browser/default/browser.html HTTP/1.1" 404 13332 "-" "Mozilla/5.0 (Linux; Android 6.0.1; Nexus 5X Build/MMB29P) AppleWebKit/537.36 (KHTML, like Gecko) Chrome/124.0.6367.201 Mobile Safari/537.36 (compatible; Googlebot/2.1; +http://www.google.com/bot.html)"
178.73.111.2 - - [10/Sep/2026:06:01:43 +0000] "GET /api/v1/customer-address/list HTTP/1.1" 200 432 "-" "Naba Water/4.0 (com.NabawaterCustomer; build:10; iOS 26.6.1) Alamofire/4.9.1"
178.73.111.2 - - [10/Sep/2026:06:01:43 +0000] "POST /api/v1/order/calculate-data HTTP/1.1" 200 1371 "-" "Naba%20Water/10 CFNetwork/3860.700.1 Darwin/25.6.0"
178.73.111.2 - - [10/Sep/2026:06:01:43 +0000] "GET /api/v1/customer-address/list HTTP/1.1" 200 432 "-" "Naba Water/4.0 (com.NabawaterCustomer; build:10; iOS 26.6.1) Alamofire/4.9.1"
178.73.111.2 - - [10/Sep/2026:06:01:43 +0000] "POST /api/v1/order/calculate-data HTTP/1.1" 200 1371 "-" "Naba%20Water/10 CFNetwork/3860.700.1 Darwin/25.6.0"
178.73.111.2 - - [10/Sep/2026:06:01:43 +0000] "POST /api/v1/order/calculate-data HTTP/1.1" 200 1403 "-" "Naba%20Water/10 CFNetwork/3860.700.1 Darwin/25.6.0"
209.145.63.213 - - [10/Sep/2026:06:01:47 +0000] "GET /js/fckeditor/editor/filemanager/browser/default/browser.html HTTP/1.1" 404 13338 "-" "Mozilla/5.0 (Linux; Android 6.0.1; Nexus 5X Build/MMB29P) AppleWebKit/537.36 (KHTML, like Gecko) Chrome/124.0.6367.201 Mobile Safari/537.36 (compatible; Googlebot/2.1; +http://www.google.com/bot.html)"
51.253.168.239 - - [10/Sep/2026:06:01:48 +0000] "GET /api/v1/home/product-details?item_key=morhtpjxbqux2egx HTTP/1.1" 200 662 "-" "Naba Water/4.0 (com.NabawaterCustomer; build:10; iOS 18.5.0) Alamofire/4.9.1"
209.145.63.213 - - [10/Sep/2026:06:01:49 +0000] "GET /js/fckeditor/editor/filemanager/browser/default/browser.html HTTP/1.1" 404 13338 "-" "Mozilla/5.0 (Linux; Android 6.0.1; Nexus 5X Build/MMB29P) AppleWebKit/537.36 (KHTML, like Gecko) Chrome/124.0.6367.201 Mobile Safari/537.36 (compatible; Googlebot/2.1; +http://www.google.com/bot.html)"
209.145.63.213 - - [10/Sep/2026:06:01:51 +0000] "GET /js/fckeditor/editor/filemanager/browser/default/browser.html HTTP/1.1" 404 13339 "-" "Mozilla/5.0 (Linux; Android 6.0.1; Nexus 5X Build/MMB29P) AppleWebKit/537.36 (KHTML, like Gecko) Chrome/124.0.6367.201 Mobile Safari/537.36 (compatible; Googlebot/2.1; +http://www.google.com/bot.html)"
178.73.111.2 - - [10/Sep/2026:06:01:54 +0000] "POST /api/v1/order/calculate-data HTTP/1.1" 200 1387 "-" "Naba%20Water/10 CFNetwork/3860.700.1 Darwin/25.6.0"
178.73.111.2 - - [10/Sep/2026:06:01:55 +0000] "POST /api/v1/order/calculate-data HTTP/1.1" 200 1440 "-" "Naba%20Water/10 CFNetwork/3860.700.1 Darwin/25.6.0"
5.163.42.249 - - [10/Sep/2026:06:01:56 +0000] "GET /app/branch/order/index?OrderSearch%5Bbranch_id%5D=&OrderSearch%5Border_number%5D=&OrderSearch%5Border_date_time%5D=2026-09-10&OrderSearch%5Border_total%5D=&OrderSearch%5Bdelivery_option%5D=&OrderSearch%5Border_status%5D=&OrderSearch%5Bpayment_option%5D=&OrderSearch%5Buser_id%5D=&OrderSearch%5Bdeliveryboy_id%5D=&OrderSearch%5Bis_subscription_order_type%5D=&_pjax=%23pjax-grid-view HTTP/1.1" 200 1389 "https://nabawater.com.sa/app/branch/order/index?OrderSearch%5Bbranch_id%5D=&OrderSearch%5Border_number%5D=&OrderSearch%5Border_date_time%5D=2026-09-10&OrderSearch%5Border_total%5D=&OrderSearch%5Bdelivery_option%5D=&OrderSearch%5Border_status%5D=&OrderSearch%5Bpayment_option%5D=&OrderSearch%5Buser_id%5D=&OrderSearch%5Bdeliveryboy_id%5D=&OrderSearch%5Bis_subscription_order_type%5D=" "Mozilla/5.0 (X11; Linux x86_64) AppleWebKit/537.36 (KHTML, like Gecko) Chrome/152.0.0.0 Safari/537.36"
5.163.42.249 - - [10/Sep/2026:06:02:13 +0000] "GET /app/branch/order/index?OrderSearch%5Bbranch_id%5D=&OrderSearch%5Border_number%5D=&OrderSearch%5Border_date_time%5D=2026-09-10&OrderSearch%5Border_total%5D=&OrderSearch%5Bdelivery_option%5D=&OrderSearch%5Border_status%5D=&OrderSearch%5Bpayment_option%5D=&OrderSearch%5Buser_id%5D=&OrderSearch%5Bdeliveryboy_id%5D=&OrderSearch%5Bis_subscription_order_type%5D=&_pjax=%23pjax-grid-view HTTP/1.1" 200 1389 "https://nabawater.com.sa/app/branch/order/index?OrderSearch%5Bbranch_id%5D=&OrderSearch%5Border_number%5D=&OrderSearch%5Border_date_time%5D=2026-09-10&OrderSearch%5Border_total%5D=&OrderSearch%5Bdelivery_option%5D=&OrderSearch%5Border_status%5D=&OrderSearch%5Bpayment_option%5D=&OrderSearch%5Buser_id%5D=&OrderSearch%5Bdeliveryboy_id%5D=&OrderSearch%5Bis_subscription_order_type%5D=" "Mozilla/5.0 (X11; Linux x86_64) AppleWebKit/537.36 (KHTML, like Gecko) Chrome/152.0.0.0 Safari/537.36"
65.1.249.253 - - [10/Sep/2026:06:02:30 +0000] "GET /uploads/site-images/1775472141UfWou.png HTTP/1.0" 200 35542 "-" "-"
65.1.249.253 - - [10/Sep/2026:06:02:30 +0000] "GET /uploads/site-images/1775472141UfWou.png HTTP/1.0" 200 35542 "-" "-"
65.1.249.253 - - [10/Sep/2026:06:02:30 +0000] "GET /uploads/qr/26-09-10-09-02-30.png HTTP/1.0" 200 8357 "-" "-"
65.1.249.253 - - [10/Sep/2026:06:02:30 +0000] "GET /uploads/qr/26-09-10-09-02-30.png HTTP/1.0" 200 8357 "-" "-"
178.73.111.2 - - [10/Sep/2026:06:02:31 +0000] "POST /api/v1/order/place-order?env=dev HTTP/1.1" 200 304 "-" "Naba%20Water/10 CFNetwork/3860.700.1 Darwin/25.6.0"
178.73.111.2 - - [10/Sep/2026:06:02:31 +0000] "GET /payment/hyperpay-payment?order_key=7goaequcosna3ouy&type=mobile&amount=124.5¤cy=SAR&paymentType=DB HTTP/1.1" 200 324 "-" "Naba%20Water/10 CFNetwork/3860.700.1 Darwin/25.6.0"
5.163.42.249 - - [10/Sep/2026:06:02:33 +0000] "GET /app/branch/order/index?OrderSearch%5Bbranch_id%5D=&OrderSearch%5Border_number%5D=&OrderSearch%5Border_date_time%5D=2026-09-10&OrderSearch%5Border_total%5D=&OrderSearch%5Bdelivery_option%5D=&OrderSearch%5Border_status%5D=&OrderSearch%5Bpayment_option%5D=&OrderSearch%5Buser_id%5D=&OrderSearch%5Bdeliveryboy_id%5D=&OrderSearch%5Bis_subscription_order_type%5D=&_pjax=%23pjax-grid-view HTTP/1.1" 200 1389 "https://nabawater.com.sa/app/branch/order/index?OrderSearch%5Bbranch_id%5D=&OrderSearch%5Border_number%5D=&OrderSearch%5Border_date_time%5D=2026-09-10&OrderSearch%5Border_total%5D=&OrderSearch%5Bdelivery_option%5D=&OrderSearch%5Border_status%5D=&OrderSearch%5Bpayment_option%5D=&OrderSearch%5Buser_id%5D=&OrderSearch%5Bdeliveryboy_id%5D=&OrderSearch%5Bis_subscription_order_type%5D=" "Mozilla/5.0 (X11; Linux x86_64) AppleWebKit/537.36 (KHTML, like Gecko) Chrome/152.0.0.0 Safari/537.36"
5.163.42.249 - - [10/Sep/2026:06:02:53 +0000] "GET /app/branch/order/index?OrderSearch%5Bbranch_id%5D=&OrderSearch%5Border_number%5D=&OrderSearch%5Border_date_time%5D=2026-09-10&OrderSearch%5Border_total%5D=&OrderSearch%5Bdelivery_option%5D=&OrderSearch%5Border_status%5D=&OrderSearch%5Bpayment_option%5D=&OrderSearch%5Buser_id%5D=&OrderSearch%5Bdeliveryboy_id%5D=&OrderSearch%5Bis_subscription_order_type%5D=&_pjax=%23pjax-grid-view HTTP/1.1" 200 1389 "https://nabawater.com.sa/app/branch/order/index?OrderSearch%5Bbranch_id%5D=&OrderSearch%5Border_number%5D=&OrderSearch%5Border_date_time%5D=2026-09-10&OrderSearch%5Border_total%5D=&OrderSearch%5Bdelivery_option%5D=&OrderSearch%5Border_status%5D=&OrderSearch%5Bpayment_option%5D=&OrderSearch%5Buser_id%5D=&OrderSearch%5Bdeliveryboy_id%5D=&OrderSearch%5Bis_subscription_order_type%5D=" "Mozilla/5.0 (X11; Linux x86_64) AppleWebKit/537.36 (KHTML, like Gecko) Chrome/152.0.0.0 Safari/537.36"
5.163.42.249 - - [10/Sep/2026:06:03:13 +0000] "GET /app/branch/order/index?OrderSearch%5Bbranch_id%5D=&OrderSearch%5Border_number%5D=&OrderSearch%5Border_date_time%5D=2026-09-10&OrderSearch%5Border_total%5D=&OrderSearch%5Bdelivery_option%5D=&OrderSearch%5Border_status%5D=&OrderSearch%5Bpayment_option%5D=&OrderSearch%5Buser_id%5D=&OrderSearch%5Bdeliveryboy_id%5D=&OrderSearch%5Bis_subscription_order_type%5D=&_pjax=%23pjax-grid-view HTTP/1.1" 200 1389 "https://nabawater.com.sa/app/branch/order/index?OrderSearch%5Bbranch_id%5D=&OrderSearch%5Border_number%5D=&OrderSearch%5Border_date_time%5D=2026-09-10&OrderSearch%5Border_total%5D=&OrderSearch%5Bdelivery_option%5D=&OrderSearch%5Border_status%5D=&OrderSearch%5Bpayment_option%5D=&OrderSearch%5Buser_id%5D=&OrderSearch%5Bdeliveryboy_id%5D=&OrderSearch%5Bis_subscription_order_type%5D=" "Mozilla/5.0 (X11; Linux x86_64) AppleWebKit/537.36 (KHTML, like Gecko) Chrome/152.0.0.0 Safari/537.36"
170.80.219.89 - - [10/Sep/2026:06:03:20 +0000] "GET / HTTP/1.1" 302 5 "-" "Mozilla/5.0 (Windows NT 10.0; Win64; x64) AppleWebKit/537.36 (KHTML, like Gecko) Chrome/151.0.7922.173 Safari/537.36"
170.80.219.89 - - [10/Sep/2026:06:03:21 +0000] "GET /product-list-normal-orders HTTP/1.1" 200 19540 "-" "Mozilla/5.0 (Windows NT 10.0; Win64; x64) AppleWebKit/537.36 (KHTML, like Gecko) Chrome/151.0.7922.173 Safari/537.36"
170.80.219.89 - - [10/Sep/2026:06:03:22 +0000] "GET /frontend/web/assets/310b352a/css/style.css?v=1775457233 HTTP/1.1" 200 134410 "https://nabawater.com.sa/product-list-normal-orders" "Mozilla/5.0 (Windows NT 10.0; Win64; x64) AppleWebKit/537.36 (KHTML, like Gecko) Chrome/151.0.7922.173 Safari/537.36"
116.98.246.218 - - [10/Sep/2026:06:03:23 +0000] "GET /frontend/web/assets/310b352a/css/owl.carousel.min.css?v=1775457231 HTTP/1.1" 200 3351 "https://nabawater.com.sa/product-list-normal-orders" "Mozilla/5.0 (Windows NT 10.0; Win64; x64) AppleWebKit/537.36 (KHTML, like Gecko) Chrome/151.0.7922.173 Safari/537.36"
116.98.246.218 - - [10/Sep/2026:06:03:23 +0000] "GET /frontend/web/assets/310b352a/css/icofont.css?v=1775457229 HTTP/1.1" 200 105696 "https://nabawater.com.sa/product-list-normal-orders" "Mozilla/5.0 (Windows NT 10.0; Win64; x64) AppleWebKit/537.36 (KHTML, like Gecko) Chrome/151.0.7922.173 Safari/537.36"
14.191.32.72 - - [10/Sep/2026:06:03:23 +0000] "GET /frontend/web/assets/310b352a/css/jquery.rateyo.min.css?v=1775457230 HTTP/1.1" 200 711 "https://nabawater.com.sa/product-list-normal-orders" "Mozilla/5.0 (Windows NT 10.0; Win64; x64) AppleWebKit/537.36 (KHTML, like Gecko) Chrome/151.0.7922.173 Safari/537.36"
62.43.0.231 - - [10/Sep/2026:06:03:23 +0000] "GET /frontend/web/assets/310b352a/css/jquery.toast.css?v=1775457230 HTTP/1.1" 200 4937 "https://nabawater.com.sa/product-list-normal-orders" "Mozilla/5.0 (Windows NT 10.0; Win64; x64) AppleWebKit/537.36 (KHTML, like Gecko) Chrome/151.0.7922.173 Safari/537.36"
5.29.141.243 - - [10/Sep/2026:06:03:23 +0000] "GET /frontend/web/assets/310b352a/css/snackbar.min.css?v=1775457232 HTTP/1.1" 200 1279 "https://nabawater.com.sa/product-list-normal-orders" "Mozilla/5.0 (Windows NT 10.0; Win64; x64) AppleWebKit/537.36 (KHTML, like Gecko) Chrome/151.0.7922.173 Safari/537.36"
14.191.32.72 - - [10/Sep/2026:06:03:23 +0000] "GET /frontend/web/assets/3a935f50/authchoice.css?v=1562064141 HTTP/1.1" 200 930 "https://nabawater.com.sa/product-list-normal-orders" "Mozilla/5.0 (Windows NT 10.0; Win64; x64) AppleWebKit/537.36 (KHTML, like Gecko) Chrome/151.0.7922.173 Safari/537.36"
116.98.246.218 - - [10/Sep/2026:06:03:23 +0000] "GET /frontend/web/assets/310b352a/css/responsive.css?v=1775457232 HTTP/1.1" 200 31879 "https://nabawater.com.sa/product-list-normal-orders" "Mozilla/5.0 (Windows NT 10.0; Win64; x64) AppleWebKit/537.36 (KHTML, like Gecko) Chrome/151.0.7922.173 Safari/537.36"
14.191.32.72 - - [10/Sep/2026:06:03:24 +0000] "GET /frontend/web/assets/310b352a/css/magnific-popup.css?v=1775457230 HTTP/1.1" 200 6951 "https://nabawater.com.sa/product-list-normal-orders" "Mozilla/5.0 (Windows NT 10.0; Win64; x64) AppleWebKit/537.36 (KHTML, like Gecko) Chrome/151.0.7922.173 Safari/537.36"
116.98.246.218 - - [10/Sep/2026:06:03:24 +0000] "GET /frontend/web/assets/584e7fc0/jquery.js?v=1516469217 HTTP/1.1" 200 271751 "https://nabawater.com.sa/product-list-normal-orders" "Mozilla/5.0 (Windows NT 10.0; Win64; x64) AppleWebKit/537.36 (KHTML, like Gecko) Chrome/151.0.7922.173 Safari/537.36"
5.29.141.243 - - [10/Sep/2026:06:03:24 +0000] "GET /frontend/web/assets/310b352a/js/html5shiv.min.js?v=1775457370 HTTP/1.1" 200 2733 "https://nabawater.com.sa/product-list-normal-orders" "Mozilla/5.0 (Windows NT 10.0; Win64; x64) AppleWebKit/537.36 (KHTML, like Gecko) Chrome/151.0.7922.173 Safari/537.36"
62.43.0.231 - - [10/Sep/2026:06:03:24 +0000] "GET /frontend/web/assets/3efb0241/js/runOnLoad.js?v=1775457045 HTTP/1.1" 200 373 "https://nabawater.com.sa/product-list-normal-orders" "Mozilla/5.0 (Windows NT 10.0; Win64; x64) AppleWebKit/537.36 (KHTML, like Gecko) Chrome/151.0.7922.173 Safari/537.36"
186.249.146.250 - - [10/Sep/2026:06:03:24 +0000] "GET /frontend/web/assets/310b352a/css/bootstrap-select.min.css?v=1775457225 HTTP/1.1" 200 11120 "https://nabawater.com.sa/product-list-normal-orders" "Mozilla/5.0 (Windows NT 10.0; Win64; x64) AppleWebKit/537.36 (KHTML, like Gecko) Chrome/151.0.7922.173 Safari/537.36"
116.98.246.218 - - [10/Sep/2026:06:03:24 +0000] "GET /frontend/web/assets/310b352a/css/animate.min.css HTTP/1.1" 200 55267 "https://nabawater.com.sa/frontend/web/assets/310b352a/css/style.css?v=1775457233" "Mozilla/5.0 (Windows NT 10.0; Win64; x64) AppleWebKit/537.36 (KHTML, like Gecko) Chrome/151.0.7922.173 Safari/537.36"
14.191.32.72 - - [10/Sep/2026:06:03:24 +0000] "GET /frontend/web/assets/310b352a/css/bootstrap.min.css HTTP/1.1" 200 140936 "https://nabawater.com.sa/frontend/web/assets/310b352a/css/style.css?v=1775457233" "Mozilla/5.0 (Windows NT 10.0; Win64; x64) AppleWebKit/537.36 (KHTML, like Gecko) Chrome/151.0.7922.173 Safari/537.36"
170.80.219.89 - - [10/Sep/2026:06:03:24 +0000] "GET /frontend/web/assets/9269f783/yii.js?v=1551337386 HTTP/1.1" 200 20911 "https://nabawater.com.sa/product-list-normal-orders" "Mozilla/5.0 (Windows NT 10.0; Win64; x64) AppleWebKit/537.36 (KHTML, like Gecko) Chrome/151.0.7922.173 Safari/537.36"
62.43.0.231 - - [10/Sep/2026:06:03:24 +0000] "GET /frontend/web/assets/310b352a/css/iziToast.min.css HTTP/1.1" 200 41609 "https://nabawater.com.sa/frontend/web/assets/310b352a/css/style.css?v=1775457233" "Mozilla/5.0 (Windows NT 10.0; Win64; x64) AppleWebKit/537.36 (KHTML, like Gecko) Chrome/151.0.7922.173 Safari/537.36"
5.29.141.243 - - [10/Sep/2026:06:03:24 +0000] "GET /frontend/web/assets/310b352a/css/simple-line-icons.css HTTP/1.1" 200 13736 "https://nabawater.com.sa/frontend/web/assets/310b352a/css/style.css?v=1775457233" "Mozilla/5.0 (Windows NT 10.0; Win64; x64) AppleWebKit/537.36 (KHTML, like Gecko) Chrome/151.0.7922.173 Safari/537.36"
116.98.246.218 - - [10/Sep/2026:06:03:24 +0000] "GET /frontend/web/assets/310b352a/css/intlTelInput.min.css HTTP/1.1" 200 23597 "https://nabawater.com.sa/frontend/web/assets/310b352a/css/style.css?v=1775457233" "Mozilla/5.0 (Windows NT 10.0; Win64; x64) AppleWebKit/537.36 (KHTML, like Gecko) Chrome/151.0.7922.173 Safari/537.36"
116.98.246.218 - - [10/Sep/2026:06:03:25 +0000] "GET /frontend/web/assets/310b352a/css/font-awesome.min.css HTTP/1.1" 200 31004 "https://nabawater.com.sa/frontend/web/assets/310b352a/css/style.css?v=1775457233" "Mozilla/5.0 (Windows NT 10.0; Win64; x64) AppleWebKit/537.36 (KHTML, like Gecko) Chrome/151.0.7922.173 Safari/537.36"
14.191.32.72 - - [10/Sep/2026:06:03:25 +0000] "GET /frontend/web/assets/310b352a/css/datepicker.min.css HTTP/1.1" 200 3519 "https://nabawater.com.sa/frontend/web/assets/310b352a/css/style.css?v=1775457233" "Mozilla/5.0 (Windows NT 10.0; Win64; x64) AppleWebKit/537.36 (KHTML, like Gecko) Chrome/151.0.7922.173 Safari/537.36"
186.249.146.250 - - [10/Sep/2026:06:03:25 +0000] "GET /frontend/web/assets/3efb0241/js/core.js?v=1775457044 HTTP/1.1" 200 15106 "https://nabawater.com.sa/product-list-normal-orders" "Mozilla/5.0 (Windows NT 10.0; Win64; x64) AppleWebKit/537.36 (KHTML, like Gecko) Chrome/151.0.7922.173 Safari/537.36"
62.43.0.231 - - [10/Sep/2026:06:03:25 +0000] "GET /frontend/web/assets/310b352a/js/popper.min.js?v=1775457375 HTTP/1.1" 200 20337 "https://nabawater.com.sa/product-list-normal-orders" "Mozilla/5.0 (Windows NT 10.0; Win64; x64) AppleWebKit/537.36 (KHTML, like Gecko) Chrome/151.0.7922.173 Safari/537.36"
116.98.246.218 - - [10/Sep/2026:06:03:25 +0000] "GET /frontend/web/assets/310b352a/js/bootstrap.min.js?v=1775457367 HTTP/1.1" 200 50731 "https://nabawater.com.sa/product-list-normal-orders" "Mozilla/5.0 (Windows NT 10.0; Win64; x64) AppleWebKit/537.36 (KHTML, like Gecko) Chrome/151.0.7922.173 Safari/537.36"
14.191.32.72 - - [10/Sep/2026:06:03:25 +0000] "GET /frontend/web/assets/310b352a/js/lozad.min.js?v=1775457373 HTTP/1.1" 200 3562 "https://nabawater.com.sa/product-list-normal-orders" "Mozilla/5.0 (Windows NT 10.0; Win64; x64) AppleWebKit/537.36 (KHTML, like Gecko) Chrome/151.0.7922.173 Safari/537.36"
5.29.141.243 - - [10/Sep/2026:06:03:25 +0000] "GET /frontend/web/assets/310b352a/js/intlTelInput.min.js?v=1775457370 HTTP/1.1" 200 22773 "https://nabawater.com.sa/product-list-normal-orders" "Mozilla/5.0 (Windows NT 10.0; Win64; x64) AppleWebKit/537.36 (KHTML, like Gecko) Chrome/151.0.7922.173 Safari/537.36"
14.191.32.72 - - [10/Sep/2026:06:03:26 +0000] "GET /frontend/web/assets/310b352a/js/owl.carousel.min.js?v=1775457374 HTTP/1.1" 200 44342 "https://nabawater.com.sa/product-list-normal-orders" "Mozilla/5.0 (Windows NT 10.0; Win64; x64) AppleWebKit/537.36 (KHTML, like Gecko) Chrome/151.0.7922.173 Safari/537.36"
116.98.246.218 - - [10/Sep/2026:06:03:26 +0000] "GET /frontend/web/assets/310b352a/js/snackbar.min.js?v=1775457376 HTTP/1.1" 200 3468 "https://nabawater.com.sa/product-list-normal-orders" "Mozilla/5.0 (Windows NT 10.0; Win64; x64) AppleWebKit/537.36 (KHTML, like Gecko) Chrome/151.0.7922.173 Safari/537.36"
170.80.219.89 - - [10/Sep/2026:06:03:26 +0000] "GET /frontend/web/assets/310b352a/js/iziToast.min.js?v=1775457370 HTTP/1.1" 200 18485 "https://nabawater.com.sa/product-list-normal-orders" "Mozilla/5.0 (Windows NT 10.0; Win64; x64) AppleWebKit/537.36 (KHTML, like Gecko) Chrome/151.0.7922.173 Safari/537.36"
116.98.246.218 - - [10/Sep/2026:06:03:26 +0000] "GET /frontend/web/assets/310b352a/js/jquery.rateyo.min.js?v=1775457372 HTTP/1.1" 200 9202 "https://nabawater.com.sa/product-list-normal-orders" "Mozilla/5.0 (Windows NT 10.0; Win64; x64) AppleWebKit/537.36 (KHTML, like Gecko) Chrome/151.0.7922.173 Safari/537.36"
62.43.0.231 - - [10/Sep/2026:06:03:26 +0000] "GET /frontend/web/assets/310b352a/js/bootstrap-select.min.js?v=1775457366 HTTP/1.1" 200 52249 "https://nabawater.com.sa/product-list-normal-orders" "Mozilla/5.0 (Windows NT 10.0; Win64; x64) AppleWebKit/537.36 (KHTML, like Gecko) Chrome/151.0.7922.173 Safari/537.36"
14.191.32.72 - - [10/Sep/2026:06:03:26 +0000] "GET /frontend/web/assets/310b352a/js/jquery.magnific-popup.min.js?v=1775457371 HTTP/1.1" 200 20216 "https://nabawater.com.sa/product-list-normal-orders" "Mozilla/5.0 (Windows NT 10.0; Win64; x64) AppleWebKit/537.36 (KHTML, like Gecko) Chrome/151.0.7922.173 Safari/537.36"
14.191.32.72 - - [10/Sep/2026:06:03:26 +0000] "GET /frontend/web/assets/3a935f50/authchoice.js?v=1562064141 HTTP/1.1" 200 2435 "https://nabawater.com.sa/product-list-normal-orders" "Mozilla/5.0 (Windows NT 10.0; Win64; x64) AppleWebKit/537.36 (KHTML, like Gecko) Chrome/151.0.7922.173 Safari/537.36"
5.29.141.243 - - [10/Sep/2026:06:03:26 +0000] "GET /frontend/web/assets/310b352a/js/datepicker.min.js?v=1775457367 HTTP/1.1" 200 17256 "https://nabawater.com.sa/product-list-normal-orders" "Mozilla/5.0 (Windows NT 10.0; Win64; x64) AppleWebKit/537.36 (KHTML, like Gecko) Chrome/151.0.7922.173 Safari/537.36"
186.249.146.250 - - [10/Sep/2026:06:03:26 +0000] "GET /frontend/web/assets/9269f783/yii.validation.js?v=1551337386 HTTP/1.1" 200 16101 "https://nabawater.com.sa/product-list-normal-orders" "Mozilla/5.0 (Windows NT 10.0; Win64; x64) AppleWebKit/537.36 (KHTML, like Gecko) Chrome/151.0.7922.173 Safari/537.36"
14.191.32.72 - - [10/Sep/2026:06:03:26 +0000] "GET /frontend/web/assets/310b352a/js/custom.js?v=1775457367 HTTP/1.1" 200 12567 "https://nabawater.com.sa/product-list-normal-orders" "Mozilla/5.0 (Windows NT 10.0; Win64; x64) AppleWebKit/537.36 (KHTML, like Gecko) Chrome/151.0.7922.173 Safari/537.36"
116.98.246.218 - - [10/Sep/2026:06:03:26 +0000] "GET /frontend/web/assets/9269f783/yii.activeForm.js?v=1551337386 HTTP/1.1" 200 33055 "https://nabawater.com.sa/product-list-normal-orders" "Mozilla/5.0 (Windows NT 10.0; Win64; x64) AppleWebKit/537.36 (KHTML, like Gecko) Chrome/151.0.7922.173 Safari/537.36"
170.80.219.89 - - [10/Sep/2026:06:03:27 +0000] "GET /frontend/web/assets/310b352a/js/bootstrap-clockpicker.min.js?v=1775457365 HTTP/1.1" 200 11152 "https://nabawater.com.sa/product-list-normal-orders" "Mozilla/5.0 (Windows NT 10.0; Win64; x64) AppleWebKit/537.36 (KHTML, like Gecko) Chrome/151.0.7922.173 Safari/537.36"
5.163.42.249 - - [10/Sep/2026:06:03:33 +0000] "GET /app/branch/order/index?OrderSearch%5Bbranch_id%5D=&OrderSearch%5Border_number%5D=&OrderSearch%5Border_date_time%5D=2026-09-10&OrderSearch%5Border_total%5D=&OrderSearch%5Bdelivery_option%5D=&OrderSearch%5Border_status%5D=&OrderSearch%5Bpayment_option%5D=&OrderSearch%5Buser_id%5D=&OrderSearch%5Bdeliveryboy_id%5D=&OrderSearch%5Bis_subscription_order_type%5D=&_pjax=%23pjax-grid-view HTTP/1.1" 200 1389 "https://nabawater.com.sa/app/branch/order/index?OrderSearch%5Bbranch_id%5D=&OrderSearch%5Border_number%5D=&OrderSearch%5Border_date_time%5D=2026-09-10&OrderSearch%5Border_total%5D=&OrderSearch%5Bdelivery_option%5D=&OrderSearch%5Border_status%5D=&OrderSearch%5Bpayment_option%5D=&OrderSearch%5Buser_id%5D=&OrderSearch%5Bdeliveryboy_id%5D=&OrderSearch%5Bis_subscription_order_type%5D=" "Mozilla/5.0 (X11; Linux x86_64) AppleWebKit/537.36 (KHTML, like Gecko) Chrome/152.0.0.0 Safari/537.36"
5.163.42.249 - - [10/Sep/2026:06:03:53 +0000] "GET /app/branch/order/index?OrderSearch%5Bbranch_id%5D=&OrderSearch%5Border_number%5D=&OrderSearch%5Border_date_time%5D=2026-09-10&OrderSearch%5Border_total%5D=&OrderSearch%5Bdelivery_option%5D=&OrderSearch%5Border_status%5D=&OrderSearch%5Bpayment_option%5D=&OrderSearch%5Buser_id%5D=&OrderSearch%5Bdeliveryboy_id%5D=&OrderSearch%5Bis_subscription_order_type%5D=&_pjax=%23pjax-grid-view HTTP/1.1" 200 1389 "https://nabawater.com.sa/app/branch/order/index?OrderSearch%5Bbranch_id%5D=&OrderSearch%5Border_number%5D=&OrderSearch%5Border_date_time%5D=2026-09-10&OrderSearch%5Border_total%5D=&OrderSearch%5Bdelivery_option%5D=&OrderSearch%5Border_status%5D=&OrderSearch%5Bpayment_option%5D=&OrderSearch%5Buser_id%5D=&OrderSearch%5Bdeliveryboy_id%5D=&OrderSearch%5Bis_subscription_order_type%5D=" "Mozilla/5.0 (X11; Linux x86_64) AppleWebKit/537.36 (KHTML, like Gecko) Chrome/152.0.0.0 Safari/537.36"
5.163.42.249 - - [10/Sep/2026:06:04:13 +0000] "GET /app/branch/order/index?OrderSearch%5Bbranch_id%5D=&OrderSearch%5Border_number%5D=&OrderSearch%5Border_date_time%5D=2026-09-10&OrderSearch%5Border_total%5D=&OrderSearch%5Bdelivery_option%5D=&OrderSearch%5Border_status%5D=&OrderSearch%5Bpayment_option%5D=&OrderSearch%5Buser_id%5D=&OrderSearch%5Bdeliveryboy_id%5D=&OrderSearch%5Bis_subscription_order_type%5D=&_pjax=%23pjax-grid-view HTTP/1.1" 200 1389 "https://nabawater.com.sa/app/branch/order/index?OrderSearch%5Bbranch_id%5D=&OrderSearch%5Border_number%5D=&OrderSearch%5Border_date_time%5D=2026-09-10&OrderSearch%5Border_total%5D=&OrderSearch%5Bdelivery_option%5D=&OrderSearch%5Border_status%5D=&OrderSearch%5Bpayment_option%5D=&OrderSearch%5Buser_id%5D=&OrderSearch%5Bdeliveryboy_id%5D=&OrderSearch%5Bis_subscription_order_type%5D=" "Mozilla/5.0 (X11; Linux x86_64) AppleWebKit/537.36 (KHTML, like Gecko) Chrome/152.0.0.0 Safari/537.36"
5.163.42.249 - - [10/Sep/2026:06:04:33 +0000] "GET /app/branch/order/index?OrderSearch%5Bbranch_id%5D=&OrderSearch%5Border_number%5D=&OrderSearch%5Border_date_time%5D=2026-09-10&OrderSearch%5Border_total%5D=&OrderSearch%5Bdelivery_option%5D=&OrderSearch%5Border_status%5D=&OrderSearch%5Bpayment_option%5D=&OrderSearch%5Buser_id%5D=&OrderSearch%5Bdeliveryboy_id%5D=&OrderSearch%5Bis_subscription_order_type%5D=&_pjax=%23pjax-grid-view HTTP/1.1" 200 1389 "https://nabawater.com.sa/app/branch/order/index?OrderSearch%5Bbranch_id%5D=&OrderSearch%5Border_number%5D=&OrderSearch%5Border_date_time%5D=2026-09-10&OrderSearch%5Border_total%5D=&OrderSearch%5Bdelivery_option%5D=&OrderSearch%5Border_status%5D=&OrderSearch%5Bpayment_option%5D=&OrderSearch%5Buser_id%5D=&OrderSearch%5Bdeliveryboy_id%5D=&OrderSearch%5Bis_subscription_order_type%5D=" "Mozilla/5.0 (X11; Linux x86_64) AppleWebKit/537.36 (KHTML, like Gecko) Chrome/152.0.0.0 Safari/537.36"
5.163.42.249 - - [10/Sep/2026:06:04:53 +0000] "GET /app/branch/order/index?OrderSearch%5Bbranch_id%5D=&OrderSearch%5Border_number%5D=&OrderSearch%5Border_date_time%5D=2026-09-10&OrderSearch%5Border_total%5D=&OrderSearch%5Bdelivery_option%5D=&OrderSearch%5Border_status%5D=&OrderSearch%5Bpayment_option%5D=&OrderSearch%5Buser_id%5D=&OrderSearch%5Bdeliveryboy_id%5D=&OrderSearch%5Bis_subscription_order_type%5D=&_pjax=%23pjax-grid-view HTTP/1.1" 200 1389 "https://nabawater.com.sa/app/branch/order/index?OrderSearch%5Bbranch_id%5D=&OrderSearch%5Border_number%5D=&OrderSearch%5Border_date_time%5D=2026-09-10&OrderSearch%5Border_total%5D=&OrderSearch%5Bdelivery_option%5D=&OrderSearch%5Border_status%5D=&OrderSearch%5Bpayment_option%5D=&OrderSearch%5Buser_id%5D=&OrderSearch%5Bdeliveryboy_id%5D=&OrderSearch%5Bis_subscription_order_type%5D=" "Mozilla/5.0 (X11; Linux x86_64) AppleWebKit/537.36 (KHTML, like Gecko) Chrome/152.0.0.0 Safari/537.36"
185.231.154.128 - - [10/Sep/2026:06:05:04 +0000] "GET /product-list-normal-orders HTTP/1.0" 200 106889 "https://nabawater.com.sa/product-list-normal-orders" "Mozilla/5.0 (Windows NT 10.0; Win64; x64) AppleWebKit/537.36 (KHTML, like Gecko) Chrome/129.0.0.0 Safari/537.36"
5.163.42.249 - - [10/Sep/2026:06:05:14 +0000] "GET /app/branch/order/index?OrderSearch%5Bbranch_id%5D=&OrderSearch%5Border_number%5D=&OrderSearch%5Border_date_time%5D=2026-09-10&OrderSearch%5Border_total%5D=&OrderSearch%5Bdelivery_option%5D=&OrderSearch%5Border_status%5D=&OrderSearch%5Bpayment_option%5D=&OrderSearch%5Buser_id%5D=&OrderSearch%5Bdeliveryboy_id%5D=&OrderSearch%5Bis_subscription_order_type%5D=&_pjax=%23pjax-grid-view HTTP/1.1" 200 1389 "https://nabawater.com.sa/app/branch/order/index?OrderSearch%5Bbranch_id%5D=&OrderSearch%5Border_number%5D=&OrderSearch%5Border_date_time%5D=2026-09-10&OrderSearch%5Border_total%5D=&OrderSearch%5Bdelivery_option%5D=&OrderSearch%5Border_status%5D=&OrderSearch%5Bpayment_option%5D=&OrderSearch%5Buser_id%5D=&OrderSearch%5Bdeliveryboy_id%5D=&OrderSearch%5Bis_subscription_order_type%5D=" "Mozilla/5.0 (X11; Linux x86_64) AppleWebKit/537.36 (KHTML, like Gecko) Chrome/152.0.0.0 Safari/537.36"
185.231.154.128 - - [10/Sep/2026:06:05:16 +0000] "POST /product-list-normal-orders HTTP/1.0" 200 106889 "https://nabawater.com.sa/product-list-normal-orders" "Mozilla/5.0 (Windows NT 10.0; Win64; x64) AppleWebKit/537.36 (KHTML, like Gecko) Chrome/129.0.0.0 Safari/537.36"
5.163.42.249 - - [10/Sep/2026:06:05:33 +0000] "GET /app/branch/order/index?OrderSearch%5Bbranch_id%5D=&OrderSearch%5Border_number%5D=&OrderSearch%5Border_date_time%5D=2026-09-10&OrderSearch%5Border_total%5D=&OrderSearch%5Bdelivery_option%5D=&OrderSearch%5Border_status%5D=&OrderSearch%5Bpayment_option%5D=&OrderSearch%5Buser_id%5D=&OrderSearch%5Bdeliveryboy_id%5D=&OrderSearch%5Bis_subscription_order_type%5D=&_pjax=%23pjax-grid-view HTTP/1.1" 200 1389 "https://nabawater.com.sa/app/branch/order/index?OrderSearch%5Bbranch_id%5D=&OrderSearch%5Border_number%5D=&OrderSearch%5Border_date_time%5D=2026-09-10&OrderSearch%5Border_total%5D=&OrderSearch%5Bdelivery_option%5D=&OrderSearch%5Border_status%5D=&OrderSearch%5Bpayment_option%5D=&OrderSearch%5Buser_id%5D=&OrderSearch%5Bdeliveryboy_id%5D=&OrderSearch%5Bis_subscription_order_type%5D=" "Mozilla/5.0 (X11; Linux x86_64) AppleWebKit/537.36 (KHTML, like Gecko) Chrome/152.0.0.0 Safari/537.36"
5.163.42.249 - - [10/Sep/2026:06:05:53 +0000] "GET /app/branch/order/index?OrderSearch%5Bbranch_id%5D=&OrderSearch%5Border_number%5D=&OrderSearch%5Border_date_time%5D=2026-09-10&OrderSearch%5Border_total%5D=&OrderSearch%5Bdelivery_option%5D=&OrderSearch%5Border_status%5D=&OrderSearch%5Bpayment_option%5D=&OrderSearch%5Buser_id%5D=&OrderSearch%5Bdeliveryboy_id%5D=&OrderSearch%5Bis_subscription_order_type%5D=&_pjax=%23pjax-grid-view HTTP/1.1" 200 1389 "https://nabawater.com.sa/app/branch/order/index?OrderSearch%5Bbranch_id%5D=&OrderSearch%5Border_number%5D=&OrderSearch%5Border_date_time%5D=2026-09-10&OrderSearch%5Border_total%5D=&OrderSearch%5Bdelivery_option%5D=&OrderSearch%5Border_status%5D=&OrderSearch%5Bpayment_option%5D=&OrderSearch%5Buser_id%5D=&OrderSearch%5Bdeliveryboy_id%5D=&OrderSearch%5Bis_subscription_order_type%5D=" "Mozilla/5.0 (X11; Linux x86_64) AppleWebKit/537.36 (KHTML, like Gecko) Chrome/152.0.0.0 Safari/537.36"
34.79.190.78 - - [10/Sep/2026:06:05:59 +0000] "GET /sitemap.xml HTTP/1.1" 200 2078 "-" "okhttp/4.12.0"
176.224.163.227 - - [10/Sep/2026:06:06:06 +0000] "GET /api/v1/home?latitude=28.4093879&longitude=36.5790161&page=1&item_purchase_type=1&category_id=&env=dev HTTP/1.1" 200 6977 "-" "okhttp/5.0.0-alpha.14"
176.224.163.227 - - [10/Sep/2026:06:06:06 +0000] "GET /frontend/web/theme/images/placeholder.png HTTP/1.1" 200 30449 "-" "Dalvik/2.1.0 (Linux; U; Android 12; VNE-N41 Build/HONORVNE-N41)"
176.224.163.227 - - [10/Sep/2026:06:06:06 +0000] "GET /uploads/TEMP/items/1776068225hx2mh.jpeg HTTP/1.1" 200 106663 "-" "Dalvik/2.1.0 (Linux; U; Android 12; VNE-N41 Build/HONORVNE-N41)"
176.224.163.227 - - [10/Sep/2026:06:06:07 +0000] "GET /api/v1/home?latitude=28.4093879&longitude=36.5790161&page=2&item_purchase_type=1&category_id=&env=dev HTTP/1.1" 200 4429 "-" "okhttp/5.0.0-alpha.14"
176.224.163.227 - - [10/Sep/2026:06:06:07 +0000] "GET /uploads/TEMP/items/1776068313SRdw0.jpeg HTTP/1.1" 200 108490 "-" "Dalvik/2.1.0 (Linux; U; Android 12; VNE-N41 Build/HONORVNE-N41)"
176.224.163.227 - - [10/Sep/2026:06:06:07 +0000] "GET /uploads/TEMP/items/1776066965vrsHS.jpeg HTTP/1.1" 200 106663 "-" "Dalvik/2.1.0 (Linux; U; Android 12; VNE-N41 Build/HONORVNE-N41)"
176.224.163.227 - - [10/Sep/2026:06:06:07 +0000] "GET /uploads/TEMP/items/17760670430fKPy.jpeg HTTP/1.1" 200 108490 "-" "Dalvik/2.1.0 (Linux; U; Android 12; VNE-N41 Build/HONORVNE-N41)"
176.224.163.227 - - [10/Sep/2026:06:06:07 +0000] "GET /uploads/TEMP/items/1776068487JOkY4.jpeg HTTP/1.1" 200 251111 "-" "Dalvik/2.1.0 (Linux; U; Android 12; VNE-N41 Build/HONORVNE-N41)"
176.224.163.227 - - [10/Sep/2026:06:06:07 +0000] "GET /uploads/TEMP/items/1776067085es6Ol.jpeg HTTP/1.1" 200 132178 "-" "Dalvik/2.1.0 (Linux; U; Android 12; VNE-N41 Build/HONORVNE-N41)"
176.224.163.227 - - [10/Sep/2026:06:06:07 +0000] "GET /uploads/TEMP/items/1776067364tuRSX.jpeg HTTP/1.1" 200 98637 "-" "Dalvik/2.1.0 (Linux; U; Android 12; VNE-N41 Build/HONORVNE-N41)"
176.224.163.227 - - [10/Sep/2026:06:06:07 +0000] "GET /uploads/TEMP/items/1776067181N4KXC.jpeg HTTP/1.1" 200 105784 "-" "Dalvik/2.1.0 (Linux; U; Android 12; VNE-N41 Build/HONORVNE-N41)"
176.224.163.227 - - [10/Sep/2026:06:06:07 +0000] "GET /uploads/TEMP/items/1776067291iZUUQ.jpeg HTTP/1.1" 200 127339 "-" "Dalvik/2.1.0 (Linux; U; Android 12; VNE-N41 Build/HONORVNE-N41)"
176.224.163.227 - - [10/Sep/2026:06:06:07 +0000] "GET /uploads/TEMP/items/1776067967Fl4i0.jpeg HTTP/1.1" 200 86250 "-" "Dalvik/2.1.0 (Linux; U; Android 12; VNE-N41 Build/HONORVNE-N41)"
176.224.163.227 - - [10/Sep/2026:06:06:07 +0000] "GET /uploads/TEMP/items/1776068177PMRYL.jpeg HTTP/1.1" 200 95438 "-" "Dalvik/2.1.0 (Linux; U; Android 12; VNE-N41 Build/HONORVNE-N41)"
176.224.163.227 - - [10/Sep/2026:06:06:07 +0000] "GET /uploads/TEMP/items/1776068109vBpkj.jpeg HTTP/1.1" 200 80802 "-" "Dalvik/2.1.0 (Linux; U; Android 12; VNE-N41 Build/HONORVNE-N41)"
176.224.163.227 - - [10/Sep/2026:06:06:07 +0000] "GET /uploads/TEMP/items/1776068529ef2BC.jpeg HTTP/1.1" 200 91790 "-" "Dalvik/2.1.0 (Linux; U; Android 12; VNE-N41 Build/HONORVNE-N41)"
176.224.163.227 - - [10/Sep/2026:06:06:07 +0000] "GET /uploads/TEMP/items/1776068560Ltncw.jpeg HTTP/1.1" 200 116524 "-" "Dalvik/2.1.0 (Linux; U; Android 12; VNE-N41 Build/HONORVNE-N41)"
176.224.163.227 - - [10/Sep/2026:06:06:08 +0000] "GET /uploads/TEMP/items/1776070822lwqBF.jpeg HTTP/1.1" 200 143050 "-" "Dalvik/2.1.0 (Linux; U; Android 12; VNE-N41 Build/HONORVNE-N41)"
176.224.163.227 - - [10/Sep/2026:06:06:08 +0000] "GET /uploads/TEMP/items/17760686249n8ui.jpeg HTTP/1.1" 200 144246 "-" "Dalvik/2.1.0 (Linux; U; Android 12; VNE-N41 Build/HONORVNE-N41)"
176.224.163.227 - - [10/Sep/2026:06:06:08 +0000] "GET /api/v1/ads/get-active-ads?env=dev HTTP/1.1" 200 1178 "-" "okhttp/5.0.0-alpha.14"
176.224.163.227 - - [10/Sep/2026:06:06:08 +0000] "POST /api/v1/ads/track-impression?env=dev HTTP/1.1" 200 116 "-" "okhttp/5.0.0-alpha.14"
176.224.163.227 - - [10/Sep/2026:06:06:12 +0000] "GET /api/v1/home/offer?env=dev HTTP/1.1" 200 445 "-" "okhttp/5.0.0-alpha.14"
5.163.42.249 - - [10/Sep/2026:06:06:13 +0000] "GET /app/branch/order/index?OrderSearch%5Bbranch_id%5D=&OrderSearch%5Border_number%5D=&OrderSearch%5Border_date_time%5D=2026-09-10&OrderSearch%5Border_total%5D=&OrderSearch%5Bdelivery_option%5D=&OrderSearch%5Border_status%5D=&OrderSearch%5Bpayment_option%5D=&OrderSearch%5Buser_id%5D=&OrderSearch%5Bdeliveryboy_id%5D=&OrderSearch%5Bis_subscription_order_type%5D=&_pjax=%23pjax-grid-view HTTP/1.1" 200 1389 "https://nabawater.com.sa/app/branch/order/index?OrderSearch%5Bbranch_id%5D=&OrderSearch%5Border_number%5D=&OrderSearch%5Border_date_time%5D=2026-09-10&OrderSearch%5Border_total%5D=&OrderSearch%5Bdelivery_option%5D=&OrderSearch%5Border_status%5D=&OrderSearch%5Bpayment_option%5D=&OrderSearch%5Buser_id%5D=&OrderSearch%5Bdeliveryboy_id%5D=&OrderSearch%5Bis_subscription_order_type%5D=" "Mozilla/5.0 (X11; Linux x86_64) AppleWebKit/537.36 (KHTML, like Gecko) Chrome/152.0.0.0 Safari/537.36"
176.224.163.227 - - [10/Sep/2026:06:06:18 +0000] "GET /api/v1/home/offer?env=dev HTTP/1.1" 200 445 "-" "okhttp/5.0.0-alpha.14"
176.224.163.227 - - [10/Sep/2026:06:06:21 +0000] "GET /api/v1/home?latitude=28.4093879&longitude=36.5790161&page=1&item_purchase_type=1&category_id=&env=dev HTTP/1.1" 200 6977 "-" "okhttp/5.0.0-alpha.14"
176.224.163.227 - - [10/Sep/2026:06:06:21 +0000] "GET /api/v1/home?latitude=28.4093879&longitude=36.5790161&page=2&item_purchase_type=1&category_id=&env=dev HTTP/1.1" 200 4429 "-" "okhttp/5.0.0-alpha.14"
176.224.163.227 - - [10/Sep/2026:06:06:22 +0000] "GET /api/v1/home?latitude=28.4093879&longitude=36.5790161&page=1&item_purchase_type=2&category_id=&env=dev HTTP/1.1" 200 588 "-" "okhttp/5.0.0-alpha.14"
5.163.42.249 - - [10/Sep/2026:06:06:33 +0000] "GET /app/branch/order/index?OrderSearch%5Bbranch_id%5D=&OrderSearch%5Border_number%5D=&OrderSearch%5Border_date_time%5D=2026-09-10&OrderSearch%5Border_total%5D=&OrderSearch%5Bdelivery_option%5D=&OrderSearch%5Border_status%5D=&OrderSearch%5Bpayment_option%5D=&OrderSearch%5Buser_id%5D=&OrderSearch%5Bdeliveryboy_id%5D=&OrderSearch%5Bis_subscription_order_type%5D=&_pjax=%23pjax-grid-view HTTP/1.1" 200 1389 "https://nabawater.com.sa/app/branch/order/index?OrderSearch%5Bbranch_id%5D=&OrderSearch%5Border_number%5D=&OrderSearch%5Border_date_time%5D=2026-09-10&OrderSearch%5Border_total%5D=&OrderSearch%5Bdelivery_option%5D=&OrderSearch%5Border_status%5D=&OrderSearch%5Bpayment_option%5D=&OrderSearch%5Buser_id%5D=&OrderSearch%5Bdeliveryboy_id%5D=&OrderSearch%5Bis_subscription_order_type%5D=" "Mozilla/5.0 (X11; Linux x86_64) AppleWebKit/537.36 (KHTML, like Gecko) Chrome/152.0.0.0 Safari/537.36"
20.169.73.38 - - [10/Sep/2026:06:06:35 +0000] "GET / HTTP/1.1" 302 5 "-" "Mozilla/5.0 AppleWebKit/537.36 (KHTML, like Gecko); compatible; ChatGPT-User/1.0; +https://openai.com/bot"
20.169.73.38 - - [10/Sep/2026:06:06:35 +0000] "GET /product-list-normal-orders HTTP/1.1" 200 19542 "-" "Mozilla/5.0 AppleWebKit/537.36 (KHTML, like Gecko); compatible; ChatGPT-User/1.0; +https://openai.com/bot"
176.224.163.227 - - [10/Sep/2026:06:06:45 +0000] "POST /api/v1/user/otp-login?env=dev HTTP/1.1" 417 116 "-" "okhttp/5.0.0-alpha.14"
