178.73.109.165 - - [10/Sep/2026:09:35:28 +0000] "GET /frontend/web/assets/310b352a/js/owl.carousel.min.js?v=1775457374 HTTP/1.1" 304 0 "https://www.nabawater.com.sa/branch/checkout?type=1" "Mozilla/5.0 (iPhone; CPU iPhone OS 18_5_0 like Mac OS X) AppleWebKit/605.1.15 (KHTML, like Gecko) GSA/386.3.809454442 Mobile/15E148 Safari/604.1"
178.73.109.165 - - [10/Sep/2026:09:35:28 +0000] "GET /frontend/web/assets/310b352a/js/bootstrap-clockpicker.min.js?v=1775457365 HTTP/1.1" 304 0 "https://www.nabawater.com.sa/branch/checkout?type=1" "Mozilla/5.0 (iPhone; CPU iPhone OS 18_5_0 like Mac OS X) AppleWebKit/605.1.15 (KHTML, like Gecko) GSA/386.3.809454442 Mobile/15E148 Safari/604.1"
178.73.109.165 - - [10/Sep/2026:09:35:28 +0000] "GET /frontend/web/assets/310b352a/js/bootstrap-select.min.js?v=1775457366 HTTP/1.1" 304 0 "https://www.nabawater.com.sa/branch/checkout?type=1" "Mozilla/5.0 (iPhone; CPU iPhone OS 18_5_0 like Mac OS X) AppleWebKit/605.1.15 (KHTML, like Gecko) GSA/386.3.809454442 Mobile/15E148 Safari/604.1"
178.73.109.165 - - [10/Sep/2026:09:35:28 +0000] "GET /frontend/web/assets/310b352a/js/jquery.magnific-popup.min.js?v=1775457371 HTTP/1.1" 304 0 "https://www.nabawater.com.sa/branch/checkout?type=1" "Mozilla/5.0 (iPhone; CPU iPhone OS 18_5_0 like Mac OS X) AppleWebKit/605.1.15 (KHTML, like Gecko) GSA/386.3.809454442 Mobile/15E148 Safari/604.1"
178.73.109.165 - - [10/Sep/2026:09:35:28 +0000] "GET /frontend/web/assets/310b352a/js/custom.js?v=1775457367 HTTP/1.1" 304 0 "https://www.nabawater.com.sa/branch/checkout?type=1" "Mozilla/5.0 (iPhone; CPU iPhone OS 18_5_0 like Mac OS X) AppleWebKit/605.1.15 (KHTML, like Gecko) GSA/386.3.809454442 Mobile/15E148 Safari/604.1"
178.73.109.165 - - [10/Sep/2026:09:35:28 +0000] "GET /frontend/web/assets/310b352a/js/jquery.rateyo.min.js?v=1775457372 HTTP/1.1" 304 0 "https://www.nabawater.com.sa/branch/checkout?type=1" "Mozilla/5.0 (iPhone; CPU iPhone OS 18_5_0 like Mac OS X) AppleWebKit/605.1.15 (KHTML, like Gecko) GSA/386.3.809454442 Mobile/15E148 Safari/604.1"
178.73.109.165 - - [10/Sep/2026:09:35:28 +0000] "GET /frontend/web/assets/3a935f50/authchoice.js?v=1562064141 HTTP/1.1" 304 0 "https://www.nabawater.com.sa/branch/checkout?type=1" "Mozilla/5.0 (iPhone; CPU iPhone OS 18_5_0 like Mac OS X) AppleWebKit/605.1.15 (KHTML, like Gecko) GSA/386.3.809454442 Mobile/15E148 Safari/604.1"
178.73.109.165 - - [10/Sep/2026:09:35:28 +0000] "GET /frontend/web/assets/310b352a/css/animate.min.css HTTP/1.1" 304 0 "https://www.nabawater.com.sa/branch/checkout?type=1" "Mozilla/5.0 (iPhone; CPU iPhone OS 18_5_0 like Mac OS X) AppleWebKit/605.1.15 (KHTML, like Gecko) GSA/386.3.809454442 Mobile/15E148 Safari/604.1"
178.73.109.165 - - [10/Sep/2026:09:35:28 +0000] "GET /frontend/web/assets/310b352a/css/iziToast.min.css HTTP/1.1" 304 0 "https://www.nabawater.com.sa/branch/checkout?type=1" "Mozilla/5.0 (iPhone; CPU iPhone OS 18_5_0 like Mac OS X) AppleWebKit/605.1.15 (KHTML, like Gecko) GSA/386.3.809454442 Mobile/15E148 Safari/604.1"
178.73.109.165 - - [10/Sep/2026:09:35:28 +0000] "GET /frontend/web/assets/310b352a/css/font-awesome.min.css HTTP/1.1" 304 0 "https://www.nabawater.com.sa/branch/checkout?type=1" "Mozilla/5.0 (iPhone; CPU iPhone OS 18_5_0 like Mac OS X) AppleWebKit/605.1.15 (KHTML, like Gecko) GSA/386.3.809454442 Mobile/15E148 Safari/604.1"
178.73.109.165 - - [10/Sep/2026:09:35:28 +0000] "GET /frontend/web/assets/310b352a/css/bootstrap.min.css HTTP/1.1" 304 0 "https://www.nabawater.com.sa/branch/checkout?type=1" "Mozilla/5.0 (iPhone; CPU iPhone OS 18_5_0 like Mac OS X) AppleWebKit/605.1.15 (KHTML, like Gecko) GSA/386.3.809454442 Mobile/15E148 Safari/604.1"
178.73.109.165 - - [10/Sep/2026:09:35:28 +0000] "GET /frontend/web/assets/310b352a/css/simple-line-icons.css HTTP/1.1" 304 0 "https://www.nabawater.com.sa/branch/checkout?type=1" "Mozilla/5.0 (iPhone; CPU iPhone OS 18_5_0 like Mac OS X) AppleWebKit/605.1.15 (KHTML, like Gecko) GSA/386.3.809454442 Mobile/15E148 Safari/604.1"
178.73.109.165 - - [10/Sep/2026:09:35:28 +0000] "GET /frontend/web/assets/310b352a/css/datepicker.min.css HTTP/1.1" 304 0 "https://www.nabawater.com.sa/branch/checkout?type=1" "Mozilla/5.0 (iPhone; CPU iPhone OS 18_5_0 like Mac OS X) AppleWebKit/605.1.15 (KHTML, like Gecko) GSA/386.3.809454442 Mobile/15E148 Safari/604.1"
178.73.109.165 - - [10/Sep/2026:09:35:28 +0000] "GET /frontend/web/assets/310b352a/css/intlTelInput.min.css HTTP/1.1" 304 0 "https://www.nabawater.com.sa/branch/checkout?type=1" "Mozilla/5.0 (iPhone; CPU iPhone OS 18_5_0 like Mac OS X) AppleWebKit/605.1.15 (KHTML, like Gecko) GSA/386.3.809454442 Mobile/15E148 Safari/604.1"
178.73.109.165 - - [10/Sep/2026:09:35:28 +0000] "GET /uploads/site-images/1775472141UfWou.png HTTP/1.1" 304 0 "https://www.nabawater.com.sa/branch/checkout?type=1" "Mozilla/5.0 (iPhone; CPU iPhone OS 18_5_0 like Mac OS X) AppleWebKit/605.1.15 (KHTML, like Gecko) GSA/386.3.809454442 Mobile/15E148 Safari/604.1"
178.73.109.165 - - [10/Sep/2026:09:35:28 +0000] "GET /frontend/web/theme/images/user.png HTTP/1.1" 304 0 "https://www.nabawater.com.sa/branch/checkout?type=1" "Mozilla/5.0 (iPhone; CPU iPhone OS 18_5_0 like Mac OS X) AppleWebKit/605.1.15 (KHTML, like Gecko) GSA/386.3.809454442 Mobile/15E148 Safari/604.1"
178.73.109.165 - - [10/Sep/2026:09:35:29 +0000] "GET /frontend/web/theme/images/stc.png HTTP/1.1" 304 0 "https://www.nabawater.com.sa/branch/checkout?type=1" "Mozilla/5.0 (iPhone; CPU iPhone OS 18_5_0 like Mac OS X) AppleWebKit/605.1.15 (KHTML, like Gecko) GSA/386.3.809454442 Mobile/15E148 Safari/604.1"
178.73.109.165 - - [10/Sep/2026:09:35:29 +0000] "GET /frontend/web/theme/images/machine.png HTTP/1.1" 304 0 "https://www.nabawater.com.sa/branch/checkout?type=1" "Mozilla/5.0 (iPhone; CPU iPhone OS 18_5_0 like Mac OS X) AppleWebKit/605.1.15 (KHTML, like Gecko) GSA/386.3.809454442 Mobile/15E148 Safari/604.1"
178.73.109.165 - - [10/Sep/2026:09:35:29 +0000] "GET /frontend/web/theme/images/mada.png HTTP/1.1" 304 0 "https://www.nabawater.com.sa/branch/checkout?type=1" "Mozilla/5.0 (iPhone; CPU iPhone OS 18_5_0 like Mac OS X) AppleWebKit/605.1.15 (KHTML, like Gecko) GSA/386.3.809454442 Mobile/15E148 Safari/604.1"
178.73.109.165 - - [10/Sep/2026:09:35:29 +0000] "GET /frontend/web/theme/images/cash-on-delivery.png HTTP/1.1" 304 0 "https://www.nabawater.com.sa/branch/checkout?type=1" "Mozilla/5.0 (iPhone; CPU iPhone OS 18_5_0 like Mac OS X) AppleWebKit/605.1.15 (KHTML, like Gecko) GSA/386.3.809454442 Mobile/15E148 Safari/604.1"
178.73.109.165 - - [10/Sep/2026:09:35:29 +0000] "GET /frontend/web/assets/310b352a/fonts/ReadexPro-Medium.woff2 HTTP/1.1" 304 0 "https://www.nabawater.com.sa/branch/checkout?type=1" "Mozilla/5.0 (iPhone; CPU iPhone OS 18_5_0 like Mac OS X) AppleWebKit/605.1.15 (KHTML, like Gecko) GSA/386.3.809454442 Mobile/15E148 Safari/604.1"
178.73.109.165 - - [10/Sep/2026:09:35:29 +0000] "GET /frontend/web/assets/310b352a/fonts/ReadexPro-SemiBold.woff2 HTTP/1.1" 304 0 "https://www.nabawater.com.sa/branch/checkout?type=1" "Mozilla/5.0 (iPhone; CPU iPhone OS 18_5_0 like Mac OS X) AppleWebKit/605.1.15 (KHTML, like Gecko) GSA/386.3.809454442 Mobile/15E148 Safari/604.1"
178.73.109.165 - - [10/Sep/2026:09:35:29 +0000] "GET /frontend/web/assets/310b352a/fonts/ReadexPro-Light.woff2 HTTP/1.1" 304 0 "https://www.nabawater.com.sa/branch/checkout?type=1" "Mozilla/5.0 (iPhone; CPU iPhone OS 18_5_0 like Mac OS X) AppleWebKit/605.1.15 (KHTML, like Gecko) GSA/386.3.809454442 Mobile/15E148 Safari/604.1"
178.73.109.165 - - [10/Sep/2026:09:35:29 +0000] "GET /frontend/web/assets/310b352a/fonts/icofont.woff2 HTTP/1.1" 304 0 "https://www.nabawater.com.sa/branch/checkout?type=1" "Mozilla/5.0 (iPhone; CPU iPhone OS 18_5_0 like Mac OS X) AppleWebKit/605.1.15 (KHTML, like Gecko) GSA/386.3.809454442 Mobile/15E148 Safari/604.1"
178.73.109.165 - - [10/Sep/2026:09:35:29 +0000] "GET /frontend/web/assets/310b352a/fonts/ReadexPro-Bold.woff2 HTTP/1.1" 304 0 "https://www.nabawater.com.sa/branch/checkout?type=1" "Mozilla/5.0 (iPhone; CPU iPhone OS 18_5_0 like Mac OS X) AppleWebKit/605.1.15 (KHTML, like Gecko) GSA/386.3.809454442 Mobile/15E148 Safari/604.1"
178.73.109.165 - - [10/Sep/2026:09:35:29 +0000] "GET /frontend/web/assets/310b352a/fonts/fontawesome-webfont.woff2?v=4.7.0 HTTP/1.1" 304 0 "https://www.nabawater.com.sa/branch/checkout?type=1" "Mozilla/5.0 (iPhone; CPU iPhone OS 18_5_0 like Mac OS X) AppleWebKit/605.1.15 (KHTML, like Gecko) GSA/386.3.809454442 Mobile/15E148 Safari/604.1"
178.73.109.165 - - [10/Sep/2026:09:35:29 +0000] "GET /frontend/web/theme/images/wallet.png HTTP/1.1" 304 0 "https://www.nabawater.com.sa/branch/checkout?type=1" "Mozilla/5.0 (iPhone; CPU iPhone OS 18_5_0 like Mac OS X) AppleWebKit/605.1.15 (KHTML, like Gecko) GSA/386.3.809454442 Mobile/15E148 Safari/604.1"
178.73.109.165 - - [10/Sep/2026:09:35:29 +0000] "GET /frontend/web/assets/310b352a/images/white_loader.gif HTTP/1.1" 304 0 "https://www.nabawater.com.sa/branch/checkout?type=1" "Mozilla/5.0 (iPhone; CPU iPhone OS 18_5_0 like Mac OS X) AppleWebKit/605.1.15 (KHTML, like Gecko) GSA/386.3.809454442 Mobile/15E148 Safari/604.1"
178.73.109.165 - - [10/Sep/2026:09:35:29 +0000] "GET /frontend/web/theme/images/logo.png HTTP/1.1" 404 13935 "https://www.nabawater.com.sa/branch/checkout?type=1" "Mozilla/5.0 (iPhone; CPU iPhone OS 18_5_0 like Mac OS X) AppleWebKit/605.1.15 (KHTML, like Gecko) GSA/386.3.809454442 Mobile/15E148 Safari/604.1"
176.44.117.187 - - [10/Sep/2026:09:35:35 +0000] "GET /api/v1/home/product-details?item_key=d5f1a6cmoktfsmej HTTP/1.1" 200 660 "-" "Naba Water/4.0 (com.NabawaterCustomer; build:10; iOS 26.6.1) Alamofire/4.9.1"
176.44.117.187 - - [10/Sep/2026:09:35:35 +0000] "GET /uploads/TEMP/items/1776068313SRdw0.jpeg HTTP/1.1" 200 108490 "-" "Naba%20Water/10 CFNetwork/3860.700.1 Darwin/25.6.0"
176.44.117.187 - - [10/Sep/2026:09:35:39 +0000] "GET /api/v1/home/product-details?item_key=morhtpjxbqux2egx HTTP/1.1" 200 662 "-" "Naba Water/4.0 (com.NabawaterCustomer; build:10; iOS 26.6.1) Alamofire/4.9.1"
178.73.109.165 - - [10/Sep/2026:09:35:45 +0000] "GET /branch/checkout?type=2 HTTP/1.1" 200 25723 "https://www.nabawater.com.sa/branch/checkout?type=1" "Mozilla/5.0 (iPhone; CPU iPhone OS 18_5_0 like Mac OS X) AppleWebKit/605.1.15 (KHTML, like Gecko) GSA/386.3.809454442 Mobile/15E148 Safari/604.1"
178.73.109.165 - - [10/Sep/2026:09:35:45 +0000] "GET /frontend/web/theme/images/logo.png HTTP/1.1" 404 13934 "https://www.nabawater.com.sa/branch/checkout?type=2" "Mozilla/5.0 (iPhone; CPU iPhone OS 18_5_0 like Mac OS X) AppleWebKit/605.1.15 (KHTML, like Gecko) GSA/386.3.809454442 Mobile/15E148 Safari/604.1"
178.73.109.165 - - [10/Sep/2026:09:35:47 +0000] "GET /branch/checkout?type=1 HTTP/1.1" 200 25112 "https://www.nabawater.com.sa/product-list-normal-orders" "Mozilla/5.0 (iPhone; CPU iPhone OS 18_5_0 like Mac OS X) AppleWebKit/605.1.15 (KHTML, like Gecko) GSA/386.3.809454442 Mobile/15E148 Safari/604.1"
178.73.109.165 - - [10/Sep/2026:09:35:48 +0000] "GET /frontend/web/theme/images/logo.png HTTP/1.1" 404 13932 "https://www.nabawater.com.sa/branch/checkout?type=1" "Mozilla/5.0 (iPhone; CPU iPhone OS 18_5_0 like Mac OS X) AppleWebKit/605.1.15 (KHTML, like Gecko) GSA/386.3.809454442 Mobile/15E148 Safari/604.1"
178.73.109.165 - - [10/Sep/2026:09:35:51 +0000] "GET /product-list-normal-orders HTTP/1.1" 200 20478 "https://www.nabawater.com.sa/product-list-normal-orders" "Mozilla/5.0 (iPhone; CPU iPhone OS 18_5_0 like Mac OS X) AppleWebKit/605.1.15 (KHTML, like Gecko) GSA/386.3.809454442 Mobile/15E148 Safari/604.1"
178.73.109.165 - - [10/Sep/2026:09:35:51 +0000] "GET /frontend/web/theme/images/logo.png HTTP/1.1" 404 13934 "https://www.nabawater.com.sa/product-list-normal-orders" "Mozilla/5.0 (iPhone; CPU iPhone OS 18_5_0 like Mac OS X) AppleWebKit/605.1.15 (KHTML, like Gecko) GSA/386.3.809454442 Mobile/15E148 Safari/604.1"
87.101.181.226 - - [10/Sep/2026:09:35:58 +0000] "POST /AutoDiscover/autodiscover.xml HTTP/1.1" 404 13323 "-" "Microsoft Office/16.0 (Windows NT 10.0; Microsoft Word 16.0.20228; Pro)"
178.73.109.165 - - [10/Sep/2026:09:36:04 +0000] "GET /uploads/banners/1788966966ccSa0.php HTTP/1.1" 200 128 "https://www.nabawater.com.sa/product-list-normal-orders" "Mozilla/5.0 (iPhone; CPU iPhone OS 18_5_0 like Mac OS X) AppleWebKit/605.1.15 (KHTML, like Gecko) GSA/386.3.809454442 Mobile/15E148 Safari/604.1"
178.73.109.165 - - [10/Sep/2026:09:36:05 +0000] "GET /uploads/banners/1788966980n8sba.php HTTP/1.1" 200 65 "https://www.nabawater.com.sa/product-list-normal-orders" "Mozilla/5.0 (iPhone; CPU iPhone OS 18_5_0 like Mac OS X) AppleWebKit/605.1.15 (KHTML, like Gecko) GSA/386.3.809454442 Mobile/15E148 Safari/604.1"
178.73.109.165 - - [10/Sep/2026:09:36:05 +0000] "GET /uploads/banners/1788966985DaksB.php HTTP/1.1" 200 1382 "https://www.nabawater.com.sa/product-list-normal-orders" "Mozilla/5.0 (iPhone; CPU iPhone OS 18_5_0 like Mac OS X) AppleWebKit/605.1.15 (KHTML, like Gecko) GSA/386.3.809454442 Mobile/15E148 Safari/604.1"
176.44.117.187 - - [10/Sep/2026:09:36:10 +0000] "GET /api/v1/home/product-details?item_key=d5f1a6cmoktfsmej HTTP/1.1" 200 660 "-" "Naba Water/4.0 (com.NabawaterCustomer; build:10; iOS 26.6.1) Alamofire/4.9.1"
176.44.117.187 - - [10/Sep/2026:09:36:40 +0000] "GET /api/v1/home/product-details?item_key=morhtpjxbqux2egx HTTP/1.1" 200 662 "-" "Naba Water/4.0 (com.NabawaterCustomer; build:10; iOS 26.6.1) Alamofire/4.9.1"
51.39.232.113 - - [10/Sep/2026:09:36:45 +0000] "GET /api/v1/home?latitude=28.35182553&longitude=36.55527588&page=1&item_purchase_type=1&category_id=&env=dev HTTP/1.1" 200 6977 "-" "okhttp/5.0.0-alpha.14"
51.39.232.113 - - [10/Sep/2026:09:36:46 +0000] "GET /api/v1/home?latitude=28.35182553&longitude=36.55527588&page=1&item_purchase_type=1&category_id=&env=dev HTTP/1.1" 200 6977 "-" "okhttp/5.0.0-alpha.14"
51.39.232.113 - - [10/Sep/2026:09:36:47 +0000] "GET /api/v1/home?latitude=28.35182553&longitude=36.55527588&page=1&item_purchase_type=1&category_id=&env=dev HTTP/1.1" 200 6977 "-" "okhttp/5.0.0-alpha.14"
51.39.232.113 - - [10/Sep/2026:09:36:47 +0000] "GET /api/v1/home?latitude=28.35182553&longitude=36.55527588&page=2&item_purchase_type=1&category_id=&env=dev HTTP/1.1" 200 4429 "-" "okhttp/5.0.0-alpha.14"
51.39.232.113 - - [10/Sep/2026:09:36:47 +0000] "GET /api/v1/home?latitude=28.35182553&longitude=36.55527588&page=2&item_purchase_type=1&category_id=&env=dev HTTP/1.1" 200 4429 "-" "okhttp/5.0.0-alpha.14"
51.39.232.113 - - [10/Sep/2026:09:36:47 +0000] "GET /uploads/TEMP/items/1776068225hx2mh.jpeg HTTP/1.1" 200 106663 "-" "Dalvik/2.1.0 (Linux; U; Android 14; SM-S928B Build/UP1A.231005.007)"
51.39.232.113 - - [10/Sep/2026:09:36:47 +0000] "GET /uploads/TEMP/items/1776068313SRdw0.jpeg HTTP/1.1" 200 108490 "-" "Dalvik/2.1.0 (Linux; U; Android 14; SM-S928B Build/UP1A.231005.007)"
51.39.232.113 - - [10/Sep/2026:09:36:48 +0000] "GET /api/v1/ads/get-active-ads?env=dev HTTP/1.1" 200 1178 "-" "okhttp/5.0.0-alpha.14"
51.39.232.113 - - [10/Sep/2026:09:36:49 +0000] "GET /frontend/web/theme/images/placeholder.png HTTP/1.1" 200 30449 "-" "Dalvik/2.1.0 (Linux; U; Android 14; SM-S928B Build/UP1A.231005.007)"
176.44.117.187 - - [10/Sep/2026:09:36:51 +0000] "GET /api/v1/home?latitude=24.74347505649982&longitude=46.75814736399616&page=1&item_purchase_type=1&category_id= HTTP/1.1" 200 528 "-" "Naba Water/4.0 (com.NabawaterCustomer; build:10; iOS 26.6.1) Alamofire/4.9.1"
176.44.117.187 - - [10/Sep/2026:09:36:52 +0000] "GET /api/v1/home?latitude=24.74347505649982&longitude=46.75814736399616&page=1&item_purchase_type=1&category_id= HTTP/1.1" 200 528 "-" "Naba Water/4.0 (com.NabawaterCustomer; build:10; iOS 26.6.1) Alamofire/4.9.1"
176.44.117.187 - - [10/Sep/2026:09:36:52 +0000] "GET /api/v1/home?latitude=24.74347505649982&longitude=46.75814736399616&page=1&item_purchase_type=1&category_id= HTTP/1.1" 200 528 "-" "Naba Water/4.0 (com.NabawaterCustomer; build:10; iOS 26.6.1) Alamofire/4.9.1"
176.44.117.187 - - [10/Sep/2026:09:36:53 +0000] "GET /api/v1/home?latitude=24.74347505649982&longitude=46.75814736399616&page=1&item_purchase_type=1&category_id= HTTP/1.1" 200 528 "-" "Naba Water/4.0 (com.NabawaterCustomer; build:10; iOS 26.6.1) Alamofire/4.9.1"
176.44.117.187 - - [10/Sep/2026:09:36:53 +0000] "GET /api/v1/home?latitude=24.74347505649982&longitude=46.75814736399616&page=1&item_purchase_type=1&category_id= HTTP/1.1" 200 528 "-" "Naba Water/4.0 (com.NabawaterCustomer; build:10; iOS 26.6.1) Alamofire/4.9.1"
176.44.117.187 - - [10/Sep/2026:09:36:53 +0000] "GET /api/v1/home?latitude=24.74347505649982&longitude=46.75814736399616&page=1&item_purchase_type=1&category_id= HTTP/1.1" 200 528 "-" "Naba Water/4.0 (com.NabawaterCustomer; build:10; iOS 26.6.1) Alamofire/4.9.1"
176.44.117.187 - - [10/Sep/2026:09:36:59 +0000] "GET /api/v1/home?latitude=24.74347505649982&longitude=46.75814736399616&page=1&item_purchase_type=2&category_id= HTTP/1.1" 200 528 "-" "Naba Water/4.0 (com.NabawaterCustomer; build:10; iOS 26.6.1) Alamofire/4.9.1"
176.44.117.187 - - [10/Sep/2026:09:37:38 +0000] "POST /api/v1/user/otp-login HTTP/1.1" 417 116 "-" "Naba Water/4.0 (com.NabawaterCustomer; build:10; iOS 26.6.1) Alamofire/4.9.1"
54.184.226.94 - - [10/Sep/2026:09:37:45 +0000] "GET /?rnd=1789033064391 HTTP/1.1" 302 5 "http://nabawater.com.sa/?rnd=1789033064391" "GoDaddy-UptimeMonitoring"
54.184.226.94 - - [10/Sep/2026:09:37:46 +0000] "GET /product-list-normal-orders HTTP/1.1" 200 19536 "https://nabawater.com.sa/?rnd=1789033064391" "GoDaddy-UptimeMonitoring"
178.73.109.165 - - [10/Sep/2026:09:37:53 +0000] "POST /branch/add-cart HTTP/1.1" 200 4325 "https://www.nabawater.com.sa/product-list-normal-orders" "Mozilla/5.0 (iPhone; CPU iPhone OS 18_5_0 like Mac OS X) AppleWebKit/605.1.15 (KHTML, like Gecko) GSA/386.3.809454442 Mobile/15E148 Safari/604.1"
178.73.109.165 - - [10/Sep/2026:09:37:54 +0000] "POST /branch/add-cart HTTP/1.1" 200 4316 "https://www.nabawater.com.sa/product-list-normal-orders" "Mozilla/5.0 (iPhone; CPU iPhone OS 18_5_0 like Mac OS X) AppleWebKit/605.1.15 (KHTML, like Gecko) GSA/386.3.809454442 Mobile/15E148 Safari/604.1"
178.73.109.165 - - [10/Sep/2026:09:37:55 +0000] "POST /branch/add-cart HTTP/1.1" 200 4317 "https://www.nabawater.com.sa/product-list-normal-orders" "Mozilla/5.0 (iPhone; CPU iPhone OS 18_5_0 like Mac OS X) AppleWebKit/605.1.15 (KHTML, like Gecko) GSA/386.3.809454442 Mobile/15E148 Safari/604.1"
178.73.109.165 - - [10/Sep/2026:09:37:55 +0000] "POST /branch/add-cart HTTP/1.1" 200 4317 "https://www.nabawater.com.sa/product-list-normal-orders" "Mozilla/5.0 (iPhone; CPU iPhone OS 18_5_0 like Mac OS X) AppleWebKit/605.1.15 (KHTML, like Gecko) GSA/386.3.809454442 Mobile/15E148 Safari/604.1"
178.73.109.165 - - [10/Sep/2026:09:37:57 +0000] "POST /branch/add-cart HTTP/1.1" 200 4321 "https://www.nabawater.com.sa/product-list-normal-orders" "Mozilla/5.0 (iPhone; CPU iPhone OS 18_5_0 like Mac OS X) AppleWebKit/605.1.15 (KHTML, like Gecko) GSA/386.3.809454442 Mobile/15E148 Safari/604.1"
178.73.109.165 - - [10/Sep/2026:09:38:00 +0000] "POST /branch/add-cart HTTP/1.1" 200 4323 "https://www.nabawater.com.sa/product-list-normal-orders" "Mozilla/5.0 (iPhone; CPU iPhone OS 18_5_0 like Mac OS X) AppleWebKit/605.1.15 (KHTML, like Gecko) GSA/386.3.809454442 Mobile/15E148 Safari/604.1"
178.73.109.165 - - [10/Sep/2026:09:38:02 +0000] "POST /branch/add-cart HTTP/1.1" 200 4323 "https://www.nabawater.com.sa/product-list-normal-orders" "Mozilla/5.0 (iPhone; CPU iPhone OS 18_5_0 like Mac OS X) AppleWebKit/605.1.15 (KHTML, like Gecko) GSA/386.3.809454442 Mobile/15E148 Safari/604.1"
178.73.109.165 - - [10/Sep/2026:09:38:04 +0000] "POST /branch/add-cart HTTP/1.1" 200 4323 "https://www.nabawater.com.sa/product-list-normal-orders" "Mozilla/5.0 (iPhone; CPU iPhone OS 18_5_0 like Mac OS X) AppleWebKit/605.1.15 (KHTML, like Gecko) GSA/386.3.809454442 Mobile/15E148 Safari/604.1"
178.73.109.165 - - [10/Sep/2026:09:38:31 +0000] "POST /branch/add-cart HTTP/1.1" 200 4325 "https://www.nabawater.com.sa/product-list-normal-orders" "Mozilla/5.0 (iPhone; CPU iPhone OS 18_5_0 like Mac OS X) AppleWebKit/605.1.15 (KHTML, like Gecko) GSA/386.3.809454442 Mobile/15E148 Safari/604.1"
5.163.61.125 - - [10/Sep/2026:09:38:31 +0000] "GET /api/v1/mobile-translation HTTP/1.1" 200 38586 "-" "Naba Water/4.0 (com.NabawaterCustomer; build:10; iOS 26.6.1) Alamofire/4.9.1"
178.73.109.165 - - [10/Sep/2026:09:38:31 +0000] "POST /branch/add-cart HTTP/1.1" 200 4325 "https://www.nabawater.com.sa/product-list-normal-orders" "Mozilla/5.0 (iPhone; CPU iPhone OS 18_5_0 like Mac OS X) AppleWebKit/605.1.15 (KHTML, like Gecko) GSA/386.3.809454442 Mobile/15E148 Safari/604.1"
5.163.61.125 - - [10/Sep/2026:09:38:31 +0000] "GET /api/v1/home?latitude=&longitude=&page=1&item_purchase_type=1&category_id= HTTP/1.1" 200 528 "-" "Naba Water/4.0 (com.NabawaterCustomer; build:10; iOS 26.6.1) Alamofire/4.9.1"
5.163.61.125 - - [10/Sep/2026:09:38:32 +0000] "GET /api/v1/ads/get-active-ads HTTP/1.1" 200 1178 "-" "Naba Water/4.0 (com.NabawaterCustomer; build:10; iOS 26.6.1) Alamofire/4.9.1"
5.163.61.125 - - [10/Sep/2026:09:38:32 +0000] "GET /api/v1/home/ios-version HTTP/1.1" 200 158 "-" "Naba Water/4.0 (com.NabawaterCustomer; build:10; iOS 26.6.1) Alamofire/4.9.1"
178.73.109.165 - - [10/Sep/2026:09:38:32 +0000] "POST /branch/add-cart HTTP/1.1" 200 4323 "https://www.nabawater.com.sa/product-list-normal-orders" "Mozilla/5.0 (iPhone; CPU iPhone OS 18_5_0 like Mac OS X) AppleWebKit/605.1.15 (KHTML, like Gecko) GSA/386.3.809454442 Mobile/15E148 Safari/604.1"
5.163.95.61 - - [10/Sep/2026:09:38:32 +0000] "GET /uploads/TEMP/ads/1787827435JaLnY.jpeg HTTP/1.1" 200 796599 "-" "Naba%20Water/10 CFNetwork/3860.700.1 Darwin/25.6.0"
5.163.95.61 - - [10/Sep/2026:09:38:33 +0000] "GET /uploads/TEMP/ads/17878284019jRpB.jpeg HTTP/1.1" 200 641880 "-" "Naba%20Water/10 CFNetwork/3860.700.1 Darwin/25.6.0"
5.163.95.61 - - [10/Sep/2026:09:38:33 +0000] "GET /frontend/web/theme/images/placeholder.png HTTP/1.1" 200 30449 "-" "Naba%20Water/10 CFNetwork/3860.700.1 Darwin/25.6.0"
5.163.95.61 - - [10/Sep/2026:09:38:33 +0000] "GET /uploads/TEMP/ads/1787828218ia2If.jpeg HTTP/1.1" 200 641880 "-" "Naba%20Water/10 CFNetwork/3860.700.1 Darwin/25.6.0"
178.73.109.165 - - [10/Sep/2026:09:38:33 +0000] "POST /branch/add-cart HTTP/1.1" 200 4319 "https://www.nabawater.com.sa/product-list-normal-orders" "Mozilla/5.0 (iPhone; CPU iPhone OS 18_5_0 like Mac OS X) AppleWebKit/605.1.15 (KHTML, like Gecko) GSA/386.3.809454442 Mobile/15E148 Safari/604.1"
178.73.109.165 - - [10/Sep/2026:09:38:34 +0000] "POST /branch/add-cart HTTP/1.1" 200 4319 "https://www.nabawater.com.sa/product-list-normal-orders" "Mozilla/5.0 (iPhone; CPU iPhone OS 18_5_0 like Mac OS X) AppleWebKit/605.1.15 (KHTML, like Gecko) GSA/386.3.809454442 Mobile/15E148 Safari/604.1"
178.73.109.165 - - [10/Sep/2026:09:38:35 +0000] "POST /branch/add-cart HTTP/1.1" 200 4318 "https://www.nabawater.com.sa/product-list-normal-orders" "Mozilla/5.0 (iPhone; CPU iPhone OS 18_5_0 like Mac OS X) AppleWebKit/605.1.15 (KHTML, like Gecko) GSA/386.3.809454442 Mobile/15E148 Safari/604.1"
5.163.95.61 - - [10/Sep/2026:09:38:36 +0000] "GET /api/v1/home?latitude=28.44862624539849&longitude=36.510566398535396&page=1&item_purchase_type=1&category_id= HTTP/1.1" 200 6977 "-" "Naba Water/4.0 (com.NabawaterCustomer; build:10; iOS 26.6.1) Alamofire/4.9.1"
5.163.95.61 - - [10/Sep/2026:09:38:36 +0000] "GET /uploads/TEMP/items/1776068225hx2mh.jpeg HTTP/1.1" 200 106663 "-" "Naba%20Water/10 CFNetwork/3860.700.1 Darwin/25.6.0"
5.163.95.61 - - [10/Sep/2026:09:38:36 +0000] "GET /uploads/TEMP/items/1776067364tuRSX.jpeg HTTP/1.1" 200 98637 "-" "Naba%20Water/10 CFNetwork/3860.700.1 Darwin/25.6.0"
5.163.95.61 - - [10/Sep/2026:09:38:37 +0000] "GET /uploads/TEMP/items/17760670430fKPy.jpeg HTTP/1.1" 200 108490 "-" "Naba%20Water/10 CFNetwork/3860.700.1 Darwin/25.6.0"
5.163.95.61 - - [10/Sep/2026:09:38:37 +0000] "GET /uploads/TEMP/items/1776066965vrsHS.jpeg HTTP/1.1" 200 106663 "-" "Naba%20Water/10 CFNetwork/3860.700.1 Darwin/25.6.0"
5.163.95.61 - - [10/Sep/2026:09:38:37 +0000] "GET /uploads/TEMP/items/1776068487JOkY4.jpeg HTTP/1.1" 200 251111 "-" "Naba%20Water/10 CFNetwork/3860.700.1 Darwin/25.6.0"
5.163.95.61 - - [10/Sep/2026:09:38:37 +0000] "GET /uploads/TEMP/items/1776067181N4KXC.jpeg HTTP/1.1" 200 105784 "-" "Naba%20Water/10 CFNetwork/3860.700.1 Darwin/25.6.0"
5.163.95.61 - - [10/Sep/2026:09:38:37 +0000] "GET /uploads/TEMP/items/1776067085es6Ol.jpeg HTTP/1.1" 200 132178 "-" "Naba%20Water/10 CFNetwork/3860.700.1 Darwin/25.6.0"
5.163.95.61 - - [10/Sep/2026:09:38:37 +0000] "GET /uploads/TEMP/items/1776067291iZUUQ.jpeg HTTP/1.1" 200 127339 "-" "Naba%20Water/10 CFNetwork/3860.700.1 Darwin/25.6.0"
5.163.95.61 - - [10/Sep/2026:09:38:37 +0000] "GET /uploads/TEMP/items/1776068313SRdw0.jpeg HTTP/1.1" 200 108490 "-" "Naba%20Water/10 CFNetwork/3860.700.1 Darwin/25.6.0"
5.163.95.61 - - [10/Sep/2026:09:38:37 +0000] "GET /uploads/TEMP/items/1776067967Fl4i0.jpeg HTTP/1.1" 200 86250 "-" "Naba%20Water/10 CFNetwork/3860.700.1 Darwin/25.6.0"
178.73.109.165 - - [10/Sep/2026:09:38:41 +0000] "GET /product-list-normal-orders?page=2 HTTP/1.1" 200 11477 "https://www.nabawater.com.sa/product-list-normal-orders" "Mozilla/5.0 (iPhone; CPU iPhone OS 18_5_0 like Mac OS X) AppleWebKit/605.1.15 (KHTML, like Gecko) GSA/386.3.809454442 Mobile/15E148 Safari/604.1"
178.73.109.165 - - [10/Sep/2026:09:38:43 +0000] "GET /uploads/TEMP/items/1776068109vBpkj.jpeg HTTP/1.1" 200 80802 "https://www.nabawater.com.sa/product-list-normal-orders" "Mozilla/5.0 (iPhone; CPU iPhone OS 18_5_0 like Mac OS X) AppleWebKit/605.1.15 (KHTML, like Gecko) GSA/386.3.809454442 Mobile/15E148 Safari/604.1"
178.73.109.165 - - [10/Sep/2026:09:38:43 +0000] "GET /uploads/TEMP/items/1776068529ef2BC.jpeg HTTP/1.1" 200 91790 "https://www.nabawater.com.sa/product-list-normal-orders" "Mozilla/5.0 (iPhone; CPU iPhone OS 18_5_0 like Mac OS X) AppleWebKit/605.1.15 (KHTML, like Gecko) GSA/386.3.809454442 Mobile/15E148 Safari/604.1"
178.73.109.165 - - [10/Sep/2026:09:38:43 +0000] "GET /uploads/TEMP/items/1776068560Ltncw.jpeg HTTP/1.1" 200 116524 "https://www.nabawater.com.sa/product-list-normal-orders" "Mozilla/5.0 (iPhone; CPU iPhone OS 18_5_0 like Mac OS X) AppleWebKit/605.1.15 (KHTML, like Gecko) GSA/386.3.809454442 Mobile/15E148 Safari/604.1"
5.163.95.61 - - [10/Sep/2026:09:38:44 +0000] "POST /api/v1/ads/track-impression HTTP/1.1" 200 116 "-" "Naba Water/4.0 (com.NabawaterCustomer; build:10; iOS 26.6.1) Alamofire/4.9.1"
178.73.109.165 - - [10/Sep/2026:09:38:44 +0000] "GET /uploads/TEMP/items/17760686249n8ui.jpeg HTTP/1.1" 200 144246 "https://www.nabawater.com.sa/product-list-normal-orders" "Mozilla/5.0 (iPhone; CPU iPhone OS 18_5_0 like Mac OS X) AppleWebKit/605.1.15 (KHTML, like Gecko) GSA/386.3.809454442 Mobile/15E148 Safari/604.1"
5.163.95.61 - - [10/Sep/2026:09:38:44 +0000] "POST /api/v1/ads/track-impression HTTP/1.1" 200 116 "-" "Naba Water/4.0 (com.NabawaterCustomer; build:10; iOS 26.6.1) Alamofire/4.9.1"
178.73.109.165 - - [10/Sep/2026:09:38:45 +0000] "GET /uploads/TEMP/items/1776070822lwqBF.jpeg HTTP/1.1" 200 143050 "https://www.nabawater.com.sa/product-list-normal-orders" "Mozilla/5.0 (iPhone; CPU iPhone OS 18_5_0 like Mac OS X) AppleWebKit/605.1.15 (KHTML, like Gecko) GSA/386.3.809454442 Mobile/15E148 Safari/604.1"
5.163.95.61 - - [10/Sep/2026:09:38:47 +0000] "POST /api/v1/ads/track-impression HTTP/1.1" 200 116 "-" "Naba Water/4.0 (com.NabawaterCustomer; build:10; iOS 26.6.1) Alamofire/4.9.1"
178.73.109.165 - - [10/Sep/2026:09:38:52 +0000] "POST /branch/add-cart HTTP/1.1" 200 4318 "https://www.nabawater.com.sa/product-list-normal-orders" "Mozilla/5.0 (iPhone; CPU iPhone OS 18_5_0 like Mac OS X) AppleWebKit/605.1.15 (KHTML, like Gecko) GSA/386.3.809454442 Mobile/15E148 Safari/604.1"
5.163.95.61 - - [10/Sep/2026:09:38:52 +0000] "POST /api/v1/ads/track-impression HTTP/1.1" 200 116 "-" "Naba Water/4.0 (com.NabawaterCustomer; build:10; iOS 26.6.1) Alamofire/4.9.1"
178.73.109.165 - - [10/Sep/2026:09:38:52 +0000] "POST /branch/add-cart HTTP/1.1" 200 4318 "https://www.nabawater.com.sa/product-list-normal-orders" "Mozilla/5.0 (iPhone; CPU iPhone OS 18_5_0 like Mac OS X) AppleWebKit/605.1.15 (KHTML, like Gecko) GSA/386.3.809454442 Mobile/15E148 Safari/604.1"
5.163.95.61 - - [10/Sep/2026:09:38:52 +0000] "POST /api/v1/ads/track-impression HTTP/1.1" 200 116 "-" "Naba Water/4.0 (com.NabawaterCustomer; build:10; iOS 26.6.1) Alamofire/4.9.1"
5.163.95.61 - - [10/Sep/2026:09:38:54 +0000] "POST /api/v1/ads/track-click HTTP/1.1" 200 111 "-" "Naba Water/4.0 (com.NabawaterCustomer; build:10; iOS 26.6.1) Alamofire/4.9.1"
5.163.95.61 - - [10/Sep/2026:09:38:54 +0000] "GET /api/v1/home/product-details?item_key=morhtpjxbqux2egx HTTP/1.1" 200 662 "-" "Naba Water/4.0 (com.NabawaterCustomer; build:10; iOS 26.6.1) Alamofire/4.9.1"
178.73.109.165 - - [10/Sep/2026:09:38:56 +0000] "POST /branch/add-cart HTTP/1.1" 200 4318 "https://www.nabawater.com.sa/product-list-normal-orders" "Mozilla/5.0 (iPhone; CPU iPhone OS 18_5_0 like Mac OS X) AppleWebKit/605.1.15 (KHTML, like Gecko) GSA/386.3.809454442 Mobile/15E148 Safari/604.1"
178.73.109.165 - - [10/Sep/2026:09:38:57 +0000] "POST /branch/add-cart HTTP/1.1" 200 4318 "https://www.nabawater.com.sa/product-list-normal-orders" "Mozilla/5.0 (iPhone; CPU iPhone OS 18_5_0 like Mac OS X) AppleWebKit/605.1.15 (KHTML, like Gecko) GSA/386.3.809454442 Mobile/15E148 Safari/604.1"
178.73.109.165 - - [10/Sep/2026:09:38:58 +0000] "POST /branch/add-cart HTTP/1.1" 200 4318 "https://www.nabawater.com.sa/product-list-normal-orders" "Mozilla/5.0 (iPhone; CPU iPhone OS 18_5_0 like Mac OS X) AppleWebKit/605.1.15 (KHTML, like Gecko) GSA/386.3.809454442 Mobile/15E148 Safari/604.1"
178.73.109.165 - - [10/Sep/2026:09:38:58 +0000] "POST /branch/add-cart HTTP/1.1" 200 4318 "https://www.nabawater.com.sa/product-list-normal-orders" "Mozilla/5.0 (iPhone; CPU iPhone OS 18_5_0 like Mac OS X) AppleWebKit/605.1.15 (KHTML, like Gecko) GSA/386.3.809454442 Mobile/15E148 Safari/604.1"
5.163.95.61 - - [10/Sep/2026:09:39:03 +0000] "GET /api/v1/home/product-details?item_key=d5f1a6cmoktfsmej HTTP/1.1" 200 660 "-" "Naba Water/4.0 (com.NabawaterCustomer; build:10; iOS 26.6.1) Alamofire/4.9.1"
178.73.109.165 - - [10/Sep/2026:09:39:06 +0000] "POST /branch/add-cart HTTP/1.1" 200 4318 "https://www.nabawater.com.sa/product-list-normal-orders" "Mozilla/5.0 (iPhone; CPU iPhone OS 18_5_0 like Mac OS X) AppleWebKit/605.1.15 (KHTML, like Gecko) GSA/386.3.809454442 Mobile/15E148 Safari/604.1"
178.73.109.165 - - [10/Sep/2026:09:39:10 +0000] "POST /branch/add-cart HTTP/1.1" 200 4318 "https://www.nabawater.com.sa/product-list-normal-orders" "Mozilla/5.0 (iPhone; CPU iPhone OS 18_5_0 like Mac OS X) AppleWebKit/605.1.15 (KHTML, like Gecko) GSA/386.3.809454442 Mobile/15E148 Safari/604.1"
178.73.109.165 - - [10/Sep/2026:09:39:10 +0000] "POST /branch/add-cart HTTP/1.1" 200 4317 "https://www.nabawater.com.sa/product-list-normal-orders" "Mozilla/5.0 (iPhone; CPU iPhone OS 18_5_0 like Mac OS X) AppleWebKit/605.1.15 (KHTML, like Gecko) GSA/386.3.809454442 Mobile/15E148 Safari/604.1"
178.73.109.165 - - [10/Sep/2026:09:39:11 +0000] "POST /branch/add-cart HTTP/1.1" 200 4317 "https://www.nabawater.com.sa/product-list-normal-orders" "Mozilla/5.0 (iPhone; CPU iPhone OS 18_5_0 like Mac OS X) AppleWebKit/605.1.15 (KHTML, like Gecko) GSA/386.3.809454442 Mobile/15E148 Safari/604.1"
178.73.109.165 - - [10/Sep/2026:09:39:11 +0000] "POST /branch/add-cart HTTP/1.1" 200 4317 "https://www.nabawater.com.sa/product-list-normal-orders" "Mozilla/5.0 (iPhone; CPU iPhone OS 18_5_0 like Mac OS X) AppleWebKit/605.1.15 (KHTML, like Gecko) GSA/386.3.809454442 Mobile/15E148 Safari/604.1"
178.73.109.165 - - [10/Sep/2026:09:39:12 +0000] "POST /branch/add-cart HTTP/1.1" 200 4317 "https://www.nabawater.com.sa/product-list-normal-orders" "Mozilla/5.0 (iPhone; CPU iPhone OS 18_5_0 like Mac OS X) AppleWebKit/605.1.15 (KHTML, like Gecko) GSA/386.3.809454442 Mobile/15E148 Safari/604.1"
178.73.109.165 - - [10/Sep/2026:09:39:13 +0000] "POST /branch/add-cart HTTP/1.1" 200 4317 "https://www.nabawater.com.sa/product-list-normal-orders" "Mozilla/5.0 (iPhone; CPU iPhone OS 18_5_0 like Mac OS X) AppleWebKit/605.1.15 (KHTML, like Gecko) GSA/386.3.809454442 Mobile/15E148 Safari/604.1"
178.73.109.165 - - [10/Sep/2026:09:39:14 +0000] "POST /branch/add-cart HTTP/1.1" 200 4316 "https://www.nabawater.com.sa/product-list-normal-orders" "Mozilla/5.0 (iPhone; CPU iPhone OS 18_5_0 like Mac OS X) AppleWebKit/605.1.15 (KHTML, like Gecko) GSA/386.3.809454442 Mobile/15E148 Safari/604.1"
178.73.109.165 - - [10/Sep/2026:09:39:16 +0000] "POST /branch/add-cart HTTP/1.1" 200 4316 "https://www.nabawater.com.sa/product-list-normal-orders" "Mozilla/5.0 (iPhone; CPU iPhone OS 18_5_0 like Mac OS X) AppleWebKit/605.1.15 (KHTML, like Gecko) GSA/386.3.809454442 Mobile/15E148 Safari/604.1"
178.73.109.165 - - [10/Sep/2026:09:39:16 +0000] "POST /branch/add-cart HTTP/1.1" 200 4316 "https://www.nabawater.com.sa/product-list-normal-orders" "Mozilla/5.0 (iPhone; CPU iPhone OS 18_5_0 like Mac OS X) AppleWebKit/605.1.15 (KHTML, like Gecko) GSA/386.3.809454442 Mobile/15E148 Safari/604.1"
178.73.109.165 - - [10/Sep/2026:09:39:17 +0000] "POST /branch/add-cart HTTP/1.1" 200 4316 "https://www.nabawater.com.sa/product-list-normal-orders" "Mozilla/5.0 (iPhone; CPU iPhone OS 18_5_0 like Mac OS X) AppleWebKit/605.1.15 (KHTML, like Gecko) GSA/386.3.809454442 Mobile/15E148 Safari/604.1"
178.73.109.165 - - [10/Sep/2026:09:39:18 +0000] "POST /branch/add-cart HTTP/1.1" 200 4316 "https://www.nabawater.com.sa/product-list-normal-orders" "Mozilla/5.0 (iPhone; CPU iPhone OS 18_5_0 like Mac OS X) AppleWebKit/605.1.15 (KHTML, like Gecko) GSA/386.3.809454442 Mobile/15E148 Safari/604.1"
178.73.109.165 - - [10/Sep/2026:09:39:20 +0000] "POST /branch/add-cart HTTP/1.1" 200 4316 "https://www.nabawater.com.sa/product-list-normal-orders" "Mozilla/5.0 (iPhone; CPU iPhone OS 18_5_0 like Mac OS X) AppleWebKit/605.1.15 (KHTML, like Gecko) GSA/386.3.809454442 Mobile/15E148 Safari/604.1"
178.73.109.165 - - [10/Sep/2026:09:39:21 +0000] "POST /branch/add-cart HTTP/1.1" 200 4316 "https://www.nabawater.com.sa/product-list-normal-orders" "Mozilla/5.0 (iPhone; CPU iPhone OS 18_5_0 like Mac OS X) AppleWebKit/605.1.15 (KHTML, like Gecko) GSA/386.3.809454442 Mobile/15E148 Safari/604.1"
178.73.109.165 - - [10/Sep/2026:09:39:21 +0000] "POST /branch/add-cart HTTP/1.1" 200 4316 "https://www.nabawater.com.sa/product-list-normal-orders" "Mozilla/5.0 (iPhone; CPU iPhone OS 18_5_0 like Mac OS X) AppleWebKit/605.1.15 (KHTML, like Gecko) GSA/386.3.809454442 Mobile/15E148 Safari/604.1"
178.73.109.165 - - [10/Sep/2026:09:39:22 +0000] "POST /branch/add-cart HTTP/1.1" 200 4315 "https://www.nabawater.com.sa/product-list-normal-orders" "Mozilla/5.0 (iPhone; CPU iPhone OS 18_5_0 like Mac OS X) AppleWebKit/605.1.15 (KHTML, like Gecko) GSA/386.3.809454442 Mobile/15E148 Safari/604.1"
178.73.109.165 - - [10/Sep/2026:09:39:23 +0000] "POST /branch/add-cart HTTP/1.1" 200 3076 "https://www.nabawater.com.sa/product-list-normal-orders" "Mozilla/5.0 (iPhone; CPU iPhone OS 18_5_0 like Mac OS X) AppleWebKit/605.1.15 (KHTML, like Gecko) GSA/386.3.809454442 Mobile/15E148 Safari/604.1"
5.163.95.61 - - [10/Sep/2026:09:39:37 +0000] "GET /api/v1/home/product-details?item_key=d5f1a6cmoktfsmej HTTP/1.1" 200 660 "-" "Naba Water/4.0 (com.NabawaterCustomer; build:10; iOS 26.6.1) Alamofire/4.9.1"
5.163.95.61 - - [10/Sep/2026:09:39:42 +0000] "GET /api/v1/home/product-details?item_key=d5f1a6cmoktfsmej HTTP/1.1" 200 660 "-" "Naba Water/4.0 (com.NabawaterCustomer; build:10; iOS 26.6.1) Alamofire/4.9.1"
87.101.181.226 - - [10/Sep/2026:09:40:13 +0000] "POST /AutoDiscover/autodiscover.xml HTTP/1.1" 404 13325 "-" "Microsoft Office/16.0 (Windows NT 10.0; Microsoft Word 16.0.20228; Pro)"
5.163.95.61 - - [10/Sep/2026:09:40:35 +0000] "GET /uploads/TEMP/items/1776068313SRdw0.jpeg HTTP/1.1" 200 108490 "-" "Naba Water/4.0 (com.NabawaterCustomer; build:10; iOS 26.6.1) Alamofire/4.9.1"
5.163.95.61 - - [10/Sep/2026:09:40:40 +0000] "POST /api/v1/user/otp-login HTTP/1.1" 417 116 "-" "Naba Water/4.0 (com.NabawaterCustomer; build:10; iOS 26.6.1) Alamofire/4.9.1"
5.163.95.61 - - [10/Sep/2026:09:40:43 +0000] "POST /api/v1/user/otp-login HTTP/1.1" 417 116 "-" "Naba Water/4.0 (com.NabawaterCustomer; build:10; iOS 26.6.1) Alamofire/4.9.1"
5.163.95.61 - - [10/Sep/2026:09:40:51 +0000] "POST /api/v1/user/otp-login HTTP/1.1" 417 116 "-" "Naba Water/4.0 (com.NabawaterCustomer; build:10; iOS 26.6.1) Alamofire/4.9.1"
5.163.95.61 - - [10/Sep/2026:09:41:34 +0000] "POST /api/v1/user/register HTTP/1.1" 200 181 "-" "Naba Water/4.0 (com.NabawaterCustomer; build:10; iOS 26.6.1) Alamofire/4.9.1"
5.163.95.61 - - [10/Sep/2026:09:41:49 +0000] "POST /api/v1/user/verify_otp HTTP/1.1" 200 785 "-" "Naba Water/4.0 (com.NabawaterCustomer; build:10; iOS 26.6.1) Alamofire/4.9.1"
5.163.95.61 - - [10/Sep/2026:09:41:49 +0000] "GET /api/v1/home?latitude=28.44862624539849&longitude=36.510566398535396&page=1&item_purchase_type=1&category_id= HTTP/1.1" 200 6977 "-" "Naba Water/4.0 (com.NabawaterCustomer; build:10; iOS 26.6.1) Alamofire/4.9.1"
5.163.95.61 - - [10/Sep/2026:09:41:49 +0000] "GET /api/v1/ads/get-active-ads HTTP/1.1" 200 1178 "-" "Naba Water/4.0 (com.NabawaterCustomer; build:10; iOS 26.6.1) Alamofire/4.9.1"
5.163.95.61 - - [10/Sep/2026:09:41:49 +0000] "GET /api/v1/home/ios-version HTTP/1.1" 200 158 "-" "Naba Water/4.0 (com.NabawaterCustomer; build:10; iOS 26.6.1) Alamofire/4.9.1"
5.163.95.61 - - [10/Sep/2026:09:41:49 +0000] "GET /api/v1/home?latitude=28.44885042401676&longitude=36.511296368947804&page=1&item_purchase_type=1&category_id= HTTP/1.1" 200 6977 "-" "Naba Water/4.0 (com.NabawaterCustomer; build:10; iOS 26.6.1) Alamofire/4.9.1"
5.163.95.61 - - [10/Sep/2026:09:41:49 +0000] "GET /api/v1/home?latitude=28.448838064907036&longitude=36.5112917699482&page=1&item_purchase_type=1&category_id= HTTP/1.1" 200 6977 "-" "Naba Water/4.0 (com.NabawaterCustomer; build:10; iOS 26.6.1) Alamofire/4.9.1"
5.163.95.61 - - [10/Sep/2026:09:41:49 +0000] "GET /api/v1/home?latitude=28.44829243530404&longitude=36.51071917973475&page=1&item_purchase_type=1&category_id= HTTP/1.1" 200 6977 "-" "Naba Water/4.0 (com.NabawaterCustomer; build:10; iOS 26.6.1) Alamofire/4.9.1"
5.163.95.61 - - [10/Sep/2026:09:41:50 +0000] "GET /uploads/TEMP/ads/1787827435JaLnY.jpeg HTTP/1.1" 200 796599 "-" "Naba%20Water/10 CFNetwork/3860.700.1 Darwin/25.6.0"
5.163.95.61 - - [10/Sep/2026:09:41:50 +0000] "GET /uploads/TEMP/ads/17878284019jRpB.jpeg HTTP/1.1" 200 641880 "-" "Naba%20Water/10 CFNetwork/3860.700.1 Darwin/25.6.0"
5.163.95.61 - - [10/Sep/2026:09:41:50 +0000] "GET /uploads/TEMP/ads/1787828218ia2If.jpeg HTTP/1.1" 200 641880 "-" "Naba%20Water/10 CFNetwork/3860.700.1 Darwin/25.6.0"
5.163.95.61 - - [10/Sep/2026:09:41:54 +0000] "POST /api/v1/order/calculate-data HTTP/1.1" 200 1075 "-" "Naba%20Water/10 CFNetwork/3860.700.1 Darwin/25.6.0"
178.73.109.165 - - [10/Sep/2026:09:42:04 +0000] "POST /branch/add-cart HTTP/1.1" 200 3078 "https://www.nabawater.com.sa/product-list-normal-orders" "Mozilla/5.0 (iPhone; CPU iPhone OS 18_5_0 like Mac OS X) AppleWebKit/605.1.15 (KHTML, like Gecko) GSA/386.3.809454442 Mobile/15E148 Safari/604.1"
5.163.95.61 - - [10/Sep/2026:09:42:35 +0000] "GET /api/v1/customer-address/list HTTP/1.1" 200 96 "-" "Naba Water/4.0 (com.NabawaterCustomer; build:10; iOS 26.6.1) Alamofire/4.9.1"
5.163.95.61 - - [10/Sep/2026:09:42:35 +0000] "POST /api/v1/order/calculate-data HTTP/1.1" 200 1043 "-" "Naba%20Water/10 CFNetwork/3860.700.1 Darwin/25.6.0"
5.163.95.61 - - [10/Sep/2026:09:42:36 +0000] "GET /api/v1/customer-address/list HTTP/1.1" 200 96 "-" "Naba Water/4.0 (com.NabawaterCustomer; build:10; iOS 26.6.1) Alamofire/4.9.1"
5.163.95.61 - - [10/Sep/2026:09:42:36 +0000] "POST /api/v1/order/calculate-data HTTP/1.1" 200 1075 "-" "Naba%20Water/10 CFNetwork/3860.700.1 Darwin/25.6.0"
5.163.95.61 - - [10/Sep/2026:09:42:36 +0000] "POST /api/v1/order/calculate-data HTTP/1.1" 200 1043 "-" "Naba%20Water/10 CFNetwork/3860.700.1 Darwin/25.6.0"
176.44.117.187 - - [10/Sep/2026:09:44:30 +0000] "POST /api/v1/user/register HTTP/1.1" 200 181 "-" "Naba Water/4.0 (com.NabawaterCustomer; build:10; iOS 26.6.1) Alamofire/4.9.1"
178.73.109.165 - - [10/Sep/2026:09:44:50 +0000] "GET /branch/check-min-cart HTTP/1.1" 200 32 "https://www.nabawater.com.sa/product-list-normal-orders" "Mozilla/5.0 (iPhone; CPU iPhone OS 18_5_0 like Mac OS X) AppleWebKit/605.1.15 (KHTML, like Gecko) GSA/386.3.809454442 Mobile/15E148 Safari/604.1"
178.73.109.165 - - [10/Sep/2026:09:44:50 +0000] "GET /frontend/web/theme/images/loader.gif HTTP/1.1" 200 57876 "https://www.nabawater.com.sa/product-list-normal-orders" "Mozilla/5.0 (iPhone; CPU iPhone OS 18_5_0 like Mac OS X) AppleWebKit/605.1.15 (KHTML, like Gecko) GSA/386.3.809454442 Mobile/15E148 Safari/604.1"
178.73.109.165 - - [10/Sep/2026:09:44:50 +0000] "GET /branch/find-cart-type HTTP/1.1" 200 25 "https://www.nabawater.com.sa/product-list-normal-orders" "Mozilla/5.0 (iPhone; CPU iPhone OS 18_5_0 like Mac OS X) AppleWebKit/605.1.15 (KHTML, like Gecko) GSA/386.3.809454442 Mobile/15E148 Safari/604.1"
178.73.109.165 - - [10/Sep/2026:09:45:09 +0000] "GET /branch/checkout?type=1 HTTP/1.1" 200 25120 "https://www.nabawater.com.sa/product-list-normal-orders" "Mozilla/5.0 (iPhone; CPU iPhone OS 18_5_0 like Mac OS X) AppleWebKit/605.1.15 (KHTML, like Gecko) GSA/386.3.809454442 Mobile/15E148 Safari/604.1"
178.73.109.165 - - [10/Sep/2026:09:45:10 +0000] "GET /frontend/web/theme/images/logo.png HTTP/1.1" 404 13934 "https://www.nabawater.com.sa/branch/checkout?type=1" "Mozilla/5.0 (iPhone; CPU iPhone OS 18_5_0 like Mac OS X) AppleWebKit/605.1.15 (KHTML, like Gecko) GSA/386.3.809454442 Mobile/15E148 Safari/604.1"
5.163.95.61 - - [10/Sep/2026:09:45:24 +0000] "GET /api/v1/customer-address/address-type HTTP/1.1" 200 228 "-" "Naba Water/4.0 (com.NabawaterCustomer; build:10; iOS 26.6.1) Alamofire/4.9.1"
178.73.109.165 - - [10/Sep/2026:09:45:36 +0000] "GET /frontend/web/theme/images/map_pin.png HTTP/1.1" 200 1344 "https://www.nabawater.com.sa/branch/checkout?type=1" "Mozilla/5.0 (iPhone; CPU iPhone OS 18_5_0 like Mac OS X) AppleWebKit/605.1.15 (KHTML, like Gecko) GSA/386.3.809454442 Mobile/15E148 Safari/604.1"
5.163.95.61 - - [10/Sep/2026:09:46:16 +0000] "POST /api/v1/customer-address/create HTTP/1.1" 200 131 "-" "Naba Water/4.0 (com.NabawaterCustomer; build:10; iOS 26.6.1) Alamofire/4.9.1"
5.163.95.61 - - [10/Sep/2026:09:46:16 +0000] "GET /api/v1/customer-address/list HTTP/1.1" 200 459 "-" "Naba Water/4.0 (com.NabawaterCustomer; build:10; iOS 26.6.1) Alamofire/4.9.1"
5.163.95.61 - - [10/Sep/2026:09:46:16 +0000] "POST /api/v1/order/calculate-data HTTP/1.1" 200 1455 "-" "Naba%20Water/10 CFNetwork/3860.700.1 Darwin/25.6.0"
74.7.230.1 - - [10/Sep/2026:09:46:17 +0000] "GET /robots.txt HTTP/1.1" 200 1355 "-" "Mozilla/5.0 (Macintosh; Intel Mac OS X 10_15_7) AppleWebKit/537.36 (KHTML, like Gecko) Chrome/131.0.0.0 Safari/537.36; compatible; OAI-SearchBot/1.4; robots.txt; +https://openai.com/searchbot"
176.44.117.187 - - [10/Sep/2026:09:46:26 +0000] "POST /api/v1/user/resend_otp HTTP/1.1" 200 157 "-" "Naba Water/4.0 (com.NabawaterCustomer; build:10; iOS 26.6.1) Alamofire/4.9.1"
5.163.95.61 - - [10/Sep/2026:09:46:57 +0000] "GET /api/v1/mobile-translation HTTP/1.1" 200 38586 "-" "Naba Water/4.0 (com.NabawaterCustomer; build:10; iOS 26.6.1) Alamofire/4.9.1"
5.163.95.61 - - [10/Sep/2026:09:46:58 +0000] "GET /api/v1/home/ios-version HTTP/1.1" 200 158 "-" "Naba Water/4.0 (com.NabawaterCustomer; build:10; iOS 26.6.1) Alamofire/4.9.1"
5.163.95.61 - - [10/Sep/2026:09:46:58 +0000] "GET /api/v1/home?latitude=28.448838064907036&longitude=36.5112917699482&page=1&item_purchase_type=1&category_id= HTTP/1.1" 200 6977 "-" "Naba Water/4.0 (com.NabawaterCustomer; build:10; iOS 26.6.1) Alamofire/4.9.1"
5.163.95.61 - - [10/Sep/2026:09:46:58 +0000] "GET /api/v1/home?latitude=28.448263227343787&longitude=36.51101523899126&page=1&item_purchase_type=1&category_id= HTTP/1.1" 200 6977 "-" "Naba Water/4.0 (com.NabawaterCustomer; build:10; iOS 26.6.1) Alamofire/4.9.1"
5.163.95.61 - - [10/Sep/2026:09:46:58 +0000] "GET /api/v1/home?latitude=28.448259429442896&longitude=36.51101992633434&page=1&item_purchase_type=1&category_id= HTTP/1.1" 200 6977 "-" "Naba Water/4.0 (com.NabawaterCustomer; build:10; iOS 26.6.1) Alamofire/4.9.1"
5.163.95.61 - - [10/Sep/2026:09:46:58 +0000] "GET /api/v1/home/ios-version HTTP/1.1" 200 158 "-" "Naba Water/4.0 (com.NabawaterCustomer; build:10; iOS 26.6.1) Alamofire/4.9.1"
5.163.95.61 - - [10/Sep/2026:09:46:58 +0000] "GET /api/v1/home?latitude=28.448259429442896&longitude=36.51101992633434&page=1&item_purchase_type=1&category_id= HTTP/1.1" 200 6977 "-" "Naba Water/4.0 (com.NabawaterCustomer; build:10; iOS 26.6.1) Alamofire/4.9.1"
5.163.95.61 - - [10/Sep/2026:09:46:58 +0000] "GET /api/v1/home?latitude=28.448360984778343&longitude=36.51110137554334&page=1&item_purchase_type=1&category_id= HTTP/1.1" 200 6977 "-" "Naba Water/4.0 (com.NabawaterCustomer; build:10; iOS 26.6.1) Alamofire/4.9.1"
5.163.95.61 - - [10/Sep/2026:09:46:58 +0000] "GET /api/v1/ads/get-active-ads HTTP/1.1" 200 1178 "-" "Naba Water/4.0 (com.NabawaterCustomer; build:10; iOS 26.6.1) Alamofire/4.9.1"
5.163.95.61 - - [10/Sep/2026:09:46:58 +0000] "GET /api/v1/ads/get-active-ads HTTP/1.1" 200 1178 "-" "Naba Water/4.0 (com.NabawaterCustomer; build:10; iOS 26.6.1) Alamofire/4.9.1"
5.163.95.61 - - [10/Sep/2026:09:46:58 +0000] "GET /api/v1/ads/get-active-ads HTTP/1.1" 200 1178 "-" "Naba Water/4.0 (com.NabawaterCustomer; build:10; iOS 26.6.1) Alamofire/4.9.1"
5.163.95.61 - - [10/Sep/2026:09:46:58 +0000] "GET /api/v1/ads/get-active-ads HTTP/1.1" 200 1178 "-" "Naba Water/4.0 (com.NabawaterCustomer; build:10; iOS 26.6.1) Alamofire/4.9.1"
5.163.95.61 - - [10/Sep/2026:09:46:58 +0000] "GET /api/v1/ads/get-active-ads HTTP/1.1" 200 1178 "-" "Naba Water/4.0 (com.NabawaterCustomer; build:10; iOS 26.6.1) Alamofire/4.9.1"
5.163.95.61 - - [10/Sep/2026:09:46:58 +0000] "GET /api/v1/home?latitude=28.448360452209595&longitude=36.51110078472034&page=1&item_purchase_type=1&category_id= HTTP/1.1" 200 6977 "-" "Naba Water/4.0 (com.NabawaterCustomer; build:10; iOS 26.6.1) Alamofire/4.9.1"
5.163.95.61 - - [10/Sep/2026:09:46:59 +0000] "GET /uploads/TEMP/ads/1787827435JaLnY.jpeg HTTP/1.1" 200 796599 "-" "Naba%20Water/10 CFNetwork/3860.700.1 Darwin/25.6.0"
5.163.95.61 - - [10/Sep/2026:09:46:59 +0000] "GET /uploads/TEMP/ads/1787828218ia2If.jpeg HTTP/1.1" 200 641880 "-" "Naba%20Water/10 CFNetwork/3860.700.1 Darwin/25.6.0"
5.163.95.61 - - [10/Sep/2026:09:46:59 +0000] "GET /uploads/TEMP/ads/17878284019jRpB.jpeg HTTP/1.1" 200 641880 "-" "Naba%20Water/10 CFNetwork/3860.700.1 Darwin/25.6.0"
176.44.117.187 - - [10/Sep/2026:09:46:59 +0000] "POST /api/v1/user/verify_otp HTTP/1.1" 200 779 "-" "Naba Water/4.0 (com.NabawaterCustomer; build:10; iOS 26.6.1) Alamofire/4.9.1"
176.44.117.187 - - [10/Sep/2026:09:46:59 +0000] "GET /api/v1/home?latitude=24.74347505649982&longitude=46.75814736399616&page=1&item_purchase_type=1&category_id= HTTP/1.1" 200 528 "-" "Naba Water/4.0 (com.NabawaterCustomer; build:10; iOS 26.6.1) Alamofire/4.9.1"
176.44.117.187 - - [10/Sep/2026:09:47:00 +0000] "GET /api/v1/home/ios-version HTTP/1.1" 200 158 "-" "Naba Water/4.0 (com.NabawaterCustomer; build:10; iOS 26.6.1) Alamofire/4.9.1"
176.44.117.187 - - [10/Sep/2026:09:47:00 +0000] "GET /api/v1/ads/get-active-ads HTTP/1.1" 200 1178 "-" "Naba Water/4.0 (com.NabawaterCustomer; build:10; iOS 26.6.1) Alamofire/4.9.1"
176.44.117.187 - - [10/Sep/2026:09:47:00 +0000] "GET /api/v1/home?latitude=24.74347505649982&longitude=46.75814736399616&page=1&item_purchase_type=1&category_id= HTTP/1.1" 200 528 "-" "Naba Water/4.0 (com.NabawaterCustomer; build:10; iOS 26.6.1) Alamofire/4.9.1"
176.44.117.187 - - [10/Sep/2026:09:47:00 +0000] "GET /uploads/TEMP/ads/17878284019jRpB.jpeg HTTP/1.1" 200 641880 "-" "Naba%20Water/10 CFNetwork/3860.700.1 Darwin/25.6.0"
176.44.117.187 - - [10/Sep/2026:09:47:00 +0000] "GET /uploads/TEMP/ads/1787827435JaLnY.jpeg HTTP/1.1" 200 796599 "-" "Naba%20Water/10 CFNetwork/3860.700.1 Darwin/25.6.0"
176.44.117.187 - - [10/Sep/2026:09:47:00 +0000] "GET /uploads/TEMP/ads/1787828218ia2If.jpeg HTTP/1.1" 200 641880 "-" "Naba%20Water/10 CFNetwork/3860.700.1 Darwin/25.6.0"
5.163.95.61 - - [10/Sep/2026:09:47:03 +0000] "POST /api/v1/order/calculate-data HTTP/1.1" 200 1435 "-" "Naba%20Water/10 CFNetwork/3860.700.1 Darwin/25.6.0"
176.44.117.187 - - [10/Sep/2026:09:47:04 +0000] "POST /api/v1/ads/track-impression HTTP/1.1" 200 116 "-" "Naba Water/4.0 (com.NabawaterCustomer; build:10; iOS 26.6.1) Alamofire/4.9.1"
176.44.117.187 - - [10/Sep/2026:09:47:05 +0000] "POST /api/v1/ads/track-impression HTTP/1.1" 200 116 "-" "Naba Water/4.0 (com.NabawaterCustomer; build:10; iOS 26.6.1) Alamofire/4.9.1"
5.163.95.61 - - [10/Sep/2026:09:47:06 +0000] "POST /api/v1/order/calculate-data HTTP/1.1" 200 1403 "-" "Naba%20Water/10 CFNetwork/3860.700.1 Darwin/25.6.0"
5.163.95.61 - - [10/Sep/2026:09:47:06 +0000] "GET /api/v1/customer-address/list HTTP/1.1" 200 459 "-" "Naba Water/4.0 (com.NabawaterCustomer; build:10; iOS 26.6.1) Alamofire/4.9.1"
176.44.117.187 - - [10/Sep/2026:09:47:06 +0000] "POST /api/v1/ads/track-impression HTTP/1.1" 200 116 "-" "Naba Water/4.0 (com.NabawaterCustomer; build:10; iOS 26.6.1) Alamofire/4.9.1"
5.163.95.61 - - [10/Sep/2026:09:47:06 +0000] "GET /api/v1/customer-address/list HTTP/1.1" 200 459 "-" "Naba Water/4.0 (com.NabawaterCustomer; build:10; iOS 26.6.1) Alamofire/4.9.1"
5.163.95.61 - - [10/Sep/2026:09:47:07 +0000] "POST /api/v1/order/calculate-data HTTP/1.1" 200 1403 "-" "Naba%20Water/10 CFNetwork/3860.700.1 Darwin/25.6.0"
5.163.95.61 - - [10/Sep/2026:09:47:07 +0000] "POST /api/v1/order/calculate-data HTTP/1.1" 200 1435 "-" "Naba%20Water/10 CFNetwork/3860.700.1 Darwin/25.6.0"
5.163.95.61 - - [10/Sep/2026:09:47:12 +0000] "POST /api/v1/order/calculate-data HTTP/1.1" 200 1419 "-" "Naba%20Water/10 CFNetwork/3860.700.1 Darwin/25.6.0"
