159.195.196.54 - - [10/Sep/2026:05:28:15 +0000] "GET /robots.txt HTTP/1.1" 200 1355 "-" "Mozilla/5.0 (compatible; LeadGenCheck/1.0)"
159.195.196.54 - - [10/Sep/2026:05:28:16 +0000] "GET /sitemap.xml HTTP/1.1" 200 2078 "-" "Mozilla/5.0 (compatible; LeadGenCheck/1.0)"
159.195.196.54 - - [10/Sep/2026:05:28:16 +0000] "GET /llms.txt HTTP/1.1" 404 13304 "-" "Mozilla/5.0 (compatible; LeadGenCheck/1.0)"
159.195.196.54 - - [10/Sep/2026:05:28:16 +0000] "GET /home/about HTTP/1.1" 200 16555 "-" "Mozilla/5.0 (compatible; LeadGenCheck/1.0)"
159.195.196.54 - - [10/Sep/2026:05:28:16 +0000] "GET /home/contact HTTP/1.1" 200 15717 "-" "Mozilla/5.0 (compatible; LeadGenCheck/1.0)"
159.195.196.54 - - [10/Sep/2026:05:28:17 +0000] "GET /sitemap.xml HTTP/1.1" 200 2078 "-" "Mozilla/5.0 (compatible; LeadGenCheck/1.0)"
5.163.42.241 - - [10/Sep/2026:05:28:32 +0000] "GET /app/branch/order/index?OrderSearch%5Bbranch_id%5D=&OrderSearch%5Border_number%5D=&OrderSearch%5Border_date_time%5D=2026-09-10&OrderSearch%5Border_total%5D=&OrderSearch%5Bdelivery_option%5D=&OrderSearch%5Border_status%5D=&OrderSearch%5Bpayment_option%5D=&OrderSearch%5Buser_id%5D=&OrderSearch%5Bdeliveryboy_id%5D=&OrderSearch%5Bis_subscription_order_type%5D=&_pjax=%23pjax-grid-view HTTP/1.1" 200 1389 "https://nabawater.com.sa/app/branch/order/index?OrderSearch%5Bbranch_id%5D=&OrderSearch%5Border_number%5D=&OrderSearch%5Border_date_time%5D=2026-09-10&OrderSearch%5Border_total%5D=&OrderSearch%5Bdelivery_option%5D=&OrderSearch%5Border_status%5D=&OrderSearch%5Bpayment_option%5D=&OrderSearch%5Buser_id%5D=&OrderSearch%5Bdeliveryboy_id%5D=&OrderSearch%5Bis_subscription_order_type%5D=" "Mozilla/5.0 (X11; Linux x86_64) AppleWebKit/537.36 (KHTML, like Gecko) Chrome/152.0.0.0 Safari/537.36"
5.163.42.241 - - [10/Sep/2026:05:28:52 +0000] "GET /app/branch/order/index?OrderSearch%5Bbranch_id%5D=&OrderSearch%5Border_number%5D=&OrderSearch%5Border_date_time%5D=2026-09-10&OrderSearch%5Border_total%5D=&OrderSearch%5Bdelivery_option%5D=&OrderSearch%5Border_status%5D=&OrderSearch%5Bpayment_option%5D=&OrderSearch%5Buser_id%5D=&OrderSearch%5Bdeliveryboy_id%5D=&OrderSearch%5Bis_subscription_order_type%5D=&_pjax=%23pjax-grid-view HTTP/1.1" 200 1389 "https://nabawater.com.sa/app/branch/order/index?OrderSearch%5Bbranch_id%5D=&OrderSearch%5Border_number%5D=&OrderSearch%5Border_date_time%5D=2026-09-10&OrderSearch%5Border_total%5D=&OrderSearch%5Bdelivery_option%5D=&OrderSearch%5Border_status%5D=&OrderSearch%5Bpayment_option%5D=&OrderSearch%5Buser_id%5D=&OrderSearch%5Bdeliveryboy_id%5D=&OrderSearch%5Bis_subscription_order_type%5D=" "Mozilla/5.0 (X11; Linux x86_64) AppleWebKit/537.36 (KHTML, like Gecko) Chrome/152.0.0.0 Safari/537.36"
5.163.42.241 - - [10/Sep/2026:05:29:12 +0000] "GET /app/branch/order/index?OrderSearch%5Bbranch_id%5D=&OrderSearch%5Border_number%5D=&OrderSearch%5Border_date_time%5D=2026-09-10&OrderSearch%5Border_total%5D=&OrderSearch%5Bdelivery_option%5D=&OrderSearch%5Border_status%5D=&OrderSearch%5Bpayment_option%5D=&OrderSearch%5Buser_id%5D=&OrderSearch%5Bdeliveryboy_id%5D=&OrderSearch%5Bis_subscription_order_type%5D=&_pjax=%23pjax-grid-view HTTP/1.1" 200 1389 "https://nabawater.com.sa/app/branch/order/index?OrderSearch%5Bbranch_id%5D=&OrderSearch%5Border_number%5D=&OrderSearch%5Border_date_time%5D=2026-09-10&OrderSearch%5Border_total%5D=&OrderSearch%5Bdelivery_option%5D=&OrderSearch%5Border_status%5D=&OrderSearch%5Bpayment_option%5D=&OrderSearch%5Buser_id%5D=&OrderSearch%5Bdeliveryboy_id%5D=&OrderSearch%5Bis_subscription_order_type%5D=" "Mozilla/5.0 (X11; Linux x86_64) AppleWebKit/537.36 (KHTML, like Gecko) Chrome/152.0.0.0 Safari/537.36"
51.253.202.71 - - [10/Sep/2026:05:29:20 +0000] "GET /admin/push-notification/create HTTP/1.1" 302 5 "https://nabawater.com.sa/admin/notification" "Mozilla/5.0 (Macintosh; Intel Mac OS X 10_15_7) AppleWebKit/537.36 (KHTML, like Gecko) Chrome/149.0.0.0 Safari/537.36"
51.253.202.71 - - [10/Sep/2026:05:29:21 +0000] "GET /admin/login HTTP/1.1" 200 3666 "https://nabawater.com.sa/admin/notification" "Mozilla/5.0 (Macintosh; Intel Mac OS X 10_15_7) AppleWebKit/537.36 (KHTML, like Gecko) Chrome/149.0.0.0 Safari/537.36"
5.163.42.241 - - [10/Sep/2026:05:29:32 +0000] "GET /app/branch/order/index?OrderSearch%5Bbranch_id%5D=&OrderSearch%5Border_number%5D=&OrderSearch%5Border_date_time%5D=2026-09-10&OrderSearch%5Border_total%5D=&OrderSearch%5Bdelivery_option%5D=&OrderSearch%5Border_status%5D=&OrderSearch%5Bpayment_option%5D=&OrderSearch%5Buser_id%5D=&OrderSearch%5Bdeliveryboy_id%5D=&OrderSearch%5Bis_subscription_order_type%5D=&_pjax=%23pjax-grid-view HTTP/1.1" 200 1389 "https://nabawater.com.sa/app/branch/order/index?OrderSearch%5Bbranch_id%5D=&OrderSearch%5Border_number%5D=&OrderSearch%5Border_date_time%5D=2026-09-10&OrderSearch%5Border_total%5D=&OrderSearch%5Bdelivery_option%5D=&OrderSearch%5Border_status%5D=&OrderSearch%5Bpayment_option%5D=&OrderSearch%5Buser_id%5D=&OrderSearch%5Bdeliveryboy_id%5D=&OrderSearch%5Bis_subscription_order_type%5D=" "Mozilla/5.0 (X11; Linux x86_64) AppleWebKit/537.36 (KHTML, like Gecko) Chrome/152.0.0.0 Safari/537.36"
185.218.86.25 - - [10/Sep/2026:05:29:47 +0000] "GET / HTTP/1.1" 302 5 "-" "Mozilla/5.0 (Windows NT 10.0; Win64; x64) AppleWebKit/537.36 (KHTML, like Gecko) Chrome/131.0.0.0 Safari/537.36"
185.218.86.25 - - [10/Sep/2026:05:29:48 +0000] "GET /product-list-normal-orders HTTP/1.1" 200 19557 "https://65.1.249.253:443/" "Mozilla/5.0 (Windows NT 10.0; Win64; x64) AppleWebKit/537.36 (KHTML, like Gecko) Chrome/131.0.0.0 Safari/537.36"
5.163.42.241 - - [10/Sep/2026:05:29:52 +0000] "GET /app/branch/order/index?OrderSearch%5Bbranch_id%5D=&OrderSearch%5Border_number%5D=&OrderSearch%5Border_date_time%5D=2026-09-10&OrderSearch%5Border_total%5D=&OrderSearch%5Bdelivery_option%5D=&OrderSearch%5Border_status%5D=&OrderSearch%5Bpayment_option%5D=&OrderSearch%5Buser_id%5D=&OrderSearch%5Bdeliveryboy_id%5D=&OrderSearch%5Bis_subscription_order_type%5D=&_pjax=%23pjax-grid-view HTTP/1.1" 200 1389 "https://nabawater.com.sa/app/branch/order/index?OrderSearch%5Bbranch_id%5D=&OrderSearch%5Border_number%5D=&OrderSearch%5Border_date_time%5D=2026-09-10&OrderSearch%5Border_total%5D=&OrderSearch%5Bdelivery_option%5D=&OrderSearch%5Border_status%5D=&OrderSearch%5Bpayment_option%5D=&OrderSearch%5Buser_id%5D=&OrderSearch%5Bdeliveryboy_id%5D=&OrderSearch%5Bis_subscription_order_type%5D=" "Mozilla/5.0 (X11; Linux x86_64) AppleWebKit/537.36 (KHTML, like Gecko) Chrome/152.0.0.0 Safari/537.36"
5.163.42.241 - - [10/Sep/2026:05:30:12 +0000] "GET /app/branch/order/index?OrderSearch%5Bbranch_id%5D=&OrderSearch%5Border_number%5D=&OrderSearch%5Border_date_time%5D=2026-09-10&OrderSearch%5Border_total%5D=&OrderSearch%5Bdelivery_option%5D=&OrderSearch%5Border_status%5D=&OrderSearch%5Bpayment_option%5D=&OrderSearch%5Buser_id%5D=&OrderSearch%5Bdeliveryboy_id%5D=&OrderSearch%5Bis_subscription_order_type%5D=&_pjax=%23pjax-grid-view HTTP/1.1" 200 1389 "https://nabawater.com.sa/app/branch/order/index?OrderSearch%5Bbranch_id%5D=&OrderSearch%5Border_number%5D=&OrderSearch%5Border_date_time%5D=2026-09-10&OrderSearch%5Border_total%5D=&OrderSearch%5Bdelivery_option%5D=&OrderSearch%5Border_status%5D=&OrderSearch%5Bpayment_option%5D=&OrderSearch%5Buser_id%5D=&OrderSearch%5Bdeliveryboy_id%5D=&OrderSearch%5Bis_subscription_order_type%5D=" "Mozilla/5.0 (X11; Linux x86_64) AppleWebKit/537.36 (KHTML, like Gecko) Chrome/152.0.0.0 Safari/537.36"
5.163.42.241 - - [10/Sep/2026:05:30:32 +0000] "GET /app/branch/order/index?OrderSearch%5Bbranch_id%5D=&OrderSearch%5Border_number%5D=&OrderSearch%5Border_date_time%5D=2026-09-10&OrderSearch%5Border_total%5D=&OrderSearch%5Bdelivery_option%5D=&OrderSearch%5Border_status%5D=&OrderSearch%5Bpayment_option%5D=&OrderSearch%5Buser_id%5D=&OrderSearch%5Bdeliveryboy_id%5D=&OrderSearch%5Bis_subscription_order_type%5D=&_pjax=%23pjax-grid-view HTTP/1.1" 200 1389 "https://nabawater.com.sa/app/branch/order/index?OrderSearch%5Bbranch_id%5D=&OrderSearch%5Border_number%5D=&OrderSearch%5Border_date_time%5D=2026-09-10&OrderSearch%5Border_total%5D=&OrderSearch%5Bdelivery_option%5D=&OrderSearch%5Border_status%5D=&OrderSearch%5Bpayment_option%5D=&OrderSearch%5Buser_id%5D=&OrderSearch%5Bdeliveryboy_id%5D=&OrderSearch%5Bis_subscription_order_type%5D=" "Mozilla/5.0 (X11; Linux x86_64) AppleWebKit/537.36 (KHTML, like Gecko) Chrome/152.0.0.0 Safari/537.36"
5.163.42.241 - - [10/Sep/2026:05:30:52 +0000] "GET /app/branch/order/index?OrderSearch%5Bbranch_id%5D=&OrderSearch%5Border_number%5D=&OrderSearch%5Border_date_time%5D=2026-09-10&OrderSearch%5Border_total%5D=&OrderSearch%5Bdelivery_option%5D=&OrderSearch%5Border_status%5D=&OrderSearch%5Bpayment_option%5D=&OrderSearch%5Buser_id%5D=&OrderSearch%5Bdeliveryboy_id%5D=&OrderSearch%5Bis_subscription_order_type%5D=&_pjax=%23pjax-grid-view HTTP/1.1" 200 1389 "https://nabawater.com.sa/app/branch/order/index?OrderSearch%5Bbranch_id%5D=&OrderSearch%5Border_number%5D=&OrderSearch%5Border_date_time%5D=2026-09-10&OrderSearch%5Border_total%5D=&OrderSearch%5Bdelivery_option%5D=&OrderSearch%5Border_status%5D=&OrderSearch%5Bpayment_option%5D=&OrderSearch%5Buser_id%5D=&OrderSearch%5Bdeliveryboy_id%5D=&OrderSearch%5Bis_subscription_order_type%5D=" "Mozilla/5.0 (X11; Linux x86_64) AppleWebKit/537.36 (KHTML, like Gecko) Chrome/152.0.0.0 Safari/537.36"
5.163.42.241 - - [10/Sep/2026:05:31:12 +0000] "GET /app/branch/order/index?OrderSearch%5Bbranch_id%5D=&OrderSearch%5Border_number%5D=&OrderSearch%5Border_date_time%5D=2026-09-10&OrderSearch%5Border_total%5D=&OrderSearch%5Bdelivery_option%5D=&OrderSearch%5Border_status%5D=&OrderSearch%5Bpayment_option%5D=&OrderSearch%5Buser_id%5D=&OrderSearch%5Bdeliveryboy_id%5D=&OrderSearch%5Bis_subscription_order_type%5D=&_pjax=%23pjax-grid-view HTTP/1.1" 200 1389 "https://nabawater.com.sa/app/branch/order/index?OrderSearch%5Bbranch_id%5D=&OrderSearch%5Border_number%5D=&OrderSearch%5Border_date_time%5D=2026-09-10&OrderSearch%5Border_total%5D=&OrderSearch%5Bdelivery_option%5D=&OrderSearch%5Border_status%5D=&OrderSearch%5Bpayment_option%5D=&OrderSearch%5Buser_id%5D=&OrderSearch%5Bdeliveryboy_id%5D=&OrderSearch%5Bis_subscription_order_type%5D=" "Mozilla/5.0 (X11; Linux x86_64) AppleWebKit/537.36 (KHTML, like Gecko) Chrome/152.0.0.0 Safari/537.36"
5.163.42.241 - - [10/Sep/2026:05:31:32 +0000] "GET /app/branch/order/index?OrderSearch%5Bbranch_id%5D=&OrderSearch%5Border_number%5D=&OrderSearch%5Border_date_time%5D=2026-09-10&OrderSearch%5Border_total%5D=&OrderSearch%5Bdelivery_option%5D=&OrderSearch%5Border_status%5D=&OrderSearch%5Bpayment_option%5D=&OrderSearch%5Buser_id%5D=&OrderSearch%5Bdeliveryboy_id%5D=&OrderSearch%5Bis_subscription_order_type%5D=&_pjax=%23pjax-grid-view HTTP/1.1" 200 1389 "https://nabawater.com.sa/app/branch/order/index?OrderSearch%5Bbranch_id%5D=&OrderSearch%5Border_number%5D=&OrderSearch%5Border_date_time%5D=2026-09-10&OrderSearch%5Border_total%5D=&OrderSearch%5Bdelivery_option%5D=&OrderSearch%5Border_status%5D=&OrderSearch%5Bpayment_option%5D=&OrderSearch%5Buser_id%5D=&OrderSearch%5Bdeliveryboy_id%5D=&OrderSearch%5Bis_subscription_order_type%5D=" "Mozilla/5.0 (X11; Linux x86_64) AppleWebKit/537.36 (KHTML, like Gecko) Chrome/152.0.0.0 Safari/537.36"
18.246.10.58 - - [10/Sep/2026:05:31:35 +0000] "GET / HTTP/1.1" 302 5 "-" "Mozilla/5.0 (Macintosh; Intel Mac OS X 10_15_7) AppleWebKit/537.36 (KHTML, like Gecko) Chrome/131.0.0.0 Safari/537.36"
18.246.10.58 - - [10/Sep/2026:05:31:35 +0000] "GET /product-list-normal-orders HTTP/1.1" 200 19536 "-" "Mozilla/5.0 (Macintosh; Intel Mac OS X 10_15_7) AppleWebKit/537.36 (KHTML, like Gecko) Chrome/131.0.0.0 Safari/537.36"
161.153.65.70 - - [10/Sep/2026:05:31:51 +0000] "GET /page/about-us HTTP/1.1" 200 2225 "-" "Mozilla/5.0 (X11; Linux aarch64) AppleWebKit/537.36 (KHTML, like Gecko) Chrome/139.0.0.0 Safari/537.36"
5.163.42.241 - - [10/Sep/2026:05:31:52 +0000] "GET /app/branch/order/index?OrderSearch%5Bbranch_id%5D=&OrderSearch%5Border_number%5D=&OrderSearch%5Border_date_time%5D=2026-09-10&OrderSearch%5Border_total%5D=&OrderSearch%5Bdelivery_option%5D=&OrderSearch%5Border_status%5D=&OrderSearch%5Bpayment_option%5D=&OrderSearch%5Buser_id%5D=&OrderSearch%5Bdeliveryboy_id%5D=&OrderSearch%5Bis_subscription_order_type%5D=&_pjax=%23pjax-grid-view HTTP/1.1" 200 1389 "https://nabawater.com.sa/app/branch/order/index?OrderSearch%5Bbranch_id%5D=&OrderSearch%5Border_number%5D=&OrderSearch%5Border_date_time%5D=2026-09-10&OrderSearch%5Border_total%5D=&OrderSearch%5Bdelivery_option%5D=&OrderSearch%5Border_status%5D=&OrderSearch%5Bpayment_option%5D=&OrderSearch%5Buser_id%5D=&OrderSearch%5Bdeliveryboy_id%5D=&OrderSearch%5Bis_subscription_order_type%5D=" "Mozilla/5.0 (X11; Linux x86_64) AppleWebKit/537.36 (KHTML, like Gecko) Chrome/152.0.0.0 Safari/537.36"
5.163.42.241 - - [10/Sep/2026:05:32:12 +0000] "GET /app/branch/order/index?OrderSearch%5Bbranch_id%5D=&OrderSearch%5Border_number%5D=&OrderSearch%5Border_date_time%5D=2026-09-10&OrderSearch%5Border_total%5D=&OrderSearch%5Bdelivery_option%5D=&OrderSearch%5Border_status%5D=&OrderSearch%5Bpayment_option%5D=&OrderSearch%5Buser_id%5D=&OrderSearch%5Bdeliveryboy_id%5D=&OrderSearch%5Bis_subscription_order_type%5D=&_pjax=%23pjax-grid-view HTTP/1.1" 200 1389 "https://nabawater.com.sa/app/branch/order/index?OrderSearch%5Bbranch_id%5D=&OrderSearch%5Border_number%5D=&OrderSearch%5Border_date_time%5D=2026-09-10&OrderSearch%5Border_total%5D=&OrderSearch%5Bdelivery_option%5D=&OrderSearch%5Border_status%5D=&OrderSearch%5Bpayment_option%5D=&OrderSearch%5Buser_id%5D=&OrderSearch%5Bdeliveryboy_id%5D=&OrderSearch%5Bis_subscription_order_type%5D=" "Mozilla/5.0 (X11; Linux x86_64) AppleWebKit/537.36 (KHTML, like Gecko) Chrome/152.0.0.0 Safari/537.36"
5.163.42.241 - - [10/Sep/2026:05:32:32 +0000] "GET /app/branch/order/index?OrderSearch%5Bbranch_id%5D=&OrderSearch%5Border_number%5D=&OrderSearch%5Border_date_time%5D=2026-09-10&OrderSearch%5Border_total%5D=&OrderSearch%5Bdelivery_option%5D=&OrderSearch%5Border_status%5D=&OrderSearch%5Bpayment_option%5D=&OrderSearch%5Buser_id%5D=&OrderSearch%5Bdeliveryboy_id%5D=&OrderSearch%5Bis_subscription_order_type%5D=&_pjax=%23pjax-grid-view HTTP/1.1" 200 1389 "https://nabawater.com.sa/app/branch/order/index?OrderSearch%5Bbranch_id%5D=&OrderSearch%5Border_number%5D=&OrderSearch%5Border_date_time%5D=2026-09-10&OrderSearch%5Border_total%5D=&OrderSearch%5Bdelivery_option%5D=&OrderSearch%5Border_status%5D=&OrderSearch%5Bpayment_option%5D=&OrderSearch%5Buser_id%5D=&OrderSearch%5Bdeliveryboy_id%5D=&OrderSearch%5Bis_subscription_order_type%5D=" "Mozilla/5.0 (X11; Linux x86_64) AppleWebKit/537.36 (KHTML, like Gecko) Chrome/152.0.0.0 Safari/537.36"
43.130.71.237 - - [10/Sep/2026:05:32:40 +0000] "GET /home/branch HTTP/1.1" 200 15562 "-" "Mozilla/5.0 (iPhone; CPU iPhone OS 13_2_3 like Mac OS X) AppleWebKit/605.1.15 (KHTML, like Gecko) Version/13.0.3 Mobile/15E148 Safari/604.1"
5.163.42.241 - - [10/Sep/2026:05:32:52 +0000] "GET /app/branch/order/index?OrderSearch%5Bbranch_id%5D=&OrderSearch%5Border_number%5D=&OrderSearch%5Border_date_time%5D=2026-09-10&OrderSearch%5Border_total%5D=&OrderSearch%5Bdelivery_option%5D=&OrderSearch%5Border_status%5D=&OrderSearch%5Bpayment_option%5D=&OrderSearch%5Buser_id%5D=&OrderSearch%5Bdeliveryboy_id%5D=&OrderSearch%5Bis_subscription_order_type%5D=&_pjax=%23pjax-grid-view HTTP/1.1" 200 1389 "https://nabawater.com.sa/app/branch/order/index?OrderSearch%5Bbranch_id%5D=&OrderSearch%5Border_number%5D=&OrderSearch%5Border_date_time%5D=2026-09-10&OrderSearch%5Border_total%5D=&OrderSearch%5Bdelivery_option%5D=&OrderSearch%5Border_status%5D=&OrderSearch%5Bpayment_option%5D=&OrderSearch%5Buser_id%5D=&OrderSearch%5Bdeliveryboy_id%5D=&OrderSearch%5Bis_subscription_order_type%5D=" "Mozilla/5.0 (X11; Linux x86_64) AppleWebKit/537.36 (KHTML, like Gecko) Chrome/152.0.0.0 Safari/537.36"
5.163.42.241 - - [10/Sep/2026:05:33:12 +0000] "GET /app/branch/order/index?OrderSearch%5Bbranch_id%5D=&OrderSearch%5Border_number%5D=&OrderSearch%5Border_date_time%5D=2026-09-10&OrderSearch%5Border_total%5D=&OrderSearch%5Bdelivery_option%5D=&OrderSearch%5Border_status%5D=&OrderSearch%5Bpayment_option%5D=&OrderSearch%5Buser_id%5D=&OrderSearch%5Bdeliveryboy_id%5D=&OrderSearch%5Bis_subscription_order_type%5D=&_pjax=%23pjax-grid-view HTTP/1.1" 200 1389 "https://nabawater.com.sa/app/branch/order/index?OrderSearch%5Bbranch_id%5D=&OrderSearch%5Border_number%5D=&OrderSearch%5Border_date_time%5D=2026-09-10&OrderSearch%5Border_total%5D=&OrderSearch%5Bdelivery_option%5D=&OrderSearch%5Border_status%5D=&OrderSearch%5Bpayment_option%5D=&OrderSearch%5Buser_id%5D=&OrderSearch%5Bdeliveryboy_id%5D=&OrderSearch%5Bis_subscription_order_type%5D=" "Mozilla/5.0 (X11; Linux x86_64) AppleWebKit/537.36 (KHTML, like Gecko) Chrome/152.0.0.0 Safari/537.36"
5.163.42.241 - - [10/Sep/2026:05:33:32 +0000] "GET /app/branch/order/index?OrderSearch%5Bbranch_id%5D=&OrderSearch%5Border_number%5D=&OrderSearch%5Border_date_time%5D=2026-09-10&OrderSearch%5Border_total%5D=&OrderSearch%5Bdelivery_option%5D=&OrderSearch%5Border_status%5D=&OrderSearch%5Bpayment_option%5D=&OrderSearch%5Buser_id%5D=&OrderSearch%5Bdeliveryboy_id%5D=&OrderSearch%5Bis_subscription_order_type%5D=&_pjax=%23pjax-grid-view HTTP/1.1" 200 1389 "https://nabawater.com.sa/app/branch/order/index?OrderSearch%5Bbranch_id%5D=&OrderSearch%5Border_number%5D=&OrderSearch%5Border_date_time%5D=2026-09-10&OrderSearch%5Border_total%5D=&OrderSearch%5Bdelivery_option%5D=&OrderSearch%5Border_status%5D=&OrderSearch%5Bpayment_option%5D=&OrderSearch%5Buser_id%5D=&OrderSearch%5Bdeliveryboy_id%5D=&OrderSearch%5Bis_subscription_order_type%5D=" "Mozilla/5.0 (X11; Linux x86_64) AppleWebKit/537.36 (KHTML, like Gecko) Chrome/152.0.0.0 Safari/537.36"
5.163.42.241 - - [10/Sep/2026:05:33:52 +0000] "GET /app/branch/order/index?OrderSearch%5Bbranch_id%5D=&OrderSearch%5Border_number%5D=&OrderSearch%5Border_date_time%5D=2026-09-10&OrderSearch%5Border_total%5D=&OrderSearch%5Bdelivery_option%5D=&OrderSearch%5Border_status%5D=&OrderSearch%5Bpayment_option%5D=&OrderSearch%5Buser_id%5D=&OrderSearch%5Bdeliveryboy_id%5D=&OrderSearch%5Bis_subscription_order_type%5D=&_pjax=%23pjax-grid-view HTTP/1.1" 200 1389 "https://nabawater.com.sa/app/branch/order/index?OrderSearch%5Bbranch_id%5D=&OrderSearch%5Border_number%5D=&OrderSearch%5Border_date_time%5D=2026-09-10&OrderSearch%5Border_total%5D=&OrderSearch%5Bdelivery_option%5D=&OrderSearch%5Border_status%5D=&OrderSearch%5Bpayment_option%5D=&OrderSearch%5Buser_id%5D=&OrderSearch%5Bdeliveryboy_id%5D=&OrderSearch%5Bis_subscription_order_type%5D=" "Mozilla/5.0 (X11; Linux x86_64) AppleWebKit/537.36 (KHTML, like Gecko) Chrome/152.0.0.0 Safari/537.36"
198.199.65.168 - - [10/Sep/2026:05:33:58 +0000] "GET /frontend/web/theme/images/q2.png HTTP/1.1" 200 16182 "https://nabawater.com.sa/" "Mozilla/5.0 (Windows NT 10.0; Win64; x64) AppleWebKit/537.36 (KHTML, like Gecko) Chrome/107.0.0.0 Safari/537.36"
35.162.140.124 - - [10/Sep/2026:05:34:01 +0000] "GET /?rnd=1789018439748 HTTP/1.1" 302 5 "http://nabawater.com.sa/?rnd=1789018439748" "GoDaddy-UptimeMonitoring"
35.162.140.124 - - [10/Sep/2026:05:34:01 +0000] "GET /product-list-normal-orders HTTP/1.1" 200 19541 "https://nabawater.com.sa/?rnd=1789018439748" "GoDaddy-UptimeMonitoring"
5.163.42.241 - - [10/Sep/2026:05:34:12 +0000] "GET /app/branch/order/index?OrderSearch%5Bbranch_id%5D=&OrderSearch%5Border_number%5D=&OrderSearch%5Border_date_time%5D=2026-09-10&OrderSearch%5Border_total%5D=&OrderSearch%5Bdelivery_option%5D=&OrderSearch%5Border_status%5D=&OrderSearch%5Bpayment_option%5D=&OrderSearch%5Buser_id%5D=&OrderSearch%5Bdeliveryboy_id%5D=&OrderSearch%5Bis_subscription_order_type%5D=&_pjax=%23pjax-grid-view HTTP/1.1" 200 1389 "https://nabawater.com.sa/app/branch/order/index?OrderSearch%5Bbranch_id%5D=&OrderSearch%5Border_number%5D=&OrderSearch%5Border_date_time%5D=2026-09-10&OrderSearch%5Border_total%5D=&OrderSearch%5Bdelivery_option%5D=&OrderSearch%5Border_status%5D=&OrderSearch%5Bpayment_option%5D=&OrderSearch%5Buser_id%5D=&OrderSearch%5Bdeliveryboy_id%5D=&OrderSearch%5Bis_subscription_order_type%5D=" "Mozilla/5.0 (X11; Linux x86_64) AppleWebKit/537.36 (KHTML, like Gecko) Chrome/152.0.0.0 Safari/537.36"
5.163.42.241 - - [10/Sep/2026:05:34:32 +0000] "GET /app/branch/order/index?OrderSearch%5Bbranch_id%5D=&OrderSearch%5Border_number%5D=&OrderSearch%5Border_date_time%5D=2026-09-10&OrderSearch%5Border_total%5D=&OrderSearch%5Bdelivery_option%5D=&OrderSearch%5Border_status%5D=&OrderSearch%5Bpayment_option%5D=&OrderSearch%5Buser_id%5D=&OrderSearch%5Bdeliveryboy_id%5D=&OrderSearch%5Bis_subscription_order_type%5D=&_pjax=%23pjax-grid-view HTTP/1.1" 200 1389 "https://nabawater.com.sa/app/branch/order/index?OrderSearch%5Bbranch_id%5D=&OrderSearch%5Border_number%5D=&OrderSearch%5Border_date_time%5D=2026-09-10&OrderSearch%5Border_total%5D=&OrderSearch%5Bdelivery_option%5D=&OrderSearch%5Border_status%5D=&OrderSearch%5Bpayment_option%5D=&OrderSearch%5Buser_id%5D=&OrderSearch%5Bdeliveryboy_id%5D=&OrderSearch%5Bis_subscription_order_type%5D=" "Mozilla/5.0 (X11; Linux x86_64) AppleWebKit/537.36 (KHTML, like Gecko) Chrome/152.0.0.0 Safari/537.36"
5.163.42.241 - - [10/Sep/2026:05:34:52 +0000] "GET /app/branch/order/index?OrderSearch%5Bbranch_id%5D=&OrderSearch%5Border_number%5D=&OrderSearch%5Border_date_time%5D=2026-09-10&OrderSearch%5Border_total%5D=&OrderSearch%5Bdelivery_option%5D=&OrderSearch%5Border_status%5D=&OrderSearch%5Bpayment_option%5D=&OrderSearch%5Buser_id%5D=&OrderSearch%5Bdeliveryboy_id%5D=&OrderSearch%5Bis_subscription_order_type%5D=&_pjax=%23pjax-grid-view HTTP/1.1" 200 1389 "https://nabawater.com.sa/app/branch/order/index?OrderSearch%5Bbranch_id%5D=&OrderSearch%5Border_number%5D=&OrderSearch%5Border_date_time%5D=2026-09-10&OrderSearch%5Border_total%5D=&OrderSearch%5Bdelivery_option%5D=&OrderSearch%5Border_status%5D=&OrderSearch%5Bpayment_option%5D=&OrderSearch%5Buser_id%5D=&OrderSearch%5Bdeliveryboy_id%5D=&OrderSearch%5Bis_subscription_order_type%5D=" "Mozilla/5.0 (X11; Linux x86_64) AppleWebKit/537.36 (KHTML, like Gecko) Chrome/152.0.0.0 Safari/537.36"
5.163.42.241 - - [10/Sep/2026:05:35:12 +0000] "GET /app/branch/order/index?OrderSearch%5Bbranch_id%5D=&OrderSearch%5Border_number%5D=&OrderSearch%5Border_date_time%5D=2026-09-10&OrderSearch%5Border_total%5D=&OrderSearch%5Bdelivery_option%5D=&OrderSearch%5Border_status%5D=&OrderSearch%5Bpayment_option%5D=&OrderSearch%5Buser_id%5D=&OrderSearch%5Bdeliveryboy_id%5D=&OrderSearch%5Bis_subscription_order_type%5D=&_pjax=%23pjax-grid-view HTTP/1.1" 200 1389 "https://nabawater.com.sa/app/branch/order/index?OrderSearch%5Bbranch_id%5D=&OrderSearch%5Border_number%5D=&OrderSearch%5Border_date_time%5D=2026-09-10&OrderSearch%5Border_total%5D=&OrderSearch%5Bdelivery_option%5D=&OrderSearch%5Border_status%5D=&OrderSearch%5Bpayment_option%5D=&OrderSearch%5Buser_id%5D=&OrderSearch%5Bdeliveryboy_id%5D=&OrderSearch%5Bis_subscription_order_type%5D=" "Mozilla/5.0 (X11; Linux x86_64) AppleWebKit/537.36 (KHTML, like Gecko) Chrome/152.0.0.0 Safari/537.36"
5.163.42.241 - - [10/Sep/2026:05:35:32 +0000] "GET /app/branch/order/index?OrderSearch%5Bbranch_id%5D=&OrderSearch%5Border_number%5D=&OrderSearch%5Border_date_time%5D=2026-09-10&OrderSearch%5Border_total%5D=&OrderSearch%5Bdelivery_option%5D=&OrderSearch%5Border_status%5D=&OrderSearch%5Bpayment_option%5D=&OrderSearch%5Buser_id%5D=&OrderSearch%5Bdeliveryboy_id%5D=&OrderSearch%5Bis_subscription_order_type%5D=&_pjax=%23pjax-grid-view HTTP/1.1" 200 1389 "https://nabawater.com.sa/app/branch/order/index?OrderSearch%5Bbranch_id%5D=&OrderSearch%5Border_number%5D=&OrderSearch%5Border_date_time%5D=2026-09-10&OrderSearch%5Border_total%5D=&OrderSearch%5Bdelivery_option%5D=&OrderSearch%5Border_status%5D=&OrderSearch%5Bpayment_option%5D=&OrderSearch%5Buser_id%5D=&OrderSearch%5Bdeliveryboy_id%5D=&OrderSearch%5Bis_subscription_order_type%5D=" "Mozilla/5.0 (X11; Linux x86_64) AppleWebKit/537.36 (KHTML, like Gecko) Chrome/152.0.0.0 Safari/537.36"
51.89.71.91 - - [10/Sep/2026:05:35:35 +0000] "GET /sitemap.xml HTTP/1.1" 200 2078 "-" "Mozilla/5.0 (compatible; AhrefsBot/7.0; +http://ahrefs.com/robot/)"
51.253.202.71 - - [10/Sep/2026:05:35:44 +0000] "POST /admin/login HTTP/1.1" 500 7696 "https://nabawater.com.sa/admin/login" "Mozilla/5.0 (Macintosh; Intel Mac OS X 10_15_7) AppleWebKit/537.36 (KHTML, like Gecko) Chrome/149.0.0.0 Safari/537.36"
51.253.202.71 - - [10/Sep/2026:05:35:45 +0000] "GET /assets/images/background/error-bg.jpg HTTP/1.1" 404 13325 "https://nabawater.com.sa/admin/assets/254cddc1/css/error-pages.css?v=1775456709" "Mozilla/5.0 (Macintosh; Intel Mac OS X 10_15_7) AppleWebKit/537.36 (KHTML, like Gecko) Chrome/149.0.0.0 Safari/537.36"
51.253.202.71 - - [10/Sep/2026:05:35:47 +0000] "GET /admin/dashboard HTTP/1.1" 200 4396 "https://nabawater.com.sa/admin/login" "Mozilla/5.0 (Macintosh; Intel Mac OS X 10_15_7) AppleWebKit/537.36 (KHTML, like Gecko) Chrome/149.0.0.0 Safari/537.36"
5.163.42.241 - - [10/Sep/2026:05:35:52 +0000] "GET /app/branch/order/index?OrderSearch%5Bbranch_id%5D=&OrderSearch%5Border_number%5D=&OrderSearch%5Border_date_time%5D=2026-09-10&OrderSearch%5Border_total%5D=&OrderSearch%5Bdelivery_option%5D=&OrderSearch%5Border_status%5D=&OrderSearch%5Bpayment_option%5D=&OrderSearch%5Buser_id%5D=&OrderSearch%5Bdeliveryboy_id%5D=&OrderSearch%5Bis_subscription_order_type%5D=&_pjax=%23pjax-grid-view HTTP/1.1" 200 1389 "https://nabawater.com.sa/app/branch/order/index?OrderSearch%5Bbranch_id%5D=&OrderSearch%5Border_number%5D=&OrderSearch%5Border_date_time%5D=2026-09-10&OrderSearch%5Border_total%5D=&OrderSearch%5Bdelivery_option%5D=&OrderSearch%5Border_status%5D=&OrderSearch%5Bpayment_option%5D=&OrderSearch%5Buser_id%5D=&OrderSearch%5Bdeliveryboy_id%5D=&OrderSearch%5Bis_subscription_order_type%5D=" "Mozilla/5.0 (X11; Linux x86_64) AppleWebKit/537.36 (KHTML, like Gecko) Chrome/152.0.0.0 Safari/537.36"
51.253.202.71 - - [10/Sep/2026:05:36:01 +0000] "GET /admin/notification HTTP/1.1" 200 6668 "https://nabawater.com.sa/admin/dashboard" "Mozilla/5.0 (Macintosh; Intel Mac OS X 10_15_7) AppleWebKit/537.36 (KHTML, like Gecko) Chrome/149.0.0.0 Safari/537.36"
51.253.202.71 - - [10/Sep/2026:05:36:04 +0000] "GET /admin/push-notification/create HTTP/1.1" 200 4672 "https://nabawater.com.sa/admin/notification" "Mozilla/5.0 (Macintosh; Intel Mac OS X 10_15_7) AppleWebKit/537.36 (KHTML, like Gecko) Chrome/149.0.0.0 Safari/537.36"
5.163.42.241 - - [10/Sep/2026:05:36:12 +0000] "GET /app/branch/order/index?OrderSearch%5Bbranch_id%5D=&OrderSearch%5Border_number%5D=&OrderSearch%5Border_date_time%5D=2026-09-10&OrderSearch%5Border_total%5D=&OrderSearch%5Bdelivery_option%5D=&OrderSearch%5Border_status%5D=&OrderSearch%5Bpayment_option%5D=&OrderSearch%5Buser_id%5D=&OrderSearch%5Bdeliveryboy_id%5D=&OrderSearch%5Bis_subscription_order_type%5D=&_pjax=%23pjax-grid-view HTTP/1.1" 200 1389 "https://nabawater.com.sa/app/branch/order/index?OrderSearch%5Bbranch_id%5D=&OrderSearch%5Border_number%5D=&OrderSearch%5Border_date_time%5D=2026-09-10&OrderSearch%5Border_total%5D=&OrderSearch%5Bdelivery_option%5D=&OrderSearch%5Border_status%5D=&OrderSearch%5Bpayment_option%5D=&OrderSearch%5Buser_id%5D=&OrderSearch%5Bdeliveryboy_id%5D=&OrderSearch%5Bis_subscription_order_type%5D=" "Mozilla/5.0 (X11; Linux x86_64) AppleWebKit/537.36 (KHTML, like Gecko) Chrome/152.0.0.0 Safari/537.36"
5.163.42.241 - - [10/Sep/2026:05:36:32 +0000] "GET /app/branch/order/index?OrderSearch%5Bbranch_id%5D=&OrderSearch%5Border_number%5D=&OrderSearch%5Border_date_time%5D=2026-09-10&OrderSearch%5Border_total%5D=&OrderSearch%5Bdelivery_option%5D=&OrderSearch%5Border_status%5D=&OrderSearch%5Bpayment_option%5D=&OrderSearch%5Buser_id%5D=&OrderSearch%5Bdeliveryboy_id%5D=&OrderSearch%5Bis_subscription_order_type%5D=&_pjax=%23pjax-grid-view HTTP/1.1" 200 1389 "https://nabawater.com.sa/app/branch/order/index?OrderSearch%5Bbranch_id%5D=&OrderSearch%5Border_number%5D=&OrderSearch%5Border_date_time%5D=2026-09-10&OrderSearch%5Border_total%5D=&OrderSearch%5Bdelivery_option%5D=&OrderSearch%5Border_status%5D=&OrderSearch%5Bpayment_option%5D=&OrderSearch%5Buser_id%5D=&OrderSearch%5Bdeliveryboy_id%5D=&OrderSearch%5Bis_subscription_order_type%5D=" "Mozilla/5.0 (X11; Linux x86_64) AppleWebKit/537.36 (KHTML, like Gecko) Chrome/152.0.0.0 Safari/537.36"
5.163.42.241 - - [10/Sep/2026:05:36:52 +0000] "GET /app/branch/order/index?OrderSearch%5Bbranch_id%5D=&OrderSearch%5Border_number%5D=&OrderSearch%5Border_date_time%5D=2026-09-10&OrderSearch%5Border_total%5D=&OrderSearch%5Bdelivery_option%5D=&OrderSearch%5Border_status%5D=&OrderSearch%5Bpayment_option%5D=&OrderSearch%5Buser_id%5D=&OrderSearch%5Bdeliveryboy_id%5D=&OrderSearch%5Bis_subscription_order_type%5D=&_pjax=%23pjax-grid-view HTTP/1.1" 200 1389 "https://nabawater.com.sa/app/branch/order/index?OrderSearch%5Bbranch_id%5D=&OrderSearch%5Border_number%5D=&OrderSearch%5Border_date_time%5D=2026-09-10&OrderSearch%5Border_total%5D=&OrderSearch%5Bdelivery_option%5D=&OrderSearch%5Border_status%5D=&OrderSearch%5Bpayment_option%5D=&OrderSearch%5Buser_id%5D=&OrderSearch%5Bdeliveryboy_id%5D=&OrderSearch%5Bis_subscription_order_type%5D=" "Mozilla/5.0 (X11; Linux x86_64) AppleWebKit/537.36 (KHTML, like Gecko) Chrome/152.0.0.0 Safari/537.36"
51.253.202.71 - - [10/Sep/2026:05:36:57 +0000] "POST /admin/push-notification/create HTTP/1.1" 302 5 "https://nabawater.com.sa/admin/push-notification/create" "Mozilla/5.0 (Macintosh; Intel Mac OS X 10_15_7) AppleWebKit/537.36 (KHTML, like Gecko) Chrome/149.0.0.0 Safari/537.36"
51.253.202.71 - - [10/Sep/2026:05:36:57 +0000] "GET /admin/notification HTTP/1.1" 200 6722 "https://nabawater.com.sa/admin/push-notification/create" "Mozilla/5.0 (Macintosh; Intel Mac OS X 10_15_7) AppleWebKit/537.36 (KHTML, like Gecko) Chrome/149.0.0.0 Safari/537.36"
77.31.67.35 - - [10/Sep/2026:05:37:03 +0000] "GET /api/v1/mobile-translation HTTP/1.1" 200 38586 "-" "Naba Water/4.0 (com.NabawaterCustomer; build:10; iOS 26.5.0) Alamofire/4.9.1"
77.31.67.35 - - [10/Sep/2026:05:37:03 +0000] "GET /api/v1/home?latitude=28.34994438349867&longitude=36.52357980390391&page=1&item_purchase_type=1&category_id= HTTP/1.1" 200 6977 "-" "Naba Water/4.0 (com.NabawaterCustomer; build:10; iOS 26.5.0) Alamofire/4.9.1"
77.31.67.35 - - [10/Sep/2026:05:37:03 +0000] "GET /api/v1/home/ios-version HTTP/1.1" 200 158 "-" "Naba Water/4.0 (com.NabawaterCustomer; build:10; iOS 26.5.0) Alamofire/4.9.1"
77.31.67.35 - - [10/Sep/2026:05:37:03 +0000] "GET /api/v1/home?latitude=28.34994438349867&longitude=36.52357980390391&page=1&item_purchase_type=1&category_id= HTTP/1.1" 200 6977 "-" "Naba Water/4.0 (com.NabawaterCustomer; build:10; iOS 26.5.0) Alamofire/4.9.1"
77.31.67.35 - - [10/Sep/2026:05:37:03 +0000] "GET /api/v1/ads/get-active-ads HTTP/1.1" 200 1178 "-" "Naba Water/4.0 (com.NabawaterCustomer; build:10; iOS 26.5.0) Alamofire/4.9.1"
51.235.86.59 - - [10/Sep/2026:05:37:04 +0000] "GET /api/v1/mobile-translation HTTP/1.1" 200 38586 "-" "Naba Water/4.0 (com.NabawaterCustomer; build:10; iOS 26.6.1) Alamofire/4.9.1"
51.235.86.59 - - [10/Sep/2026:05:37:05 +0000] "GET /api/v1/home/ios-version HTTP/1.1" 200 158 "-" "Naba Water/4.0 (com.NabawaterCustomer; build:10; iOS 26.6.1) Alamofire/4.9.1"
51.235.86.59 - - [10/Sep/2026:05:37:05 +0000] "GET /api/v1/home?latitude=28.447451884817912&longitude=36.50207761416215&page=1&item_purchase_type=1&category_id= HTTP/1.1" 200 6977 "-" "Naba Water/4.0 (com.NabawaterCustomer; build:10; iOS 26.6.1) Alamofire/4.9.1"
51.235.86.59 - - [10/Sep/2026:05:37:05 +0000] "GET /api/v1/home?latitude=28.447451884817912&longitude=36.50207761416215&page=1&item_purchase_type=1&category_id= HTTP/1.1" 200 6977 "-" "Naba Water/4.0 (com.NabawaterCustomer; build:10; iOS 26.6.1) Alamofire/4.9.1"
51.235.86.59 - - [10/Sep/2026:05:37:05 +0000] "GET /api/v1/ads/get-active-ads HTTP/1.1" 200 1178 "-" "Naba Water/4.0 (com.NabawaterCustomer; build:10; iOS 26.6.1) Alamofire/4.9.1"
51.235.86.59 - - [10/Sep/2026:05:37:05 +0000] "GET /api/v1/ads/get-active-ads HTTP/1.1" 200 1178 "-" "Naba Water/4.0 (com.NabawaterCustomer; build:10; iOS 26.6.1) Alamofire/4.9.1"
178.87.105.30 - - [10/Sep/2026:05:37:06 +0000] "GET /api/v1/mobile-translation HTTP/1.1" 200 38586 "-" "Naba Water/4.0 (com.NabawaterCustomer; build:10; iOS 18.7.8) Alamofire/4.9.1"
178.87.105.30 - - [10/Sep/2026:05:37:06 +0000] "GET /api/v1/home/ios-version HTTP/1.1" 200 158 "-" "Naba Water/4.0 (com.NabawaterCustomer; build:10; iOS 18.7.8) Alamofire/4.9.1"
178.87.105.30 - - [10/Sep/2026:05:37:06 +0000] "GET /api/v1/home?latitude=28.40565974837709&longitude=36.528000014530356&page=1&item_purchase_type=1&category_id= HTTP/1.1" 200 6977 "-" "Naba Water/4.0 (com.NabawaterCustomer; build:10; iOS 18.7.8) Alamofire/4.9.1"
178.87.105.30 - - [10/Sep/2026:05:37:06 +0000] "GET /api/v1/home?latitude=28.40565974837709&longitude=36.528000014530356&page=1&item_purchase_type=1&category_id= HTTP/1.1" 200 6977 "-" "Naba Water/4.0 (com.NabawaterCustomer; build:10; iOS 18.7.8) Alamofire/4.9.1"
178.87.105.30 - - [10/Sep/2026:05:37:06 +0000] "GET /api/v1/ads/get-active-ads HTTP/1.1" 200 1178 "-" "Naba Water/4.0 (com.NabawaterCustomer; build:10; iOS 18.7.8) Alamofire/4.9.1"
178.87.105.30 - - [10/Sep/2026:05:37:06 +0000] "GET /api/v1/home?latitude=28.40565974837709&longitude=36.528000014530356&page=1&item_purchase_type=1&category_id= HTTP/1.1" 200 6977 "-" "Naba Water/4.0 (com.NabawaterCustomer; build:10; iOS 18.7.8) Alamofire/4.9.1"
178.87.105.30 - - [10/Sep/2026:05:37:06 +0000] "GET /api/v1/home?latitude=28.40565974837709&longitude=36.528000014530356&page=1&item_purchase_type=1&category_id= HTTP/1.1" 200 6977 "-" "Naba Water/4.0 (com.NabawaterCustomer; build:10; iOS 18.7.8) Alamofire/4.9.1"
178.87.105.30 - - [10/Sep/2026:05:37:06 +0000] "GET /api/v1/ads/get-active-ads HTTP/1.1" 200 1178 "-" "Naba Water/4.0 (com.NabawaterCustomer; build:10; iOS 18.7.8) Alamofire/4.9.1"
178.87.105.30 - - [10/Sep/2026:05:37:06 +0000] "GET /api/v1/home/ios-version HTTP/1.1" 200 158 "-" "Naba Water/4.0 (com.NabawaterCustomer; build:10; iOS 18.7.8) Alamofire/4.9.1"
178.87.105.30 - - [10/Sep/2026:05:37:06 +0000] "GET /api/v1/ads/get-active-ads HTTP/1.1" 200 1178 "-" "Naba Water/4.0 (com.NabawaterCustomer; build:10; iOS 18.7.8) Alamofire/4.9.1"
178.87.105.30 - - [10/Sep/2026:05:37:07 +0000] "GET /api/v1/ads/get-active-ads HTTP/1.1" 200 1178 "-" "Naba Water/4.0 (com.NabawaterCustomer; build:10; iOS 18.7.8) Alamofire/4.9.1"
178.87.105.30 - - [10/Sep/2026:05:37:07 +0000] "GET /uploads/TEMP/items/1776068313SRdw0.jpeg HTTP/1.1" 200 108490 "-" "Naba%20Water/10 CFNetwork/3826.600.41.2.1 Darwin/24.6.0"
178.87.105.30 - - [10/Sep/2026:05:37:07 +0000] "GET /frontend/web/theme/images/placeholder.png HTTP/1.1" 200 30449 "-" "Naba%20Water/10 CFNetwork/3826.600.41.2.1 Darwin/24.6.0"
178.87.105.30 - - [10/Sep/2026:05:37:07 +0000] "GET /uploads/TEMP/items/1776068225hx2mh.jpeg HTTP/1.1" 200 106663 "-" "Naba%20Water/10 CFNetwork/3826.600.41.2.1 Darwin/24.6.0"
178.87.105.30 - - [10/Sep/2026:05:37:07 +0000] "GET /uploads/TEMP/ads/1787827435JaLnY.jpeg HTTP/1.1" 200 796599 "-" "Naba%20Water/10 CFNetwork/3826.600.41.2.1 Darwin/24.6.0"
178.87.105.30 - - [10/Sep/2026:05:37:07 +0000] "GET /uploads/TEMP/items/1776068313SRdw0.jpeg HTTP/1.1" 200 108490 "-" "Naba%20Water/10 CFNetwork/3826.600.41.2.1 Darwin/24.6.0"
178.87.105.30 - - [10/Sep/2026:05:37:07 +0000] "GET /frontend/web/theme/images/placeholder.png HTTP/1.1" 200 30449 "-" "Naba%20Water/10 CFNetwork/3826.600.41.2.1 Darwin/24.6.0"
178.87.105.30 - - [10/Sep/2026:05:37:07 +0000] "GET /uploads/TEMP/items/1776068225hx2mh.jpeg HTTP/1.1" 200 106663 "-" "Naba%20Water/10 CFNetwork/3826.600.41.2.1 Darwin/24.6.0"
178.87.105.30 - - [10/Sep/2026:05:37:08 +0000] "GET /uploads/TEMP/items/1776068487JOkY4.jpeg HTTP/1.1" 200 251111 "-" "Naba%20Water/10 CFNetwork/3826.600.41.2.1 Darwin/24.6.0"
178.87.105.30 - - [10/Sep/2026:05:37:08 +0000] "GET /uploads/TEMP/ads/17878284019jRpB.jpeg HTTP/1.1" 200 641880 "-" "Naba%20Water/10 CFNetwork/3826.600.41.2.1 Darwin/24.6.0"
178.87.105.30 - - [10/Sep/2026:05:37:08 +0000] "GET /uploads/TEMP/items/1776066965vrsHS.jpeg HTTP/1.1" 200 106663 "-" "Naba%20Water/10 CFNetwork/3826.600.41.2.1 Darwin/24.6.0"
178.87.105.30 - - [10/Sep/2026:05:37:08 +0000] "GET /uploads/TEMP/items/17760670430fKPy.jpeg HTTP/1.1" 200 108490 "-" "Naba%20Water/10 CFNetwork/3826.600.41.2.1 Darwin/24.6.0"
178.87.105.30 - - [10/Sep/2026:05:37:08 +0000] "GET /uploads/TEMP/items/1776067085es6Ol.jpeg HTTP/1.1" 200 132178 "-" "Naba%20Water/10 CFNetwork/3826.600.41.2.1 Darwin/24.6.0"
178.87.105.30 - - [10/Sep/2026:05:37:08 +0000] "GET /uploads/TEMP/items/1776067364tuRSX.jpeg HTTP/1.1" 200 98637 "-" "Naba%20Water/10 CFNetwork/3826.600.41.2.1 Darwin/24.6.0"
178.87.105.30 - - [10/Sep/2026:05:37:08 +0000] "GET /uploads/TEMP/ads/1787828218ia2If.jpeg HTTP/1.1" 200 641880 "-" "Naba%20Water/10 CFNetwork/3826.600.41.2.1 Darwin/24.6.0"
178.87.105.30 - - [10/Sep/2026:05:37:08 +0000] "GET /uploads/TEMP/items/1776067181N4KXC.jpeg HTTP/1.1" 200 105784 "-" "Naba%20Water/10 CFNetwork/3826.600.41.2.1 Darwin/24.6.0"
178.87.105.30 - - [10/Sep/2026:05:37:08 +0000] "GET /uploads/TEMP/items/1776067291iZUUQ.jpeg HTTP/1.1" 200 127339 "-" "Naba%20Water/10 CFNetwork/3826.600.41.2.1 Darwin/24.6.0"
178.87.105.30 - - [10/Sep/2026:05:37:08 +0000] "GET /uploads/TEMP/items/1776067967Fl4i0.jpeg HTTP/1.1" 200 86250 "-" "Naba%20Water/10 CFNetwork/3826.600.41.2.1 Darwin/24.6.0"
51.253.184.5 - - [10/Sep/2026:05:37:08 +0000] "GET /api/v1/mobile-translation HTTP/1.1" 200 38586 "-" "Naba Water/4.0 (com.NabawaterCustomer; build:10; iOS 18.5.0) Alamofire/4.9.1"
51.253.184.5 - - [10/Sep/2026:05:37:09 +0000] "GET /api/v1/home/ios-version HTTP/1.1" 200 158 "-" "Naba Water/4.0 (com.NabawaterCustomer; build:10; iOS 18.5.0) Alamofire/4.9.1"
51.253.184.5 - - [10/Sep/2026:05:37:09 +0000] "GET /api/v1/home?latitude=28.3739015469164&longitude=36.53833479143239&page=1&item_purchase_type=1&category_id= HTTP/1.1" 200 6977 "-" "Naba Water/4.0 (com.NabawaterCustomer; build:10; iOS 18.5.0) Alamofire/4.9.1"
51.253.184.5 - - [10/Sep/2026:05:37:09 +0000] "GET /api/v1/home?latitude=28.3739015469164&longitude=36.53833479143239&page=1&item_purchase_type=1&category_id= HTTP/1.1" 200 6977 "-" "Naba Water/4.0 (com.NabawaterCustomer; build:10; iOS 18.5.0) Alamofire/4.9.1"
51.253.184.5 - - [10/Sep/2026:05:37:09 +0000] "GET /api/v1/home?latitude=28.3739015469164&longitude=36.53833479143239&page=1&item_purchase_type=1&category_id= HTTP/1.1" 200 6977 "-" "Naba Water/4.0 (com.NabawaterCustomer; build:10; iOS 18.5.0) Alamofire/4.9.1"
51.253.184.5 - - [10/Sep/2026:05:37:09 +0000] "GET /api/v1/ads/get-active-ads HTTP/1.1" 200 1178 "-" "Naba Water/4.0 (com.NabawaterCustomer; build:10; iOS 18.5.0) Alamofire/4.9.1"
51.253.184.5 - - [10/Sep/2026:05:37:09 +0000] "GET /api/v1/ads/get-active-ads HTTP/1.1" 200 1178 "-" "Naba Water/4.0 (com.NabawaterCustomer; build:10; iOS 18.5.0) Alamofire/4.9.1"
51.253.184.5 - - [10/Sep/2026:05:37:09 +0000] "GET /api/v1/ads/get-active-ads HTTP/1.1" 200 1178 "-" "Naba Water/4.0 (com.NabawaterCustomer; build:10; iOS 18.5.0) Alamofire/4.9.1"
51.253.184.5 - - [10/Sep/2026:05:37:09 +0000] "GET /api/v1/home/ios-version HTTP/1.1" 200 158 "-" "Naba Water/4.0 (com.NabawaterCustomer; build:10; iOS 18.5.0) Alamofire/4.9.1"
51.253.184.5 - - [10/Sep/2026:05:37:09 +0000] "GET /api/v1/home?latitude=28.3739015469164&longitude=36.53833479143239&page=1&item_purchase_type=1&category_id= HTTP/1.1" 200 6977 "-" "Naba Water/4.0 (com.NabawaterCustomer; build:10; iOS 18.5.0) Alamofire/4.9.1"
51.253.184.5 - - [10/Sep/2026:05:37:09 +0000] "GET /uploads/TEMP/ads/1787827435JaLnY.jpeg HTTP/1.1" 200 796599 "-" "Naba%20Water/10 CFNetwork/3826.500.131 Darwin/24.5.0"
178.87.105.30 - - [10/Sep/2026:05:37:09 +0000] "POST /api/v1/ads/track-impression HTTP/1.1" 200 116 "-" "Naba Water/4.0 (com.NabawaterCustomer; build:10; iOS 18.7.8) Alamofire/4.9.1"
51.253.184.5 - - [10/Sep/2026:05:37:10 +0000] "GET /uploads/TEMP/ads/17878284019jRpB.jpeg HTTP/1.1" 200 641880 "-" "Naba%20Water/10 CFNetwork/3826.500.131 Darwin/24.5.0"
51.253.184.5 - - [10/Sep/2026:05:37:10 +0000] "GET /uploads/TEMP/ads/1787828218ia2If.jpeg HTTP/1.1" 200 641880 "-" "Naba%20Water/10 CFNetwork/3826.500.131 Darwin/24.5.0"
178.87.105.30 - - [10/Sep/2026:05:37:11 +0000] "POST /api/v1/ads/track-impression HTTP/1.1" 200 116 "-" "Naba Water/4.0 (com.NabawaterCustomer; build:10; iOS 18.7.8) Alamofire/4.9.1"
5.163.42.241 - - [10/Sep/2026:05:37:12 +0000] "GET /app/branch/order/index?OrderSearch%5Bbranch_id%5D=&OrderSearch%5Border_number%5D=&OrderSearch%5Border_date_time%5D=2026-09-10&OrderSearch%5Border_total%5D=&OrderSearch%5Bdelivery_option%5D=&OrderSearch%5Border_status%5D=&OrderSearch%5Bpayment_option%5D=&OrderSearch%5Buser_id%5D=&OrderSearch%5Bdeliveryboy_id%5D=&OrderSearch%5Bis_subscription_order_type%5D=&_pjax=%23pjax-grid-view HTTP/1.1" 200 1389 "https://nabawater.com.sa/app/branch/order/index?OrderSearch%5Bbranch_id%5D=&OrderSearch%5Border_number%5D=&OrderSearch%5Border_date_time%5D=2026-09-10&OrderSearch%5Border_total%5D=&OrderSearch%5Bdelivery_option%5D=&OrderSearch%5Border_status%5D=&OrderSearch%5Bpayment_option%5D=&OrderSearch%5Buser_id%5D=&OrderSearch%5Bdeliveryboy_id%5D=&OrderSearch%5Bis_subscription_order_type%5D=" "Mozilla/5.0 (X11; Linux x86_64) AppleWebKit/537.36 (KHTML, like Gecko) Chrome/152.0.0.0 Safari/537.36"
2.91.150.213 - - [10/Sep/2026:05:37:12 +0000] "GET /api/v1/mobile-translation HTTP/1.1" 200 38586 "-" "Naba Water/4.0 (com.NabawaterCustomer; build:10; iOS 26.6.1) Alamofire/4.9.1"
2.91.150.213 - - [10/Sep/2026:05:37:12 +0000] "GET /api/v1/home/ios-version HTTP/1.1" 200 158 "-" "Naba Water/4.0 (com.NabawaterCustomer; build:10; iOS 26.6.1) Alamofire/4.9.1"
2.91.150.213 - - [10/Sep/2026:05:37:12 +0000] "GET /api/v1/home?latitude=28.33919624541168&longitude=36.573241046984606&page=1&item_purchase_type=1&category_id= HTTP/1.1" 200 6977 "-" "Naba Water/4.0 (com.NabawaterCustomer; build:10; iOS 26.6.1) Alamofire/4.9.1"
2.91.150.213 - - [10/Sep/2026:05:37:12 +0000] "GET /api/v1/home?latitude=28.33919624541168&longitude=36.573241046984606&page=1&item_purchase_type=1&category_id= HTTP/1.1" 200 6977 "-" "Naba Water/4.0 (com.NabawaterCustomer; build:10; iOS 26.6.1) Alamofire/4.9.1"
2.91.150.213 - - [10/Sep/2026:05:37:13 +0000] "GET /api/v1/home?latitude=28.33919624541168&longitude=36.573241046984606&page=1&item_purchase_type=1&category_id= HTTP/1.1" 200 6977 "-" "Naba Water/4.0 (com.NabawaterCustomer; build:10; iOS 26.6.1) Alamofire/4.9.1"
2.91.150.213 - - [10/Sep/2026:05:37:13 +0000] "GET /api/v1/ads/get-active-ads HTTP/1.1" 200 1178 "-" "Naba Water/4.0 (com.NabawaterCustomer; build:10; iOS 26.6.1) Alamofire/4.9.1"
2.91.150.213 - - [10/Sep/2026:05:37:13 +0000] "GET /api/v1/ads/get-active-ads HTTP/1.1" 200 1178 "-" "Naba Water/4.0 (com.NabawaterCustomer; build:10; iOS 26.6.1) Alamofire/4.9.1"
2.91.150.213 - - [10/Sep/2026:05:37:13 +0000] "GET /api/v1/home/ios-version HTTP/1.1" 200 158 "-" "Naba Water/4.0 (com.NabawaterCustomer; build:10; iOS 26.6.1) Alamofire/4.9.1"
2.91.150.213 - - [10/Sep/2026:05:37:13 +0000] "GET /api/v1/ads/get-active-ads HTTP/1.1" 200 1178 "-" "Naba Water/4.0 (com.NabawaterCustomer; build:10; iOS 26.6.1) Alamofire/4.9.1"
2.91.150.213 - - [10/Sep/2026:05:37:13 +0000] "GET /api/v1/home?latitude=28.33919624541168&longitude=36.573241046984606&page=1&item_purchase_type=1&category_id= HTTP/1.1" 200 6977 "-" "Naba Water/4.0 (com.NabawaterCustomer; build:10; iOS 26.6.1) Alamofire/4.9.1"
2.91.150.213 - - [10/Sep/2026:05:37:13 +0000] "GET /uploads/TEMP/ads/1787827435JaLnY.jpeg HTTP/1.1" 200 796599 "-" "Naba%20Water/10 CFNetwork/3860.700.1 Darwin/25.6.0"
2.91.150.213 - - [10/Sep/2026:05:37:13 +0000] "GET /uploads/TEMP/ads/1787828218ia2If.jpeg HTTP/1.1" 200 641880 "-" "Naba%20Water/10 CFNetwork/3860.700.1 Darwin/25.6.0"
2.91.150.213 - - [10/Sep/2026:05:37:13 +0000] "GET /uploads/TEMP/ads/17878284019jRpB.jpeg HTTP/1.1" 200 641880 "-" "Naba%20Water/10 CFNetwork/3860.700.1 Darwin/25.6.0"
51.253.184.5 - - [10/Sep/2026:05:37:14 +0000] "POST /api/v1/ads/track-impression HTTP/1.1" 200 116 "-" "Naba Water/4.0 (com.NabawaterCustomer; build:10; iOS 18.5.0) Alamofire/4.9.1"
2.91.150.213 - - [10/Sep/2026:05:37:17 +0000] "GET /api/v1/home/offer HTTP/1.1" 200 445 "-" "Naba Water/4.0 (com.NabawaterCustomer; build:10; iOS 26.6.1) Alamofire/4.9.1"
2.91.150.213 - - [10/Sep/2026:05:37:19 +0000] "GET /frontend/web/theme/images/placeholder.png HTTP/1.1" 200 30449 "-" "Naba Water/4.0 (com.NabawaterCustomer; build:10; iOS 26.6.1) Alamofire/4.9.1"
5.163.42.241 - - [10/Sep/2026:05:37:32 +0000] "GET /app/branch/order/index?OrderSearch%5Bbranch_id%5D=&OrderSearch%5Border_number%5D=&OrderSearch%5Border_date_time%5D=2026-09-10&OrderSearch%5Border_total%5D=&OrderSearch%5Bdelivery_option%5D=&OrderSearch%5Border_status%5D=&OrderSearch%5Bpayment_option%5D=&OrderSearch%5Buser_id%5D=&OrderSearch%5Bdeliveryboy_id%5D=&OrderSearch%5Bis_subscription_order_type%5D=&_pjax=%23pjax-grid-view HTTP/1.1" 200 1389 "https://nabawater.com.sa/app/branch/order/index?OrderSearch%5Bbranch_id%5D=&OrderSearch%5Border_number%5D=&OrderSearch%5Border_date_time%5D=2026-09-10&OrderSearch%5Border_total%5D=&OrderSearch%5Bdelivery_option%5D=&OrderSearch%5Border_status%5D=&OrderSearch%5Bpayment_option%5D=&OrderSearch%5Buser_id%5D=&OrderSearch%5Bdeliveryboy_id%5D=&OrderSearch%5Bis_subscription_order_type%5D=" "Mozilla/5.0 (X11; Linux x86_64) AppleWebKit/537.36 (KHTML, like Gecko) Chrome/152.0.0.0 Safari/537.36"
2.91.150.213 - - [10/Sep/2026:05:37:34 +0000] "GET /api/v1/user/view HTTP/1.1" 401 131 "-" "Naba Water/4.0 (com.NabawaterCustomer; build:10; iOS 26.6.1) Alamofire/4.9.1"
2.91.150.213 - - [10/Sep/2026:05:37:34 +0000] "GET /api/v1/user/view HTTP/1.1" 401 131 "-" "Naba Water/4.0 (com.NabawaterCustomer; build:10; iOS 26.6.1) Alamofire/4.9.1"
37.224.182.74 - - [10/Sep/2026:05:37:37 +0000] "GET /api/v1/home?latitude=24.72523833333333&longitude=46.83029333333334&page=1&item_purchase_type=1&category_id=&env=dev HTTP/1.1" 200 528 "-" "okhttp/5.0.0-alpha.14"
37.224.182.74 - - [10/Sep/2026:05:37:37 +0000] "GET /frontend/web/theme/images/placeholder.png HTTP/1.1" 200 30449 "-" "Dalvik/2.1.0 (Linux; U; Android 16; ABR-NX1 Build/HONORABR-N31)"
2.91.150.213 - - [10/Sep/2026:05:37:38 +0000] "GET /api/v1/home/product-details?item_key=morhtpjxbqux2egx HTTP/1.1" 200 662 "-" "Naba Water/4.0 (com.NabawaterCustomer; build:10; iOS 26.6.1) Alamofire/4.9.1"
37.224.182.74 - - [10/Sep/2026:05:37:38 +0000] "GET /api/v1/ads/get-active-ads?env=dev HTTP/1.1" 200 1178 "-" "okhttp/5.0.0-alpha.14"
37.224.182.74 - - [10/Sep/2026:05:37:39 +0000] "POST /api/v1/ads/track-impression?env=dev HTTP/1.1" 200 116 "-" "okhttp/5.0.0-alpha.14"
51.252.131.150 - - [10/Sep/2026:05:37:42 +0000] "GET /api/v1/mobile-translation HTTP/1.1" 200 38586 "-" "Naba Water/4.0 (com.NabawaterCustomer; build:10; iOS 26.6.1) Alamofire/4.9.1"
51.252.131.150 - - [10/Sep/2026:05:37:42 +0000] "GET /api/v1/home/ios-version HTTP/1.1" 200 158 "-" "Naba Water/4.0 (com.NabawaterCustomer; build:10; iOS 26.6.1) Alamofire/4.9.1"
51.252.131.150 - - [10/Sep/2026:05:37:42 +0000] "GET /api/v1/home?latitude=24.724010054282598&longitude=46.82914535982125&page=1&item_purchase_type=1&category_id= HTTP/1.1" 200 528 "-" "Naba Water/4.0 (com.NabawaterCustomer; build:10; iOS 26.6.1) Alamofire/4.9.1"
51.252.131.150 - - [10/Sep/2026:05:37:42 +0000] "GET /api/v1/home?latitude=24.724010054282598&longitude=46.82914535982125&page=1&item_purchase_type=1&category_id= HTTP/1.1" 200 528 "-" "Naba Water/4.0 (com.NabawaterCustomer; build:10; iOS 26.6.1) Alamofire/4.9.1"
51.252.131.150 - - [10/Sep/2026:05:37:42 +0000] "GET /api/v1/ads/get-active-ads HTTP/1.1" 200 1178 "-" "Naba Water/4.0 (com.NabawaterCustomer; build:10; iOS 26.6.1) Alamofire/4.9.1"
51.252.131.150 - - [10/Sep/2026:05:37:42 +0000] "GET /api/v1/ads/get-active-ads HTTP/1.1" 200 1178 "-" "Naba Water/4.0 (com.NabawaterCustomer; build:10; iOS 26.6.1) Alamofire/4.9.1"
2.91.150.213 - - [10/Sep/2026:05:37:47 +0000] "GET /api/v1/home/product-details?item_key=d5f1a6cmoktfsmej HTTP/1.1" 200 660 "-" "Naba Water/4.0 (com.NabawaterCustomer; build:10; iOS 26.6.1) Alamofire/4.9.1"
5.163.42.241 - - [10/Sep/2026:05:37:52 +0000] "GET /app/branch/order/index?OrderSearch%5Bbranch_id%5D=&OrderSearch%5Border_number%5D=&OrderSearch%5Border_date_time%5D=2026-09-10&OrderSearch%5Border_total%5D=&OrderSearch%5Bdelivery_option%5D=&OrderSearch%5Border_status%5D=&OrderSearch%5Bpayment_option%5D=&OrderSearch%5Buser_id%5D=&OrderSearch%5Bdeliveryboy_id%5D=&OrderSearch%5Bis_subscription_order_type%5D=&_pjax=%23pjax-grid-view HTTP/1.1" 200 1389 "https://nabawater.com.sa/app/branch/order/index?OrderSearch%5Bbranch_id%5D=&OrderSearch%5Border_number%5D=&OrderSearch%5Border_date_time%5D=2026-09-10&OrderSearch%5Border_total%5D=&OrderSearch%5Bdelivery_option%5D=&OrderSearch%5Border_status%5D=&OrderSearch%5Bpayment_option%5D=&OrderSearch%5Buser_id%5D=&OrderSearch%5Bdeliveryboy_id%5D=&OrderSearch%5Bis_subscription_order_type%5D=" "Mozilla/5.0 (X11; Linux x86_64) AppleWebKit/537.36 (KHTML, like Gecko) Chrome/152.0.0.0 Safari/537.36"
37.224.182.74 - - [10/Sep/2026:05:38:02 +0000] "GET /api/v1/home?latitude=24.72523833333333&longitude=46.83029333333334&page=1&item_purchase_type=2&category_id=&env=dev HTTP/1.1" 200 528 "-" "okhttp/5.0.0-alpha.14"
37.224.182.74 - - [10/Sep/2026:05:38:04 +0000] "GET /api/v1/home/offer?env=dev HTTP/1.1" 200 445 "-" "okhttp/5.0.0-alpha.14"
37.224.182.74 - - [10/Sep/2026:05:38:06 +0000] "GET /api/v1/home/product-details?item_key=d5f1a6cmoktfsmej&env=dev HTTP/1.1" 200 660 "-" "okhttp/5.0.0-alpha.14"
37.224.182.74 - - [10/Sep/2026:05:38:06 +0000] "GET /uploads/TEMP/items/1776068313SRdw0.jpeg HTTP/1.1" 200 108490 "-" "Dalvik/2.1.0 (Linux; U; Android 16; ABR-NX1 Build/HONORABR-N31)"
